{"id":14528,"date":"2026-03-12T11:47:03","date_gmt":"2026-03-12T09:47:03","guid":{"rendered":"https:\/\/embreis.com\/se\/?post_type=product&#038;p=14528"},"modified":"2026-03-12T12:14:47","modified_gmt":"2026-03-12T10:14:47","slug":"levitate-footshell-forever-svart","status":"publish","type":"product","link":"https:\/\/embreis.com\/se\/produkt\/levitate-footshell-forever-svart\/","title":{"rendered":"Levitate Footshell &#8211; Forever svart"},"content":{"rendered":"<p>Footshell \u00e4r ett slitstarkt skyddsskal som omsluter protesfoten och skyddar den vid daglig anv\u00e4ndning. Det \u00e4r utformat f\u00f6r att enkelt kunna anv\u00e4ndas i vanliga skor och bidrar till b\u00e5de skydd och funktion i vardagen.<\/p>\n<p>Den naturliga formen ger en bra passform och g\u00f6r att skalet fungerar v\u00e4l tillsammans med m\u00e5nga olika typer av skor. Samtidigt skyddar det protesfoten mot slitage, st\u00f6tar och yttre p\u00e5verkan, vilket kan bidra till att f\u00f6rl\u00e4nga livsl\u00e4ngden p\u00e5 proteskomponenterna.<\/p>\n<p data-start=\"296\" data-end=\"360\" data-is-last-node=\"\" data-is-only-node=\"\"><b>Footshell <\/b>\u00e4r ett perfekt komplement till Levitate Forever-sortimentet och l\u00e4mpar sig f\u00f6r vardagsbruk. Vid aktivitet rekommenderar vi ist\u00e4llet <strong>Tractive<\/strong>-skalet fr\u00e5n Levitate.<\/p>\n","protected":false},"excerpt":{"rendered":"<p>Footshell \u00e4r ett slitstarkt skyddsskal som omsluter protesfoten och skyddar den vid daglig anv\u00e4ndning. Det \u00e4r utformat f\u00f6r att enkelt [&hellip;]<\/p>\n","protected":false},"featured_media":14536,"template":"","meta":[],"product_brand":[],"product_cat":[1248,1390,272,1142],"product_tag":[],"class_list":{"0":"post-14528","1":"product","2":"type-product","3":"status-publish","4":"has-post-thumbnail","6":"product_cat-everyday","7":"product_cat-nyheter","8":"product_cat-protes","9":"product_cat-fotter","10":"pa_varumarke-levitate","12":"first","13":"instock","14":"featured","15":"shipping-taxable","16":"product-type-variable"},"acf":[],"yoast_head":"<!-- This site is optimized with the Yoast SEO Premium plugin v27.3 (Yoast SEO v27.3) - https:\/\/yoast.com\/product\/yoast-seo-premium-wordpress\/ -->\n<title>Levitate Footshell - Forever svart - Embreis.com<\/title>\n<meta name=\"robots\" content=\"index, follow, max-snippet:-1, max-image-preview:large, max-video-preview:-1\" \/>\n<link rel=\"canonical\" href=\"https:\/\/embreis.com\/se\/produkt\/levitate-footshell-forever-svart\/\" \/>\n<meta property=\"og:locale\" content=\"sv_SE\" \/>\n<meta property=\"og:type\" content=\"article\" \/>\n<meta property=\"og:title\" content=\"Levitate Footshell - Forever svart\" \/>\n<meta property=\"og:description\" content=\"Footshell \u00e4r ett slitstarkt skyddsskal som omsluter protesfoten och skyddar den vid daglig anv\u00e4ndning. Det \u00e4r utformat f\u00f6r att enkelt [&hellip;]\" \/>\n<meta property=\"og:url\" content=\"https:\/\/embreis.com\/se\/produkt\/levitate-footshell-forever-svart\/\" \/>\n<meta property=\"og:site_name\" content=\"Embreis SE\" \/>\n<meta property=\"article:publisher\" content=\"https:\/\/www.facebook.com\/embreis\/\" \/>\n<meta property=\"article:modified_time\" content=\"2026-03-12T10:14:47+00:00\" \/>\n<meta property=\"og:image\" content=\"https:\/\/embreis.com\/se\/wp-content\/uploads\/sites\/6\/2026\/03\/Traction_Forever_01_svart.png\" \/>\n\t<meta property=\"og:image:width\" content=\"800\" \/>\n\t<meta property=\"og:image:height\" content=\"800\" \/>\n\t<meta property=\"og:image:type\" content=\"image\/png\" \/>\n<meta name=\"twitter:card\" content=\"summary_large_image\" \/>\n<meta name=\"twitter:label1\" content=\"Ber\u00e4knad l\u00e4stid\" \/>\n\t<meta name=\"twitter:data1\" content=\"1 minut\" \/>\n<script type=\"application\/ld+json\" class=\"yoast-schema-graph\">{\"@context\":\"https:\\\/\\\/schema.org\",\"@graph\":[{\"@type\":\"WebPage\",\"@id\":\"https:\\\/\\\/embreis.com\\\/se\\\/produkt\\\/levitate-footshell-forever-svart\\\/\",\"url\":\"https:\\\/\\\/embreis.com\\\/se\\\/produkt\\\/levitate-footshell-forever-svart\\\/\",\"name\":\"Levitate Footshell - Forever svart - Embreis.com\",\"isPartOf\":{\"@id\":\"https:\\\/\\\/embreis.com\\\/se\\\/#website\"},\"primaryImageOfPage\":{\"@id\":\"https:\\\/\\\/embreis.com\\\/se\\\/produkt\\\/levitate-footshell-forever-svart\\\/#primaryimage\"},\"image\":{\"@id\":\"https:\\\/\\\/embreis.com\\\/se\\\/produkt\\\/levitate-footshell-forever-svart\\\/#primaryimage\"},\"thumbnailUrl\":\"https:\\\/\\\/embreis.com\\\/se\\\/wp-content\\\/uploads\\\/sites\\\/6\\\/2026\\\/03\\\/Traction_Forever_01_svart.png\",\"datePublished\":\"2026-03-12T09:47:03+00:00\",\"dateModified\":\"2026-03-12T10:14:47+00:00\",\"breadcrumb\":{\"@id\":\"https:\\\/\\\/embreis.com\\\/se\\\/produkt\\\/levitate-footshell-forever-svart\\\/#breadcrumb\"},\"inLanguage\":\"sv-SE\",\"potentialAction\":[{\"@type\":\"ReadAction\",\"target\":[\"https:\\\/\\\/embreis.com\\\/se\\\/produkt\\\/levitate-footshell-forever-svart\\\/\"]}]},{\"@type\":\"ImageObject\",\"inLanguage\":\"sv-SE\",\"@id\":\"https:\\\/\\\/embreis.com\\\/se\\\/produkt\\\/levitate-footshell-forever-svart\\\/#primaryimage\",\"url\":\"https:\\\/\\\/embreis.com\\\/se\\\/wp-content\\\/uploads\\\/sites\\\/6\\\/2026\\\/03\\\/Traction_Forever_01_svart.png\",\"contentUrl\":\"https:\\\/\\\/embreis.com\\\/se\\\/wp-content\\\/uploads\\\/sites\\\/6\\\/2026\\\/03\\\/Traction_Forever_01_svart.png\",\"width\":800,\"height\":800},{\"@type\":\"BreadcrumbList\",\"@id\":\"https:\\\/\\\/embreis.com\\\/se\\\/produkt\\\/levitate-footshell-forever-svart\\\/#breadcrumb\",\"itemListElement\":[{\"@type\":\"ListItem\",\"position\":1,\"name\":\"Hem\",\"item\":\"https:\\\/\\\/embreis.com\\\/se\\\/\"},{\"@type\":\"ListItem\",\"position\":2,\"name\":\"Sortiment\",\"item\":\"https:\\\/\\\/embreis.com\\\/se\\\/sortiment\\\/\"},{\"@type\":\"ListItem\",\"position\":3,\"name\":\"Protes\",\"item\":\"https:\\\/\\\/embreis.com\\\/se\\\/produktkategori\\\/protes\\\/\"},{\"@type\":\"ListItem\",\"position\":4,\"name\":\"F\u00f6tter\",\"item\":\"https:\\\/\\\/embreis.com\\\/se\\\/produktkategori\\\/protes\\\/fotter\\\/\"},{\"@type\":\"ListItem\",\"position\":5,\"name\":\"Levitate Footshell &#8211; Forever svart\"}]},{\"@type\":\"WebSite\",\"@id\":\"https:\\\/\\\/embreis.com\\\/se\\\/#website\",\"url\":\"https:\\\/\\\/embreis.com\\\/se\\\/\",\"name\":\"Embreis SE\",\"description\":\"Ortoser, proteser och material\",\"publisher\":{\"@id\":\"https:\\\/\\\/embreis.com\\\/se\\\/#organization\"},\"potentialAction\":[{\"@type\":\"SearchAction\",\"target\":{\"@type\":\"EntryPoint\",\"urlTemplate\":\"https:\\\/\\\/embreis.com\\\/se\\\/?s={search_term_string}\"},\"query-input\":{\"@type\":\"PropertyValueSpecification\",\"valueRequired\":true,\"valueName\":\"search_term_string\"}}],\"inLanguage\":\"sv-SE\"},{\"@type\":\"Organization\",\"@id\":\"https:\\\/\\\/embreis.com\\\/se\\\/#organization\",\"name\":\"Embreis AB\",\"url\":\"https:\\\/\\\/embreis.com\\\/se\\\/\",\"logo\":{\"@type\":\"ImageObject\",\"inLanguage\":\"sv-SE\",\"@id\":\"https:\\\/\\\/embreis.com\\\/se\\\/#\\\/schema\\\/logo\\\/image\\\/\",\"url\":\"https:\\\/\\\/embreis.com\\\/se\\\/wp-content\\\/uploads\\\/sites\\\/6\\\/2019\\\/08\\\/Embreis_Logo2_PMS.png\",\"contentUrl\":\"https:\\\/\\\/embreis.com\\\/se\\\/wp-content\\\/uploads\\\/sites\\\/6\\\/2019\\\/08\\\/Embreis_Logo2_PMS.png\",\"width\":1723,\"height\":926,\"caption\":\"Embreis AB\"},\"image\":{\"@id\":\"https:\\\/\\\/embreis.com\\\/se\\\/#\\\/schema\\\/logo\\\/image\\\/\"},\"sameAs\":[\"https:\\\/\\\/www.facebook.com\\\/embreis\\\/\",\"https:\\\/\\\/www.linkedin.com\\\/company\\\/embreis-ab\\\/\",\"https:\\\/\\\/www.youtube.com\\\/user\\\/embreisAB\"]}]}<\/script>\n<!-- \/ Yoast SEO Premium plugin. -->","yoast_head_json":{"title":"Levitate Footshell - Forever svart - Embreis.com","robots":{"index":"index","follow":"follow","max-snippet":"max-snippet:-1","max-image-preview":"max-image-preview:large","max-video-preview":"max-video-preview:-1"},"canonical":"https:\/\/embreis.com\/se\/produkt\/levitate-footshell-forever-svart\/","og_locale":"sv_SE","og_type":"article","og_title":"Levitate Footshell - Forever svart","og_description":"Footshell \u00e4r ett slitstarkt skyddsskal som omsluter protesfoten och skyddar den vid daglig anv\u00e4ndning. Det \u00e4r utformat f\u00f6r att enkelt [&hellip;]","og_url":"https:\/\/embreis.com\/se\/produkt\/levitate-footshell-forever-svart\/","og_site_name":"Embreis SE","article_publisher":"https:\/\/www.facebook.com\/embreis\/","article_modified_time":"2026-03-12T10:14:47+00:00","og_image":[{"width":800,"height":800,"url":"https:\/\/embreis.com\/se\/wp-content\/uploads\/sites\/6\/2026\/03\/Traction_Forever_01_svart.png","type":"image\/png"}],"twitter_card":"summary_large_image","twitter_misc":{"Ber\u00e4knad l\u00e4stid":"1 minut"},"schema":{"@context":"https:\/\/schema.org","@graph":[{"@type":"WebPage","@id":"https:\/\/embreis.com\/se\/produkt\/levitate-footshell-forever-svart\/","url":"https:\/\/embreis.com\/se\/produkt\/levitate-footshell-forever-svart\/","name":"Levitate Footshell - Forever svart - Embreis.com","isPartOf":{"@id":"https:\/\/embreis.com\/se\/#website"},"primaryImageOfPage":{"@id":"https:\/\/embreis.com\/se\/produkt\/levitate-footshell-forever-svart\/#primaryimage"},"image":{"@id":"https:\/\/embreis.com\/se\/produkt\/levitate-footshell-forever-svart\/#primaryimage"},"thumbnailUrl":"https:\/\/embreis.com\/se\/wp-content\/uploads\/sites\/6\/2026\/03\/Traction_Forever_01_svart.png","datePublished":"2026-03-12T09:47:03+00:00","dateModified":"2026-03-12T10:14:47+00:00","breadcrumb":{"@id":"https:\/\/embreis.com\/se\/produkt\/levitate-footshell-forever-svart\/#breadcrumb"},"inLanguage":"sv-SE","potentialAction":[{"@type":"ReadAction","target":["https:\/\/embreis.com\/se\/produkt\/levitate-footshell-forever-svart\/"]}]},{"@type":"ImageObject","inLanguage":"sv-SE","@id":"https:\/\/embreis.com\/se\/produkt\/levitate-footshell-forever-svart\/#primaryimage","url":"https:\/\/embreis.com\/se\/wp-content\/uploads\/sites\/6\/2026\/03\/Traction_Forever_01_svart.png","contentUrl":"https:\/\/embreis.com\/se\/wp-content\/uploads\/sites\/6\/2026\/03\/Traction_Forever_01_svart.png","width":800,"height":800},{"@type":"BreadcrumbList","@id":"https:\/\/embreis.com\/se\/produkt\/levitate-footshell-forever-svart\/#breadcrumb","itemListElement":[{"@type":"ListItem","position":1,"name":"Hem","item":"https:\/\/embreis.com\/se\/"},{"@type":"ListItem","position":2,"name":"Sortiment","item":"https:\/\/embreis.com\/se\/sortiment\/"},{"@type":"ListItem","position":3,"name":"Protes","item":"https:\/\/embreis.com\/se\/produktkategori\/protes\/"},{"@type":"ListItem","position":4,"name":"F\u00f6tter","item":"https:\/\/embreis.com\/se\/produktkategori\/protes\/fotter\/"},{"@type":"ListItem","position":5,"name":"Levitate Footshell &#8211; Forever svart"}]},{"@type":"WebSite","@id":"https:\/\/embreis.com\/se\/#website","url":"https:\/\/embreis.com\/se\/","name":"Embreis SE","description":"Ortoser, proteser och material","publisher":{"@id":"https:\/\/embreis.com\/se\/#organization"},"potentialAction":[{"@type":"SearchAction","target":{"@type":"EntryPoint","urlTemplate":"https:\/\/embreis.com\/se\/?s={search_term_string}"},"query-input":{"@type":"PropertyValueSpecification","valueRequired":true,"valueName":"search_term_string"}}],"inLanguage":"sv-SE"},{"@type":"Organization","@id":"https:\/\/embreis.com\/se\/#organization","name":"Embreis AB","url":"https:\/\/embreis.com\/se\/","logo":{"@type":"ImageObject","inLanguage":"sv-SE","@id":"https:\/\/embreis.com\/se\/#\/schema\/logo\/image\/","url":"https:\/\/embreis.com\/se\/wp-content\/uploads\/sites\/6\/2019\/08\/Embreis_Logo2_PMS.png","contentUrl":"https:\/\/embreis.com\/se\/wp-content\/uploads\/sites\/6\/2019\/08\/Embreis_Logo2_PMS.png","width":1723,"height":926,"caption":"Embreis AB"},"image":{"@id":"https:\/\/embreis.com\/se\/#\/schema\/logo\/image\/"},"sameAs":["https:\/\/www.facebook.com\/embreis\/","https:\/\/www.linkedin.com\/company\/embreis-ab\/","https:\/\/www.youtube.com\/user\/embreisAB"]}]}},"_links":{"self":[{"href":"https:\/\/embreis.com\/se\/wp-json\/wp\/v2\/product\/14528","targetHints":{"allow":["GET"]}}],"collection":[{"href":"https:\/\/embreis.com\/se\/wp-json\/wp\/v2\/product"}],"about":[{"href":"https:\/\/embreis.com\/se\/wp-json\/wp\/v2\/types\/product"}],"wp:featuredmedia":[{"embeddable":true,"href":"https:\/\/embreis.com\/se\/wp-json\/wp\/v2\/media\/14536"}],"wp:attachment":[{"href":"https:\/\/embreis.com\/se\/wp-json\/wp\/v2\/media?parent=14528"}],"wp:term":[{"taxonomy":"product_brand","embeddable":true,"href":"https:\/\/embreis.com\/se\/wp-json\/wp\/v2\/product_brand?post=14528"},{"taxonomy":"product_cat","embeddable":true,"href":"https:\/\/embreis.com\/se\/wp-json\/wp\/v2\/product_cat?post=14528"},{"taxonomy":"product_tag","embeddable":true,"href":"https:\/\/embreis.com\/se\/wp-json\/wp\/v2\/product_tag?post=14528"}],"curies":[{"name":"wp","href":"https:\/\/api.w.org\/{rel}","templated":true}]}}

<p>Footshell är ett slitstarkt skyddsskal som omsluter protesfoten och skyddar den vid daglig användning. Det är utformat för att enkelt kunna användas i vanliga skor och bidrar till både skydd och funktion i vardagen.</p>
<p>Den naturliga formen ger en bra passform och gör att skalet fungerar väl tillsammans med många olika typer av skor. Samtidigt skyddar det protesfoten mot slitage, stötar och yttre påverkan, vilket kan bidra till att förlänga livslängden på proteskomponenterna.</p>
<p data-start="296" data-end="360" data-is-last-node="" data-is-only-node=""><b>Footshell </b>är ett perfekt komplement till Levitate Forever-sortimentet och lämpar sig för vardagsbruk. Vid aktivitet rekommenderar vi istället <strong>Tractive</strong>-skalet från Levitate.</p>

<p>Footshell är ett slitstarkt skyddsskal som omsluter protesfoten och skyddar den vid daglig användning. Det är utformat för att enkelt [&hellip;]</p>

<!-- This site is optimized with the Yoast SEO Premium plugin v27.3 (Yoast SEO v27.3) - https://yoast.com/product/yoast-seo-premium-wordpress/ -->
<title>Levitate Footshell - Forever svart - Embreis.com</title>
<meta name="robots" content="index, follow, max-snippet:-1, max-image-preview:large, max-video-preview:-1" />
<link rel="canonical" href="https://embreis.com/se/produkt/levitate-footshell-forever-svart/" />
<meta property="og:locale" content="sv_SE" />
<meta property="og:type" content="article" />
<meta property="og:title" content="Levitate Footshell - Forever svart" />
<meta property="og:description" content="Footshell är ett slitstarkt skyddsskal som omsluter protesfoten och skyddar den vid daglig användning. Det är utformat för att enkelt [&hellip;]" />
<meta property="og:url" content="https://embreis.com/se/produkt/levitate-footshell-forever-svart/" />
<meta property="og:site_name" content="Embreis SE" />
<meta property="article:publisher" content="https://www.facebook.com/embreis/" />
<meta property="article:modified_time" content="2026-03-12T10:14:47+00:00" />
<meta property="og:image" content="https://embreis.com/se/wp-content/uploads/sites/6/2026/03/Traction_Forever_01_svart.png" />
	<meta property="og:image:width" content="800" />
	<meta property="og:image:height" content="800" />
	<meta property="og:image:type" content="image/png" />
<meta name="twitter:card" content="summary_large_image" />
<meta name="twitter:label1" content="Beräknad lästid" />
	<meta name="twitter:data1" content="1 minut" />
<script type="application/ld+json" class="yoast-schema-graph">{"@context":"https:\/\/schema.org","@graph":[{"@type":"WebPage","@id":"https:\/\/embreis.com\/se\/produkt\/levitate-footshell-forever-svart\/","url":"https:\/\/embreis.com\/se\/produkt\/levitate-footshell-forever-svart\/","name":"Levitate Footshell - Forever svart - Embreis.com","isPartOf":{"@id":"https:\/\/embreis.com\/se\/#website"},"primaryImageOfPage":{"@id":"https:\/\/embreis.com\/se\/produkt\/levitate-footshell-forever-svart\/#primaryimage"},"image":{"@id":"https:\/\/embreis.com\/se\/produkt\/levitate-footshell-forever-svart\/#primaryimage"},"thumbnailUrl":"https:\/\/embreis.com\/se\/wp-content\/uploads\/sites\/6\/2026\/03\/Traction_Forever_01_svart.png","datePublished":"2026-03-12T09:47:03+00:00","dateModified":"2026-03-12T10:14:47+00:00","breadcrumb":{"@id":"https:\/\/embreis.com\/se\/produkt\/levitate-footshell-forever-svart\/#breadcrumb"},"inLanguage":"sv-SE","potentialAction":[{"@type":"ReadAction","target":["https:\/\/embreis.com\/se\/produkt\/levitate-footshell-forever-svart\/"]}]},{"@type":"ImageObject","inLanguage":"sv-SE","@id":"https:\/\/embreis.com\/se\/produkt\/levitate-footshell-forever-svart\/#primaryimage","url":"https:\/\/embreis.com\/se\/wp-content\/uploads\/sites\/6\/2026\/03\/Traction_Forever_01_svart.png","contentUrl":"https:\/\/embreis.com\/se\/wp-content\/uploads\/sites\/6\/2026\/03\/Traction_Forever_01_svart.png","width":800,"height":800},{"@type":"BreadcrumbList","@id":"https:\/\/embreis.com\/se\/produkt\/levitate-footshell-forever-svart\/#breadcrumb","itemListElement":[{"@type":"ListItem","position":1,"name":"Hem","item":"https:\/\/embreis.com\/se\/"},{"@type":"ListItem","position":2,"name":"Sortiment","item":"https:\/\/embreis.com\/se\/sortiment\/"},{"@type":"ListItem","position":3,"name":"Protes","item":"https:\/\/embreis.com\/se\/produktkategori\/protes\/"},{"@type":"ListItem","position":4,"name":"Fötter","item":"https:\/\/embreis.com\/se\/produktkategori\/protes\/fotter\/"},{"@type":"ListItem","position":5,"name":"Levitate Footshell &#8211; Forever svart"}]},{"@type":"WebSite","@id":"https:\/\/embreis.com\/se\/#website","url":"https:\/\/embreis.com\/se\/","name":"Embreis SE","description":"Ortoser, proteser och material","publisher":{"@id":"https:\/\/embreis.com\/se\/#organization"},"potentialAction":[{"@type":"SearchAction","target":{"@type":"EntryPoint","urlTemplate":"https:\/\/embreis.com\/se\/?s={search_term_string}"},"query-input":{"@type":"PropertyValueSpecification","valueRequired":true,"valueName":"search_term_string"}}],"inLanguage":"sv-SE"},{"@type":"Organization","@id":"https:\/\/embreis.com\/se\/#organization","name":"Embreis AB","url":"https:\/\/embreis.com\/se\/","logo":{"@type":"ImageObject","inLanguage":"sv-SE","@id":"https:\/\/embreis.com\/se\/#\/schema\/logo\/image\/","url":"https:\/\/embreis.com\/se\/wp-content\/uploads\/sites\/6\/2019\/08\/Embreis_Logo2_PMS.png","contentUrl":"https:\/\/embreis.com\/se\/wp-content\/uploads\/sites\/6\/2019\/08\/Embreis_Logo2_PMS.png","width":1723,"height":926,"caption":"Embreis AB"},"image":{"@id":"https:\/\/embreis.com\/se\/#\/schema\/logo\/image\/"},"sameAs":["https:\/\/www.facebook.com\/embreis\/","https:\/\/www.linkedin.com\/company\/embreis-ab\/","https:\/\/www.youtube.com\/user\/embreisAB"]}]}</script>
<!-- / Yoast SEO Premium plugin. -->

Footshell är ett slitstarkt skyddsskal som omsluter protesfoten och skyddar den vid daglig användning. Det är utformat för att enkelt [&hellip;]

Fötter
