{"id":13108,"date":"2024-10-01T15:51:58","date_gmt":"2024-10-01T13:51:58","guid":{"rendered":"https:\/\/embreis.com\/se\/?post_type=product&#038;p=13108"},"modified":"2024-11-22T14:12:46","modified_gmt":"2024-11-22T12:12:46","slug":"ascend-halskrage-barn","status":"publish","type":"product","link":"https:\/\/embreis.com\/se\/produkt\/ascend-halskrage-barn\/","title":{"rendered":"Ascend\u00ae Halskrage Barn"},"content":{"rendered":"<p>Ascend Halskrage Barn \u00e4r speciellt utvecklad f\u00f6r barn och stabiliserar nacken efter trauma, operation eller kronisk sjukdom. Den \u00e4r utvecklad f\u00f6r l\u00e5ngtidsanv\u00e4ndning och ger barnet god komfort. Utformningen vid hakan, k\u00e4karna, br\u00f6st- och occipital benet avlastar o\u00f6nskat tryck och motverkar trycks\u00e5r. Det bomullskl\u00e4dda skumfodret tar effektivt upp fukt och h\u00e5ller huden torr. Fodret kan enkelt bytas och tv\u00e4ttas f\u00f6r att bibeh\u00e5lla god hygien.<\/p>\n","protected":false},"excerpt":{"rendered":"<ul>\n<li>Speciell barndesign<\/li>\n<li>Separat fram och bakstycke<\/li>\n<li>Foder av foam och bomull<\/li>\n<li>Tv\u00e4ttbara\/utbytbara foder<\/li>\n<\/ul>\n","protected":false},"featured_media":13619,"template":"","meta":[],"product_brand":[],"product_cat":[1390,217,223,1194],"product_tag":[942,939],"class_list":{"0":"post-13108","1":"product","2":"type-product","3":"status-publish","4":"has-post-thumbnail","6":"product_cat-nyheter","7":"product_cat-ortos","8":"product_cat-halskrage-cto","9":"product_cat-halskrage-cervical-ortos","10":"product_tag-akuta-nackskador","11":"product_tag-cervikala-skador","12":"pa_varumarke-breg","14":"first","15":"outofstock","16":"featured","17":"shipping-taxable","18":"product-type-variable"},"acf":[],"yoast_head":"<!-- This site is optimized with the Yoast SEO Premium plugin v27.3 (Yoast SEO v27.3) - https:\/\/yoast.com\/product\/yoast-seo-premium-wordpress\/ -->\n<title>Ascend\u00ae Halskrage Barn - Embreis.com<\/title>\n<meta name=\"description\" content=\"Ascend Halskrage Barn ger stabilt nackst\u00f6d efter trauma eller operation, med tryckavlastning och god komfort f\u00f6r l\u00e5ngtidsanv\u00e4ndning.\" \/>\n<meta name=\"robots\" content=\"index, follow, max-snippet:-1, max-image-preview:large, max-video-preview:-1\" \/>\n<link rel=\"canonical\" href=\"https:\/\/embreis.com\/se\/produkt\/ascend-halskrage-barn\/\" \/>\n<meta property=\"og:locale\" content=\"sv_SE\" \/>\n<meta property=\"og:type\" content=\"article\" \/>\n<meta property=\"og:title\" content=\"Ascend\u00ae Halskrage Barn\" \/>\n<meta property=\"og:description\" content=\"Ascend Halskrage Barn ger stabilt nackst\u00f6d efter trauma eller operation, med tryckavlastning och god komfort f\u00f6r l\u00e5ngtidsanv\u00e4ndning.\" \/>\n<meta property=\"og:url\" content=\"https:\/\/embreis.com\/se\/produkt\/ascend-halskrage-barn\/\" \/>\n<meta property=\"og:site_name\" content=\"Embreis SE\" \/>\n<meta property=\"article:publisher\" content=\"https:\/\/www.facebook.com\/embreis\/\" \/>\n<meta property=\"article:modified_time\" content=\"2024-11-22T12:12:46+00:00\" \/>\n<meta property=\"og:image\" content=\"https:\/\/embreis.com\/se\/wp-content\/uploads\/sites\/6\/2024\/10\/Ascend-Pediatric-Collar_1.png\" \/>\n\t<meta property=\"og:image:width\" content=\"850\" \/>\n\t<meta property=\"og:image:height\" content=\"850\" \/>\n\t<meta property=\"og:image:type\" content=\"image\/png\" \/>\n<meta name=\"twitter:card\" content=\"summary_large_image\" \/>\n<meta name=\"twitter:label1\" content=\"Ber\u00e4knad l\u00e4stid\" \/>\n\t<meta name=\"twitter:data1\" content=\"1 minut\" \/>\n<script type=\"application\/ld+json\" class=\"yoast-schema-graph\">{\"@context\":\"https:\\\/\\\/schema.org\",\"@graph\":[{\"@type\":\"WebPage\",\"@id\":\"https:\\\/\\\/embreis.com\\\/se\\\/produkt\\\/ascend-halskrage-barn\\\/\",\"url\":\"https:\\\/\\\/embreis.com\\\/se\\\/produkt\\\/ascend-halskrage-barn\\\/\",\"name\":\"Ascend\u00ae Halskrage Barn - Embreis.com\",\"isPartOf\":{\"@id\":\"https:\\\/\\\/embreis.com\\\/se\\\/#website\"},\"primaryImageOfPage\":{\"@id\":\"https:\\\/\\\/embreis.com\\\/se\\\/produkt\\\/ascend-halskrage-barn\\\/#primaryimage\"},\"image\":{\"@id\":\"https:\\\/\\\/embreis.com\\\/se\\\/produkt\\\/ascend-halskrage-barn\\\/#primaryimage\"},\"thumbnailUrl\":\"https:\\\/\\\/embreis.com\\\/se\\\/wp-content\\\/uploads\\\/sites\\\/6\\\/2024\\\/10\\\/Ascend-Pediatric-Collar_1.png\",\"datePublished\":\"2024-10-01T13:51:58+00:00\",\"dateModified\":\"2024-11-22T12:12:46+00:00\",\"description\":\"Ascend Halskrage Barn ger stabilt nackst\u00f6d efter trauma eller operation, med tryckavlastning och god komfort f\u00f6r l\u00e5ngtidsanv\u00e4ndning.\",\"breadcrumb\":{\"@id\":\"https:\\\/\\\/embreis.com\\\/se\\\/produkt\\\/ascend-halskrage-barn\\\/#breadcrumb\"},\"inLanguage\":\"sv-SE\",\"potentialAction\":[{\"@type\":\"ReadAction\",\"target\":[\"https:\\\/\\\/embreis.com\\\/se\\\/produkt\\\/ascend-halskrage-barn\\\/\"]}]},{\"@type\":\"ImageObject\",\"inLanguage\":\"sv-SE\",\"@id\":\"https:\\\/\\\/embreis.com\\\/se\\\/produkt\\\/ascend-halskrage-barn\\\/#primaryimage\",\"url\":\"https:\\\/\\\/embreis.com\\\/se\\\/wp-content\\\/uploads\\\/sites\\\/6\\\/2024\\\/10\\\/Ascend-Pediatric-Collar_1.png\",\"contentUrl\":\"https:\\\/\\\/embreis.com\\\/se\\\/wp-content\\\/uploads\\\/sites\\\/6\\\/2024\\\/10\\\/Ascend-Pediatric-Collar_1.png\",\"width\":850,\"height\":850,\"caption\":\"Ascend Barn Halskrage - Breg | Embreis.com\"},{\"@type\":\"BreadcrumbList\",\"@id\":\"https:\\\/\\\/embreis.com\\\/se\\\/produkt\\\/ascend-halskrage-barn\\\/#breadcrumb\",\"itemListElement\":[{\"@type\":\"ListItem\",\"position\":1,\"name\":\"Hem\",\"item\":\"https:\\\/\\\/embreis.com\\\/se\\\/\"},{\"@type\":\"ListItem\",\"position\":2,\"name\":\"Sortiment\",\"item\":\"https:\\\/\\\/embreis.com\\\/se\\\/sortiment\\\/\"},{\"@type\":\"ListItem\",\"position\":3,\"name\":\"Ortos\",\"item\":\"https:\\\/\\\/embreis.com\\\/se\\\/produktkategori\\\/ortos\\\/\"},{\"@type\":\"ListItem\",\"position\":4,\"name\":\"Nacke\",\"item\":\"https:\\\/\\\/embreis.com\\\/se\\\/produktkategori\\\/ortos\\\/halskrage-cto\\\/\"},{\"@type\":\"ListItem\",\"position\":5,\"name\":\"Halskrage - Cervical ortos\",\"item\":\"https:\\\/\\\/embreis.com\\\/se\\\/produktkategori\\\/ortos\\\/halskrage-cto\\\/halskrage-cervical-ortos\\\/\"},{\"@type\":\"ListItem\",\"position\":6,\"name\":\"Ascend\u00ae Halskrage Barn\"}]},{\"@type\":\"WebSite\",\"@id\":\"https:\\\/\\\/embreis.com\\\/se\\\/#website\",\"url\":\"https:\\\/\\\/embreis.com\\\/se\\\/\",\"name\":\"Embreis SE\",\"description\":\"Ortoser, proteser och material\",\"publisher\":{\"@id\":\"https:\\\/\\\/embreis.com\\\/se\\\/#organization\"},\"potentialAction\":[{\"@type\":\"SearchAction\",\"target\":{\"@type\":\"EntryPoint\",\"urlTemplate\":\"https:\\\/\\\/embreis.com\\\/se\\\/?s={search_term_string}\"},\"query-input\":{\"@type\":\"PropertyValueSpecification\",\"valueRequired\":true,\"valueName\":\"search_term_string\"}}],\"inLanguage\":\"sv-SE\"},{\"@type\":\"Organization\",\"@id\":\"https:\\\/\\\/embreis.com\\\/se\\\/#organization\",\"name\":\"Embreis AB\",\"url\":\"https:\\\/\\\/embreis.com\\\/se\\\/\",\"logo\":{\"@type\":\"ImageObject\",\"inLanguage\":\"sv-SE\",\"@id\":\"https:\\\/\\\/embreis.com\\\/se\\\/#\\\/schema\\\/logo\\\/image\\\/\",\"url\":\"https:\\\/\\\/embreis.com\\\/se\\\/wp-content\\\/uploads\\\/sites\\\/6\\\/2019\\\/08\\\/Embreis_Logo2_PMS.png\",\"contentUrl\":\"https:\\\/\\\/embreis.com\\\/se\\\/wp-content\\\/uploads\\\/sites\\\/6\\\/2019\\\/08\\\/Embreis_Logo2_PMS.png\",\"width\":1723,\"height\":926,\"caption\":\"Embreis AB\"},\"image\":{\"@id\":\"https:\\\/\\\/embreis.com\\\/se\\\/#\\\/schema\\\/logo\\\/image\\\/\"},\"sameAs\":[\"https:\\\/\\\/www.facebook.com\\\/embreis\\\/\",\"https:\\\/\\\/www.linkedin.com\\\/company\\\/embreis-ab\\\/\",\"https:\\\/\\\/www.youtube.com\\\/user\\\/embreisAB\"]}]}<\/script>\n<!-- \/ Yoast SEO Premium plugin. -->","yoast_head_json":{"title":"Ascend\u00ae Halskrage Barn - Embreis.com","description":"Ascend Halskrage Barn ger stabilt nackst\u00f6d efter trauma eller operation, med tryckavlastning och god komfort f\u00f6r l\u00e5ngtidsanv\u00e4ndning.","robots":{"index":"index","follow":"follow","max-snippet":"max-snippet:-1","max-image-preview":"max-image-preview:large","max-video-preview":"max-video-preview:-1"},"canonical":"https:\/\/embreis.com\/se\/produkt\/ascend-halskrage-barn\/","og_locale":"sv_SE","og_type":"article","og_title":"Ascend\u00ae Halskrage Barn","og_description":"Ascend Halskrage Barn ger stabilt nackst\u00f6d efter trauma eller operation, med tryckavlastning och god komfort f\u00f6r l\u00e5ngtidsanv\u00e4ndning.","og_url":"https:\/\/embreis.com\/se\/produkt\/ascend-halskrage-barn\/","og_site_name":"Embreis SE","article_publisher":"https:\/\/www.facebook.com\/embreis\/","article_modified_time":"2024-11-22T12:12:46+00:00","og_image":[{"width":850,"height":850,"url":"https:\/\/embreis.com\/se\/wp-content\/uploads\/sites\/6\/2024\/10\/Ascend-Pediatric-Collar_1.png","type":"image\/png"}],"twitter_card":"summary_large_image","twitter_misc":{"Ber\u00e4knad l\u00e4stid":"1 minut"},"schema":{"@context":"https:\/\/schema.org","@graph":[{"@type":"WebPage","@id":"https:\/\/embreis.com\/se\/produkt\/ascend-halskrage-barn\/","url":"https:\/\/embreis.com\/se\/produkt\/ascend-halskrage-barn\/","name":"Ascend\u00ae Halskrage Barn - Embreis.com","isPartOf":{"@id":"https:\/\/embreis.com\/se\/#website"},"primaryImageOfPage":{"@id":"https:\/\/embreis.com\/se\/produkt\/ascend-halskrage-barn\/#primaryimage"},"image":{"@id":"https:\/\/embreis.com\/se\/produkt\/ascend-halskrage-barn\/#primaryimage"},"thumbnailUrl":"https:\/\/embreis.com\/se\/wp-content\/uploads\/sites\/6\/2024\/10\/Ascend-Pediatric-Collar_1.png","datePublished":"2024-10-01T13:51:58+00:00","dateModified":"2024-11-22T12:12:46+00:00","description":"Ascend Halskrage Barn ger stabilt nackst\u00f6d efter trauma eller operation, med tryckavlastning och god komfort f\u00f6r l\u00e5ngtidsanv\u00e4ndning.","breadcrumb":{"@id":"https:\/\/embreis.com\/se\/produkt\/ascend-halskrage-barn\/#breadcrumb"},"inLanguage":"sv-SE","potentialAction":[{"@type":"ReadAction","target":["https:\/\/embreis.com\/se\/produkt\/ascend-halskrage-barn\/"]}]},{"@type":"ImageObject","inLanguage":"sv-SE","@id":"https:\/\/embreis.com\/se\/produkt\/ascend-halskrage-barn\/#primaryimage","url":"https:\/\/embreis.com\/se\/wp-content\/uploads\/sites\/6\/2024\/10\/Ascend-Pediatric-Collar_1.png","contentUrl":"https:\/\/embreis.com\/se\/wp-content\/uploads\/sites\/6\/2024\/10\/Ascend-Pediatric-Collar_1.png","width":850,"height":850,"caption":"Ascend Barn Halskrage - Breg | Embreis.com"},{"@type":"BreadcrumbList","@id":"https:\/\/embreis.com\/se\/produkt\/ascend-halskrage-barn\/#breadcrumb","itemListElement":[{"@type":"ListItem","position":1,"name":"Hem","item":"https:\/\/embreis.com\/se\/"},{"@type":"ListItem","position":2,"name":"Sortiment","item":"https:\/\/embreis.com\/se\/sortiment\/"},{"@type":"ListItem","position":3,"name":"Ortos","item":"https:\/\/embreis.com\/se\/produktkategori\/ortos\/"},{"@type":"ListItem","position":4,"name":"Nacke","item":"https:\/\/embreis.com\/se\/produktkategori\/ortos\/halskrage-cto\/"},{"@type":"ListItem","position":5,"name":"Halskrage - Cervical ortos","item":"https:\/\/embreis.com\/se\/produktkategori\/ortos\/halskrage-cto\/halskrage-cervical-ortos\/"},{"@type":"ListItem","position":6,"name":"Ascend\u00ae Halskrage Barn"}]},{"@type":"WebSite","@id":"https:\/\/embreis.com\/se\/#website","url":"https:\/\/embreis.com\/se\/","name":"Embreis SE","description":"Ortoser, proteser och material","publisher":{"@id":"https:\/\/embreis.com\/se\/#organization"},"potentialAction":[{"@type":"SearchAction","target":{"@type":"EntryPoint","urlTemplate":"https:\/\/embreis.com\/se\/?s={search_term_string}"},"query-input":{"@type":"PropertyValueSpecification","valueRequired":true,"valueName":"search_term_string"}}],"inLanguage":"sv-SE"},{"@type":"Organization","@id":"https:\/\/embreis.com\/se\/#organization","name":"Embreis AB","url":"https:\/\/embreis.com\/se\/","logo":{"@type":"ImageObject","inLanguage":"sv-SE","@id":"https:\/\/embreis.com\/se\/#\/schema\/logo\/image\/","url":"https:\/\/embreis.com\/se\/wp-content\/uploads\/sites\/6\/2019\/08\/Embreis_Logo2_PMS.png","contentUrl":"https:\/\/embreis.com\/se\/wp-content\/uploads\/sites\/6\/2019\/08\/Embreis_Logo2_PMS.png","width":1723,"height":926,"caption":"Embreis AB"},"image":{"@id":"https:\/\/embreis.com\/se\/#\/schema\/logo\/image\/"},"sameAs":["https:\/\/www.facebook.com\/embreis\/","https:\/\/www.linkedin.com\/company\/embreis-ab\/","https:\/\/www.youtube.com\/user\/embreisAB"]}]}},"_links":{"self":[{"href":"https:\/\/embreis.com\/se\/wp-json\/wp\/v2\/product\/13108","targetHints":{"allow":["GET"]}}],"collection":[{"href":"https:\/\/embreis.com\/se\/wp-json\/wp\/v2\/product"}],"about":[{"href":"https:\/\/embreis.com\/se\/wp-json\/wp\/v2\/types\/product"}],"wp:featuredmedia":[{"embeddable":true,"href":"https:\/\/embreis.com\/se\/wp-json\/wp\/v2\/media\/13619"}],"wp:attachment":[{"href":"https:\/\/embreis.com\/se\/wp-json\/wp\/v2\/media?parent=13108"}],"wp:term":[{"taxonomy":"product_brand","embeddable":true,"href":"https:\/\/embreis.com\/se\/wp-json\/wp\/v2\/product_brand?post=13108"},{"taxonomy":"product_cat","embeddable":true,"href":"https:\/\/embreis.com\/se\/wp-json\/wp\/v2\/product_cat?post=13108"},{"taxonomy":"product_tag","embeddable":true,"href":"https:\/\/embreis.com\/se\/wp-json\/wp\/v2\/product_tag?post=13108"}],"curies":[{"name":"wp","href":"https:\/\/api.w.org\/{rel}","templated":true}]}}

<p>Ascend Halskrage Barn är speciellt utvecklad för barn och stabiliserar nacken efter trauma, operation eller kronisk sjukdom. Den är utvecklad för långtidsanvändning och ger barnet god komfort. Utformningen vid hakan, käkarna, bröst- och occipital benet avlastar oönskat tryck och motverkar trycksår. Det bomullsklädda skumfodret tar effektivt upp fukt och håller huden torr. Fodret kan enkelt bytas och tvättas för att bibehålla god hygien.</p>

<ul>
<li>Speciell barndesign</li>
<li>Separat fram och bakstycke</li>
<li>Foder av foam och bomull</li>
<li>Tvättbara/utbytbara foder</li>
</ul>

<!-- This site is optimized with the Yoast SEO Premium plugin v27.3 (Yoast SEO v27.3) - https://yoast.com/product/yoast-seo-premium-wordpress/ -->
<title>Ascend® Halskrage Barn - Embreis.com</title>
<meta name="description" content="Ascend Halskrage Barn ger stabilt nackstöd efter trauma eller operation, med tryckavlastning och god komfort för långtidsanvändning." />
<meta name="robots" content="index, follow, max-snippet:-1, max-image-preview:large, max-video-preview:-1" />
<link rel="canonical" href="https://embreis.com/se/produkt/ascend-halskrage-barn/" />
<meta property="og:locale" content="sv_SE" />
<meta property="og:type" content="article" />
<meta property="og:title" content="Ascend® Halskrage Barn" />
<meta property="og:description" content="Ascend Halskrage Barn ger stabilt nackstöd efter trauma eller operation, med tryckavlastning och god komfort för långtidsanvändning." />
<meta property="og:url" content="https://embreis.com/se/produkt/ascend-halskrage-barn/" />
<meta property="og:site_name" content="Embreis SE" />
<meta property="article:publisher" content="https://www.facebook.com/embreis/" />
<meta property="article:modified_time" content="2024-11-22T12:12:46+00:00" />
<meta property="og:image" content="https://embreis.com/se/wp-content/uploads/sites/6/2024/10/Ascend-Pediatric-Collar_1.png" />
	<meta property="og:image:width" content="850" />
	<meta property="og:image:height" content="850" />
	<meta property="og:image:type" content="image/png" />
<meta name="twitter:card" content="summary_large_image" />
<meta name="twitter:label1" content="Beräknad lästid" />
	<meta name="twitter:data1" content="1 minut" />
<script type="application/ld+json" class="yoast-schema-graph">{"@context":"https:\/\/schema.org","@graph":[{"@type":"WebPage","@id":"https:\/\/embreis.com\/se\/produkt\/ascend-halskrage-barn\/","url":"https:\/\/embreis.com\/se\/produkt\/ascend-halskrage-barn\/","name":"Ascend® Halskrage Barn - Embreis.com","isPartOf":{"@id":"https:\/\/embreis.com\/se\/#website"},"primaryImageOfPage":{"@id":"https:\/\/embreis.com\/se\/produkt\/ascend-halskrage-barn\/#primaryimage"},"image":{"@id":"https:\/\/embreis.com\/se\/produkt\/ascend-halskrage-barn\/#primaryimage"},"thumbnailUrl":"https:\/\/embreis.com\/se\/wp-content\/uploads\/sites\/6\/2024\/10\/Ascend-Pediatric-Collar_1.png","datePublished":"2024-10-01T13:51:58+00:00","dateModified":"2024-11-22T12:12:46+00:00","description":"Ascend Halskrage Barn ger stabilt nackstöd efter trauma eller operation, med tryckavlastning och god komfort för långtidsanvändning.","breadcrumb":{"@id":"https:\/\/embreis.com\/se\/produkt\/ascend-halskrage-barn\/#breadcrumb"},"inLanguage":"sv-SE","potentialAction":[{"@type":"ReadAction","target":["https:\/\/embreis.com\/se\/produkt\/ascend-halskrage-barn\/"]}]},{"@type":"ImageObject","inLanguage":"sv-SE","@id":"https:\/\/embreis.com\/se\/produkt\/ascend-halskrage-barn\/#primaryimage","url":"https:\/\/embreis.com\/se\/wp-content\/uploads\/sites\/6\/2024\/10\/Ascend-Pediatric-Collar_1.png","contentUrl":"https:\/\/embreis.com\/se\/wp-content\/uploads\/sites\/6\/2024\/10\/Ascend-Pediatric-Collar_1.png","width":850,"height":850,"caption":"Ascend Barn Halskrage - Breg | Embreis.com"},{"@type":"BreadcrumbList","@id":"https:\/\/embreis.com\/se\/produkt\/ascend-halskrage-barn\/#breadcrumb","itemListElement":[{"@type":"ListItem","position":1,"name":"Hem","item":"https:\/\/embreis.com\/se\/"},{"@type":"ListItem","position":2,"name":"Sortiment","item":"https:\/\/embreis.com\/se\/sortiment\/"},{"@type":"ListItem","position":3,"name":"Ortos","item":"https:\/\/embreis.com\/se\/produktkategori\/ortos\/"},{"@type":"ListItem","position":4,"name":"Nacke","item":"https:\/\/embreis.com\/se\/produktkategori\/ortos\/halskrage-cto\/"},{"@type":"ListItem","position":5,"name":"Halskrage - Cervical ortos","item":"https:\/\/embreis.com\/se\/produktkategori\/ortos\/halskrage-cto\/halskrage-cervical-ortos\/"},{"@type":"ListItem","position":6,"name":"Ascend® Halskrage Barn"}]},{"@type":"WebSite","@id":"https:\/\/embreis.com\/se\/#website","url":"https:\/\/embreis.com\/se\/","name":"Embreis SE","description":"Ortoser, proteser och material","publisher":{"@id":"https:\/\/embreis.com\/se\/#organization"},"potentialAction":[{"@type":"SearchAction","target":{"@type":"EntryPoint","urlTemplate":"https:\/\/embreis.com\/se\/?s={search_term_string}"},"query-input":{"@type":"PropertyValueSpecification","valueRequired":true,"valueName":"search_term_string"}}],"inLanguage":"sv-SE"},{"@type":"Organization","@id":"https:\/\/embreis.com\/se\/#organization","name":"Embreis AB","url":"https:\/\/embreis.com\/se\/","logo":{"@type":"ImageObject","inLanguage":"sv-SE","@id":"https:\/\/embreis.com\/se\/#\/schema\/logo\/image\/","url":"https:\/\/embreis.com\/se\/wp-content\/uploads\/sites\/6\/2019\/08\/Embreis_Logo2_PMS.png","contentUrl":"https:\/\/embreis.com\/se\/wp-content\/uploads\/sites\/6\/2019\/08\/Embreis_Logo2_PMS.png","width":1723,"height":926,"caption":"Embreis AB"},"image":{"@id":"https:\/\/embreis.com\/se\/#\/schema\/logo\/image\/"},"sameAs":["https:\/\/www.facebook.com\/embreis\/","https:\/\/www.linkedin.com\/company\/embreis-ab\/","https:\/\/www.youtube.com\/user\/embreisAB"]}]}</script>
<!-- / Yoast SEO Premium plugin. -->

Ascend Halskrage Barn ger stabilt nackstöd efter trauma eller operation, med tryckavlastning och god komfort för långtidsanvändning.
