{"id":2060,"date":"2020-02-14T15:55:35","date_gmt":"2020-02-14T13:55:35","guid":{"rendered":"http:\/\/embreiscom.wpengine.com\/product\/20-50-patellofemoral\/"},"modified":"2021-06-02T14:15:37","modified_gmt":"2021-06-02T12:15:37","slug":"20-50-patellofemoral","status":"publish","type":"product","link":"https:\/\/embreis.com\/no\/produkt\/20-50-patellofemoral\/","title":{"rendered":"20.50 Patellofemoral"},"content":{"rendered":"<p>20.50 \u00e4r specifikt utvecklad f\u00f6r patienter med kronisk luxering av patella. Mellan 20\u00b0 och 50\u00b0 flexion \u00e4r kn\u00e4sk\u00e5len i riskzonen f\u00f6r onormal sp\u00e5rning, subluxation, och luxation. 20.50 st\u00f6der dynamiskt kn\u00e4sk\u00e5len genom hela r\u00f6relsemomentet. Ramen \u00e4r tillverkad i l\u00e4ttvikts magnesium och \u00e4r endast 30cm l\u00e5ng. Dom bilaterala lederna ger stabilitet i sidled och ramen \u00e4r l\u00e4tt och luftig. Ortosen g\u00e5r \u00e4ven att f\u00e5 m\u00e5ttbest\u00e4lld.<\/p>\n","protected":false},"excerpt":{"rendered":"<ul>\n<li>Dynamisk stabilisering<\/li>\n<li>St\u00f6djer mellan 20\u00b0och\u00a050\u00b0<\/li>\n<li>Stabiliserar bilateralt<\/li>\n<li>St\u00e4llbar led<\/li>\n<\/ul>\n","protected":false},"featured_media":8557,"template":"","meta":[],"product_brand":[],"product_cat":[1228,217,222],"product_tag":[],"class_list":{"0":"post-2060","1":"product","2":"type-product","3":"status-publish","4":"has-post-thumbnail","6":"product_cat-patellaortos","7":"product_cat-ortos","8":"product_cat-kna","9":"pa_varumarke-breg","11":"first","12":"outofstock","13":"shipping-taxable","14":"product-type-variable"},"acf":[],"yoast_head":"<!-- This site is optimized with the Yoast SEO Premium plugin v27.3 (Yoast SEO v27.3) - https:\/\/yoast.com\/product\/yoast-seo-premium-wordpress\/ -->\n<title>20.50 Patellofemoral - Embreis NO<\/title>\n<meta name=\"robots\" content=\"index, follow, max-snippet:-1, max-image-preview:large, max-video-preview:-1\" \/>\n<link rel=\"canonical\" href=\"https:\/\/embreis.com\/no\/produkt\/20-50-patellofemoral\/\" \/>\n<meta property=\"og:locale\" content=\"sv_SE\" \/>\n<meta property=\"og:type\" content=\"article\" \/>\n<meta property=\"og:title\" content=\"20.50 Patellofemoral\" \/>\n<meta property=\"og:description\" content=\"Dynamisk stabilisering  St\u00f6djer mellan 20\u00b0och\u00a050\u00b0  Stabiliserar bilateralt  St\u00e4llbar led\" \/>\n<meta property=\"og:url\" content=\"https:\/\/embreis.com\/no\/produkt\/20-50-patellofemoral\/\" \/>\n<meta property=\"og:site_name\" content=\"Embreis NO\" \/>\n<meta property=\"article:modified_time\" content=\"2021-06-02T12:15:37+00:00\" \/>\n<meta property=\"og:image\" content=\"https:\/\/embreis.com\/no\/wp-content\/uploads\/sites\/9\/2020\/02\/20.50_Red_Medial_45_Pump-001_web.jpg\" \/>\n\t<meta property=\"og:image:width\" content=\"567\" \/>\n\t<meta property=\"og:image:height\" content=\"567\" \/>\n\t<meta property=\"og:image:type\" content=\"image\/jpeg\" \/>\n<meta name=\"twitter:card\" content=\"summary_large_image\" \/>\n<meta name=\"twitter:label1\" content=\"Ber\u00e4knad l\u00e4stid\" \/>\n\t<meta name=\"twitter:data1\" content=\"1 minut\" \/>\n<script type=\"application\/ld+json\" class=\"yoast-schema-graph\">{\"@context\":\"https:\\\/\\\/schema.org\",\"@graph\":[{\"@type\":\"WebPage\",\"@id\":\"https:\\\/\\\/embreis.com\\\/no\\\/produkt\\\/20-50-patellofemoral\\\/\",\"url\":\"https:\\\/\\\/embreis.com\\\/no\\\/produkt\\\/20-50-patellofemoral\\\/\",\"name\":\"20.50 Patellofemoral - Embreis NO\",\"isPartOf\":{\"@id\":\"https:\\\/\\\/embreis.com\\\/no\\\/#website\"},\"primaryImageOfPage\":{\"@id\":\"https:\\\/\\\/embreis.com\\\/no\\\/produkt\\\/20-50-patellofemoral\\\/#primaryimage\"},\"image\":{\"@id\":\"https:\\\/\\\/embreis.com\\\/no\\\/produkt\\\/20-50-patellofemoral\\\/#primaryimage\"},\"thumbnailUrl\":\"https:\\\/\\\/embreis.com\\\/no\\\/wp-content\\\/uploads\\\/sites\\\/9\\\/2020\\\/02\\\/20.50_Red_Medial_45_Pump-001_web.jpg\",\"datePublished\":\"2020-02-14T13:55:35+00:00\",\"dateModified\":\"2021-06-02T12:15:37+00:00\",\"breadcrumb\":{\"@id\":\"https:\\\/\\\/embreis.com\\\/no\\\/produkt\\\/20-50-patellofemoral\\\/#breadcrumb\"},\"inLanguage\":\"sv-SE\",\"potentialAction\":[{\"@type\":\"ReadAction\",\"target\":[\"https:\\\/\\\/embreis.com\\\/no\\\/produkt\\\/20-50-patellofemoral\\\/\"]}]},{\"@type\":\"ImageObject\",\"inLanguage\":\"sv-SE\",\"@id\":\"https:\\\/\\\/embreis.com\\\/no\\\/produkt\\\/20-50-patellofemoral\\\/#primaryimage\",\"url\":\"https:\\\/\\\/embreis.com\\\/no\\\/wp-content\\\/uploads\\\/sites\\\/9\\\/2020\\\/02\\\/20.50_Red_Medial_45_Pump-001_web.jpg\",\"contentUrl\":\"https:\\\/\\\/embreis.com\\\/no\\\/wp-content\\\/uploads\\\/sites\\\/9\\\/2020\\\/02\\\/20.50_Red_Medial_45_Pump-001_web.jpg\",\"width\":567,\"height\":567},{\"@type\":\"BreadcrumbList\",\"@id\":\"https:\\\/\\\/embreis.com\\\/no\\\/produkt\\\/20-50-patellofemoral\\\/#breadcrumb\",\"itemListElement\":[{\"@type\":\"ListItem\",\"position\":1,\"name\":\"Hem\",\"item\":\"https:\\\/\\\/embreis.com\\\/no\\\/\"},{\"@type\":\"ListItem\",\"position\":2,\"name\":\"Sortiment\",\"item\":\"https:\\\/\\\/embreis.com\\\/no\\\/sortiment\\\/\"},{\"@type\":\"ListItem\",\"position\":3,\"name\":\"Ortos\",\"item\":\"https:\\\/\\\/embreis.com\\\/no\\\/produktkategori\\\/ortos\\\/\"},{\"@type\":\"ListItem\",\"position\":4,\"name\":\"Kn\u00e4\",\"item\":\"https:\\\/\\\/embreis.com\\\/no\\\/produktkategori\\\/ortos\\\/kna\\\/\"},{\"@type\":\"ListItem\",\"position\":5,\"name\":\"Patellaortos\",\"item\":\"https:\\\/\\\/embreis.com\\\/no\\\/produktkategori\\\/ortos\\\/kna\\\/patellaortos\\\/\"},{\"@type\":\"ListItem\",\"position\":6,\"name\":\"20.50 Patellofemoral\"}]},{\"@type\":\"WebSite\",\"@id\":\"https:\\\/\\\/embreis.com\\\/no\\\/#website\",\"url\":\"https:\\\/\\\/embreis.com\\\/no\\\/\",\"name\":\"Embreis NO\",\"description\":\"Ortoser, proteser och material\",\"potentialAction\":[{\"@type\":\"SearchAction\",\"target\":{\"@type\":\"EntryPoint\",\"urlTemplate\":\"https:\\\/\\\/embreis.com\\\/no\\\/?s={search_term_string}\"},\"query-input\":{\"@type\":\"PropertyValueSpecification\",\"valueRequired\":true,\"valueName\":\"search_term_string\"}}],\"inLanguage\":\"sv-SE\"}]}<\/script>\n<!-- \/ Yoast SEO Premium plugin. -->","yoast_head_json":{"title":"20.50 Patellofemoral - Embreis NO","robots":{"index":"index","follow":"follow","max-snippet":"max-snippet:-1","max-image-preview":"max-image-preview:large","max-video-preview":"max-video-preview:-1"},"canonical":"https:\/\/embreis.com\/no\/produkt\/20-50-patellofemoral\/","og_locale":"sv_SE","og_type":"article","og_title":"20.50 Patellofemoral","og_description":"Dynamisk stabilisering  St\u00f6djer mellan 20\u00b0och\u00a050\u00b0  Stabiliserar bilateralt  St\u00e4llbar led","og_url":"https:\/\/embreis.com\/no\/produkt\/20-50-patellofemoral\/","og_site_name":"Embreis NO","article_modified_time":"2021-06-02T12:15:37+00:00","og_image":[{"width":567,"height":567,"url":"https:\/\/embreis.com\/no\/wp-content\/uploads\/sites\/9\/2020\/02\/20.50_Red_Medial_45_Pump-001_web.jpg","type":"image\/jpeg"}],"twitter_card":"summary_large_image","twitter_misc":{"Ber\u00e4knad l\u00e4stid":"1 minut"},"schema":{"@context":"https:\/\/schema.org","@graph":[{"@type":"WebPage","@id":"https:\/\/embreis.com\/no\/produkt\/20-50-patellofemoral\/","url":"https:\/\/embreis.com\/no\/produkt\/20-50-patellofemoral\/","name":"20.50 Patellofemoral - Embreis NO","isPartOf":{"@id":"https:\/\/embreis.com\/no\/#website"},"primaryImageOfPage":{"@id":"https:\/\/embreis.com\/no\/produkt\/20-50-patellofemoral\/#primaryimage"},"image":{"@id":"https:\/\/embreis.com\/no\/produkt\/20-50-patellofemoral\/#primaryimage"},"thumbnailUrl":"https:\/\/embreis.com\/no\/wp-content\/uploads\/sites\/9\/2020\/02\/20.50_Red_Medial_45_Pump-001_web.jpg","datePublished":"2020-02-14T13:55:35+00:00","dateModified":"2021-06-02T12:15:37+00:00","breadcrumb":{"@id":"https:\/\/embreis.com\/no\/produkt\/20-50-patellofemoral\/#breadcrumb"},"inLanguage":"sv-SE","potentialAction":[{"@type":"ReadAction","target":["https:\/\/embreis.com\/no\/produkt\/20-50-patellofemoral\/"]}]},{"@type":"ImageObject","inLanguage":"sv-SE","@id":"https:\/\/embreis.com\/no\/produkt\/20-50-patellofemoral\/#primaryimage","url":"https:\/\/embreis.com\/no\/wp-content\/uploads\/sites\/9\/2020\/02\/20.50_Red_Medial_45_Pump-001_web.jpg","contentUrl":"https:\/\/embreis.com\/no\/wp-content\/uploads\/sites\/9\/2020\/02\/20.50_Red_Medial_45_Pump-001_web.jpg","width":567,"height":567},{"@type":"BreadcrumbList","@id":"https:\/\/embreis.com\/no\/produkt\/20-50-patellofemoral\/#breadcrumb","itemListElement":[{"@type":"ListItem","position":1,"name":"Hem","item":"https:\/\/embreis.com\/no\/"},{"@type":"ListItem","position":2,"name":"Sortiment","item":"https:\/\/embreis.com\/no\/sortiment\/"},{"@type":"ListItem","position":3,"name":"Ortos","item":"https:\/\/embreis.com\/no\/produktkategori\/ortos\/"},{"@type":"ListItem","position":4,"name":"Kn\u00e4","item":"https:\/\/embreis.com\/no\/produktkategori\/ortos\/kna\/"},{"@type":"ListItem","position":5,"name":"Patellaortos","item":"https:\/\/embreis.com\/no\/produktkategori\/ortos\/kna\/patellaortos\/"},{"@type":"ListItem","position":6,"name":"20.50 Patellofemoral"}]},{"@type":"WebSite","@id":"https:\/\/embreis.com\/no\/#website","url":"https:\/\/embreis.com\/no\/","name":"Embreis NO","description":"Ortoser, proteser och material","potentialAction":[{"@type":"SearchAction","target":{"@type":"EntryPoint","urlTemplate":"https:\/\/embreis.com\/no\/?s={search_term_string}"},"query-input":{"@type":"PropertyValueSpecification","valueRequired":true,"valueName":"search_term_string"}}],"inLanguage":"sv-SE"}]}},"_links":{"self":[{"href":"https:\/\/embreis.com\/no\/wp-json\/wp\/v2\/product\/2060","targetHints":{"allow":["GET"]}}],"collection":[{"href":"https:\/\/embreis.com\/no\/wp-json\/wp\/v2\/product"}],"about":[{"href":"https:\/\/embreis.com\/no\/wp-json\/wp\/v2\/types\/product"}],"wp:featuredmedia":[{"embeddable":true,"href":"https:\/\/embreis.com\/no\/wp-json\/wp\/v2\/media\/8557"}],"wp:attachment":[{"href":"https:\/\/embreis.com\/no\/wp-json\/wp\/v2\/media?parent=2060"}],"wp:term":[{"taxonomy":"product_brand","embeddable":true,"href":"https:\/\/embreis.com\/no\/wp-json\/wp\/v2\/product_brand?post=2060"},{"taxonomy":"product_cat","embeddable":true,"href":"https:\/\/embreis.com\/no\/wp-json\/wp\/v2\/product_cat?post=2060"},{"taxonomy":"product_tag","embeddable":true,"href":"https:\/\/embreis.com\/no\/wp-json\/wp\/v2\/product_tag?post=2060"}],"curies":[{"name":"wp","href":"https:\/\/api.w.org\/{rel}","templated":true}]}}

<p>20.50 är specifikt utvecklad för patienter med kronisk luxering av patella. Mellan 20° och 50° flexion är knäskålen i riskzonen för onormal spårning, subluxation, och luxation. 20.50 stöder dynamiskt knäskålen genom hela rörelsemomentet. Ramen är tillverkad i lättvikts magnesium och är endast 30cm lång. Dom bilaterala lederna ger stabilitet i sidled och ramen är lätt och luftig. Ortosen går även att få måttbeställd.</p>

<ul>
<li>Dynamisk stabilisering</li>
<li>Stödjer mellan 20°och 50°</li>
<li>Stabiliserar bilateralt</li>
<li>Ställbar led</li>
</ul>

<!-- This site is optimized with the Yoast SEO Premium plugin v27.3 (Yoast SEO v27.3) - https://yoast.com/product/yoast-seo-premium-wordpress/ -->
<title>20.50 Patellofemoral - Embreis NO</title>
<meta name="robots" content="index, follow, max-snippet:-1, max-image-preview:large, max-video-preview:-1" />
<link rel="canonical" href="https://embreis.com/no/produkt/20-50-patellofemoral/" />
<meta property="og:locale" content="sv_SE" />
<meta property="og:type" content="article" />
<meta property="og:title" content="20.50 Patellofemoral" />
<meta property="og:description" content="Dynamisk stabilisering  Stödjer mellan 20°och 50°  Stabiliserar bilateralt  Ställbar led" />
<meta property="og:url" content="https://embreis.com/no/produkt/20-50-patellofemoral/" />
<meta property="og:site_name" content="Embreis NO" />
<meta property="article:modified_time" content="2021-06-02T12:15:37+00:00" />
<meta property="og:image" content="https://embreis.com/no/wp-content/uploads/sites/9/2020/02/20.50_Red_Medial_45_Pump-001_web.jpg" />
	<meta property="og:image:width" content="567" />
	<meta property="og:image:height" content="567" />
	<meta property="og:image:type" content="image/jpeg" />
<meta name="twitter:card" content="summary_large_image" />
<meta name="twitter:label1" content="Beräknad lästid" />
	<meta name="twitter:data1" content="1 minut" />
<script type="application/ld+json" class="yoast-schema-graph">{"@context":"https:\/\/schema.org","@graph":[{"@type":"WebPage","@id":"https:\/\/embreis.com\/no\/produkt\/20-50-patellofemoral\/","url":"https:\/\/embreis.com\/no\/produkt\/20-50-patellofemoral\/","name":"20.50 Patellofemoral - Embreis NO","isPartOf":{"@id":"https:\/\/embreis.com\/no\/#website"},"primaryImageOfPage":{"@id":"https:\/\/embreis.com\/no\/produkt\/20-50-patellofemoral\/#primaryimage"},"image":{"@id":"https:\/\/embreis.com\/no\/produkt\/20-50-patellofemoral\/#primaryimage"},"thumbnailUrl":"https:\/\/embreis.com\/no\/wp-content\/uploads\/sites\/9\/2020\/02\/20.50_Red_Medial_45_Pump-001_web.jpg","datePublished":"2020-02-14T13:55:35+00:00","dateModified":"2021-06-02T12:15:37+00:00","breadcrumb":{"@id":"https:\/\/embreis.com\/no\/produkt\/20-50-patellofemoral\/#breadcrumb"},"inLanguage":"sv-SE","potentialAction":[{"@type":"ReadAction","target":["https:\/\/embreis.com\/no\/produkt\/20-50-patellofemoral\/"]}]},{"@type":"ImageObject","inLanguage":"sv-SE","@id":"https:\/\/embreis.com\/no\/produkt\/20-50-patellofemoral\/#primaryimage","url":"https:\/\/embreis.com\/no\/wp-content\/uploads\/sites\/9\/2020\/02\/20.50_Red_Medial_45_Pump-001_web.jpg","contentUrl":"https:\/\/embreis.com\/no\/wp-content\/uploads\/sites\/9\/2020\/02\/20.50_Red_Medial_45_Pump-001_web.jpg","width":567,"height":567},{"@type":"BreadcrumbList","@id":"https:\/\/embreis.com\/no\/produkt\/20-50-patellofemoral\/#breadcrumb","itemListElement":[{"@type":"ListItem","position":1,"name":"Hem","item":"https:\/\/embreis.com\/no\/"},{"@type":"ListItem","position":2,"name":"Sortiment","item":"https:\/\/embreis.com\/no\/sortiment\/"},{"@type":"ListItem","position":3,"name":"Ortos","item":"https:\/\/embreis.com\/no\/produktkategori\/ortos\/"},{"@type":"ListItem","position":4,"name":"Knä","item":"https:\/\/embreis.com\/no\/produktkategori\/ortos\/kna\/"},{"@type":"ListItem","position":5,"name":"Patellaortos","item":"https:\/\/embreis.com\/no\/produktkategori\/ortos\/kna\/patellaortos\/"},{"@type":"ListItem","position":6,"name":"20.50 Patellofemoral"}]},{"@type":"WebSite","@id":"https:\/\/embreis.com\/no\/#website","url":"https:\/\/embreis.com\/no\/","name":"Embreis NO","description":"Ortoser, proteser och material","potentialAction":[{"@type":"SearchAction","target":{"@type":"EntryPoint","urlTemplate":"https:\/\/embreis.com\/no\/?s={search_term_string}"},"query-input":{"@type":"PropertyValueSpecification","valueRequired":true,"valueName":"search_term_string"}}],"inLanguage":"sv-SE"}]}</script>
<!-- / Yoast SEO Premium plugin. -->

Dynamisk stabilisering  Stödjer mellan 20°och 50°  Stabiliserar bilateralt  Ställbar led

Knä
