{"id":2009,"date":"2020-02-14T15:55:24","date_gmt":"2020-02-14T13:55:24","guid":{"rendered":"http:\/\/embreiscom.wpengine.com\/product\/post-op-lite-knaortos\/"},"modified":"2021-02-10T19:08:51","modified_gmt":"2021-02-10T17:08:51","slug":"post-op-lite-knaortos","status":"publish","type":"product","link":"https:\/\/embreis.com\/no\/produkt\/post-op-lite-knaortos\/","title":{"rendered":"Post-op Lite Kn\u00e4ortos"},"content":{"rendered":"<p>Post-Op Lite anv\u00e4nds som stabiliserande eller immobilierande ortos efter skada eller operation av kn\u00e4leden. Den kompletta leden kan enkelt justeras i extension och flexion f\u00f6r kontrollerad r\u00f6relse-begr\u00e4nsning och med snabbl\u00e5sknappen kan ortosen l\u00e5sas helt i ett givet l\u00e4ge f\u00f6r immobilisering. \u00d6ver och underdel kan kortas om skenorna \u00e4r f\u00f6r l\u00e5nga och insidans foam har god friktion och g\u00f6r att den sitter p\u00e5 plats. F\u00f6r optimal passform, funktion och komfort kan skenorna bockas individuellt. Den \u00f6ppna polstringen g\u00f6r ortosen mer luftig och bekv\u00e4m att b\u00e4ra.<\/p>\n","protected":false},"excerpt":{"rendered":"<ul>\n<li>Komplett ledinst\u00e4llning<\/li>\n<li>Enkel att justera<\/li>\n<li>Snabbl\u00e5sfunktion<\/li>\n<li>\u00d6ppen och luftig<\/li>\n<\/ul>\n","protected":false},"featured_media":8094,"template":"","meta":[],"product_brand":[],"product_cat":[1230,217,222],"product_tag":[],"class_list":{"0":"post-2009","1":"product","2":"type-product","3":"status-publish","4":"has-post-thumbnail","6":"product_cat-postop-trauma","7":"product_cat-ortos","8":"product_cat-kna","9":"pa_varumarke-breg","11":"first","12":"outofstock","13":"shipping-taxable","14":"product-type-variable"},"acf":[],"yoast_head":"<!-- This site is optimized with the Yoast SEO Premium plugin v27.3 (Yoast SEO v27.3) - https:\/\/yoast.com\/product\/yoast-seo-premium-wordpress\/ -->\n<title>Post-op Lite Kn\u00e4ortos - Embreis NO<\/title>\n<meta name=\"robots\" content=\"index, follow, max-snippet:-1, max-image-preview:large, max-video-preview:-1\" \/>\n<link rel=\"canonical\" href=\"https:\/\/embreis.com\/no\/produkt\/post-op-lite-knaortos\/\" \/>\n<meta property=\"og:locale\" content=\"sv_SE\" \/>\n<meta property=\"og:type\" content=\"article\" \/>\n<meta property=\"og:title\" content=\"Post-op Lite Kn\u00e4ortos\" \/>\n<meta property=\"og:description\" content=\"Komplett ledinst\u00e4llning  Enkel att justera  Snabbl\u00e5sfunktion  \u00d6ppen och luftig\" \/>\n<meta property=\"og:url\" content=\"https:\/\/embreis.com\/no\/produkt\/post-op-lite-knaortos\/\" \/>\n<meta property=\"og:site_name\" content=\"Embreis NO\" \/>\n<meta property=\"article:modified_time\" content=\"2021-02-10T17:08:51+00:00\" \/>\n<meta property=\"og:image\" content=\"https:\/\/embreis.com\/no\/wp-content\/uploads\/sites\/9\/2020\/02\/BREG.post-op.lite_.jpg\" \/>\n\t<meta property=\"og:image:width\" content=\"567\" \/>\n\t<meta property=\"og:image:height\" content=\"567\" \/>\n\t<meta property=\"og:image:type\" content=\"image\/jpeg\" \/>\n<meta name=\"twitter:card\" content=\"summary_large_image\" \/>\n<meta name=\"twitter:label1\" content=\"Ber\u00e4knad l\u00e4stid\" \/>\n\t<meta name=\"twitter:data1\" content=\"1 minut\" \/>\n<script type=\"application\/ld+json\" class=\"yoast-schema-graph\">{\"@context\":\"https:\\\/\\\/schema.org\",\"@graph\":[{\"@type\":\"WebPage\",\"@id\":\"https:\\\/\\\/embreis.com\\\/no\\\/produkt\\\/post-op-lite-knaortos\\\/\",\"url\":\"https:\\\/\\\/embreis.com\\\/no\\\/produkt\\\/post-op-lite-knaortos\\\/\",\"name\":\"Post-op Lite Kn\u00e4ortos - Embreis NO\",\"isPartOf\":{\"@id\":\"https:\\\/\\\/embreis.com\\\/no\\\/#website\"},\"primaryImageOfPage\":{\"@id\":\"https:\\\/\\\/embreis.com\\\/no\\\/produkt\\\/post-op-lite-knaortos\\\/#primaryimage\"},\"image\":{\"@id\":\"https:\\\/\\\/embreis.com\\\/no\\\/produkt\\\/post-op-lite-knaortos\\\/#primaryimage\"},\"thumbnailUrl\":\"https:\\\/\\\/embreis.com\\\/no\\\/wp-content\\\/uploads\\\/sites\\\/9\\\/2020\\\/02\\\/BREG.post-op.lite_.jpg\",\"datePublished\":\"2020-02-14T13:55:24+00:00\",\"dateModified\":\"2021-02-10T17:08:51+00:00\",\"breadcrumb\":{\"@id\":\"https:\\\/\\\/embreis.com\\\/no\\\/produkt\\\/post-op-lite-knaortos\\\/#breadcrumb\"},\"inLanguage\":\"sv-SE\",\"potentialAction\":[{\"@type\":\"ReadAction\",\"target\":[\"https:\\\/\\\/embreis.com\\\/no\\\/produkt\\\/post-op-lite-knaortos\\\/\"]}]},{\"@type\":\"ImageObject\",\"inLanguage\":\"sv-SE\",\"@id\":\"https:\\\/\\\/embreis.com\\\/no\\\/produkt\\\/post-op-lite-knaortos\\\/#primaryimage\",\"url\":\"https:\\\/\\\/embreis.com\\\/no\\\/wp-content\\\/uploads\\\/sites\\\/9\\\/2020\\\/02\\\/BREG.post-op.lite_.jpg\",\"contentUrl\":\"https:\\\/\\\/embreis.com\\\/no\\\/wp-content\\\/uploads\\\/sites\\\/9\\\/2020\\\/02\\\/BREG.post-op.lite_.jpg\",\"width\":567,\"height\":567},{\"@type\":\"BreadcrumbList\",\"@id\":\"https:\\\/\\\/embreis.com\\\/no\\\/produkt\\\/post-op-lite-knaortos\\\/#breadcrumb\",\"itemListElement\":[{\"@type\":\"ListItem\",\"position\":1,\"name\":\"Hem\",\"item\":\"https:\\\/\\\/embreis.com\\\/no\\\/\"},{\"@type\":\"ListItem\",\"position\":2,\"name\":\"Sortiment\",\"item\":\"https:\\\/\\\/embreis.com\\\/no\\\/sortiment\\\/\"},{\"@type\":\"ListItem\",\"position\":3,\"name\":\"Ortos\",\"item\":\"https:\\\/\\\/embreis.com\\\/no\\\/produktkategori\\\/ortos\\\/\"},{\"@type\":\"ListItem\",\"position\":4,\"name\":\"Kn\u00e4\",\"item\":\"https:\\\/\\\/embreis.com\\\/no\\\/produktkategori\\\/ortos\\\/kna\\\/\"},{\"@type\":\"ListItem\",\"position\":5,\"name\":\"PostOp Trauma\",\"item\":\"https:\\\/\\\/embreis.com\\\/no\\\/produktkategori\\\/ortos\\\/kna\\\/postop-trauma\\\/\"},{\"@type\":\"ListItem\",\"position\":6,\"name\":\"Post-op Lite Kn\u00e4ortos\"}]},{\"@type\":\"WebSite\",\"@id\":\"https:\\\/\\\/embreis.com\\\/no\\\/#website\",\"url\":\"https:\\\/\\\/embreis.com\\\/no\\\/\",\"name\":\"Embreis NO\",\"description\":\"Ortoser, proteser och material\",\"potentialAction\":[{\"@type\":\"SearchAction\",\"target\":{\"@type\":\"EntryPoint\",\"urlTemplate\":\"https:\\\/\\\/embreis.com\\\/no\\\/?s={search_term_string}\"},\"query-input\":{\"@type\":\"PropertyValueSpecification\",\"valueRequired\":true,\"valueName\":\"search_term_string\"}}],\"inLanguage\":\"sv-SE\"}]}<\/script>\n<!-- \/ Yoast SEO Premium plugin. -->","yoast_head_json":{"title":"Post-op Lite Kn\u00e4ortos - Embreis NO","robots":{"index":"index","follow":"follow","max-snippet":"max-snippet:-1","max-image-preview":"max-image-preview:large","max-video-preview":"max-video-preview:-1"},"canonical":"https:\/\/embreis.com\/no\/produkt\/post-op-lite-knaortos\/","og_locale":"sv_SE","og_type":"article","og_title":"Post-op Lite Kn\u00e4ortos","og_description":"Komplett ledinst\u00e4llning  Enkel att justera  Snabbl\u00e5sfunktion  \u00d6ppen och luftig","og_url":"https:\/\/embreis.com\/no\/produkt\/post-op-lite-knaortos\/","og_site_name":"Embreis NO","article_modified_time":"2021-02-10T17:08:51+00:00","og_image":[{"width":567,"height":567,"url":"https:\/\/embreis.com\/no\/wp-content\/uploads\/sites\/9\/2020\/02\/BREG.post-op.lite_.jpg","type":"image\/jpeg"}],"twitter_card":"summary_large_image","twitter_misc":{"Ber\u00e4knad l\u00e4stid":"1 minut"},"schema":{"@context":"https:\/\/schema.org","@graph":[{"@type":"WebPage","@id":"https:\/\/embreis.com\/no\/produkt\/post-op-lite-knaortos\/","url":"https:\/\/embreis.com\/no\/produkt\/post-op-lite-knaortos\/","name":"Post-op Lite Kn\u00e4ortos - Embreis NO","isPartOf":{"@id":"https:\/\/embreis.com\/no\/#website"},"primaryImageOfPage":{"@id":"https:\/\/embreis.com\/no\/produkt\/post-op-lite-knaortos\/#primaryimage"},"image":{"@id":"https:\/\/embreis.com\/no\/produkt\/post-op-lite-knaortos\/#primaryimage"},"thumbnailUrl":"https:\/\/embreis.com\/no\/wp-content\/uploads\/sites\/9\/2020\/02\/BREG.post-op.lite_.jpg","datePublished":"2020-02-14T13:55:24+00:00","dateModified":"2021-02-10T17:08:51+00:00","breadcrumb":{"@id":"https:\/\/embreis.com\/no\/produkt\/post-op-lite-knaortos\/#breadcrumb"},"inLanguage":"sv-SE","potentialAction":[{"@type":"ReadAction","target":["https:\/\/embreis.com\/no\/produkt\/post-op-lite-knaortos\/"]}]},{"@type":"ImageObject","inLanguage":"sv-SE","@id":"https:\/\/embreis.com\/no\/produkt\/post-op-lite-knaortos\/#primaryimage","url":"https:\/\/embreis.com\/no\/wp-content\/uploads\/sites\/9\/2020\/02\/BREG.post-op.lite_.jpg","contentUrl":"https:\/\/embreis.com\/no\/wp-content\/uploads\/sites\/9\/2020\/02\/BREG.post-op.lite_.jpg","width":567,"height":567},{"@type":"BreadcrumbList","@id":"https:\/\/embreis.com\/no\/produkt\/post-op-lite-knaortos\/#breadcrumb","itemListElement":[{"@type":"ListItem","position":1,"name":"Hem","item":"https:\/\/embreis.com\/no\/"},{"@type":"ListItem","position":2,"name":"Sortiment","item":"https:\/\/embreis.com\/no\/sortiment\/"},{"@type":"ListItem","position":3,"name":"Ortos","item":"https:\/\/embreis.com\/no\/produktkategori\/ortos\/"},{"@type":"ListItem","position":4,"name":"Kn\u00e4","item":"https:\/\/embreis.com\/no\/produktkategori\/ortos\/kna\/"},{"@type":"ListItem","position":5,"name":"PostOp Trauma","item":"https:\/\/embreis.com\/no\/produktkategori\/ortos\/kna\/postop-trauma\/"},{"@type":"ListItem","position":6,"name":"Post-op Lite Kn\u00e4ortos"}]},{"@type":"WebSite","@id":"https:\/\/embreis.com\/no\/#website","url":"https:\/\/embreis.com\/no\/","name":"Embreis NO","description":"Ortoser, proteser och material","potentialAction":[{"@type":"SearchAction","target":{"@type":"EntryPoint","urlTemplate":"https:\/\/embreis.com\/no\/?s={search_term_string}"},"query-input":{"@type":"PropertyValueSpecification","valueRequired":true,"valueName":"search_term_string"}}],"inLanguage":"sv-SE"}]}},"_links":{"self":[{"href":"https:\/\/embreis.com\/no\/wp-json\/wp\/v2\/product\/2009","targetHints":{"allow":["GET"]}}],"collection":[{"href":"https:\/\/embreis.com\/no\/wp-json\/wp\/v2\/product"}],"about":[{"href":"https:\/\/embreis.com\/no\/wp-json\/wp\/v2\/types\/product"}],"wp:featuredmedia":[{"embeddable":true,"href":"https:\/\/embreis.com\/no\/wp-json\/wp\/v2\/media\/8094"}],"wp:attachment":[{"href":"https:\/\/embreis.com\/no\/wp-json\/wp\/v2\/media?parent=2009"}],"wp:term":[{"taxonomy":"product_brand","embeddable":true,"href":"https:\/\/embreis.com\/no\/wp-json\/wp\/v2\/product_brand?post=2009"},{"taxonomy":"product_cat","embeddable":true,"href":"https:\/\/embreis.com\/no\/wp-json\/wp\/v2\/product_cat?post=2009"},{"taxonomy":"product_tag","embeddable":true,"href":"https:\/\/embreis.com\/no\/wp-json\/wp\/v2\/product_tag?post=2009"}],"curies":[{"name":"wp","href":"https:\/\/api.w.org\/{rel}","templated":true}]}}

Post-op Lite Knäortos

<p>Post-Op Lite används som stabiliserande eller immobilierande ortos efter skada eller operation av knäleden. Den kompletta leden kan enkelt justeras i extension och flexion för kontrollerad rörelse-begränsning och med snabblåsknappen kan ortosen låsas helt i ett givet läge för immobilisering. Över och underdel kan kortas om skenorna är för långa och insidans foam har god friktion och gör att den sitter på plats. För optimal passform, funktion och komfort kan skenorna bockas individuellt. Den öppna polstringen gör ortosen mer luftig och bekväm att bära.</p>

<ul>
<li>Komplett ledinställning</li>
<li>Enkel att justera</li>
<li>Snabblåsfunktion</li>
<li>Öppen och luftig</li>
</ul>

<!-- This site is optimized with the Yoast SEO Premium plugin v27.3 (Yoast SEO v27.3) - https://yoast.com/product/yoast-seo-premium-wordpress/ -->
<title>Post-op Lite Knäortos - Embreis NO</title>
<meta name="robots" content="index, follow, max-snippet:-1, max-image-preview:large, max-video-preview:-1" />
<link rel="canonical" href="https://embreis.com/no/produkt/post-op-lite-knaortos/" />
<meta property="og:locale" content="sv_SE" />
<meta property="og:type" content="article" />
<meta property="og:title" content="Post-op Lite Knäortos" />
<meta property="og:description" content="Komplett ledinställning  Enkel att justera  Snabblåsfunktion  Öppen och luftig" />
<meta property="og:url" content="https://embreis.com/no/produkt/post-op-lite-knaortos/" />
<meta property="og:site_name" content="Embreis NO" />
<meta property="article:modified_time" content="2021-02-10T17:08:51+00:00" />
<meta property="og:image" content="https://embreis.com/no/wp-content/uploads/sites/9/2020/02/BREG.post-op.lite_.jpg" />
	<meta property="og:image:width" content="567" />
	<meta property="og:image:height" content="567" />
	<meta property="og:image:type" content="image/jpeg" />
<meta name="twitter:card" content="summary_large_image" />
<meta name="twitter:label1" content="Beräknad lästid" />
	<meta name="twitter:data1" content="1 minut" />
<script type="application/ld+json" class="yoast-schema-graph">{"@context":"https:\/\/schema.org","@graph":[{"@type":"WebPage","@id":"https:\/\/embreis.com\/no\/produkt\/post-op-lite-knaortos\/","url":"https:\/\/embreis.com\/no\/produkt\/post-op-lite-knaortos\/","name":"Post-op Lite Knäortos - Embreis NO","isPartOf":{"@id":"https:\/\/embreis.com\/no\/#website"},"primaryImageOfPage":{"@id":"https:\/\/embreis.com\/no\/produkt\/post-op-lite-knaortos\/#primaryimage"},"image":{"@id":"https:\/\/embreis.com\/no\/produkt\/post-op-lite-knaortos\/#primaryimage"},"thumbnailUrl":"https:\/\/embreis.com\/no\/wp-content\/uploads\/sites\/9\/2020\/02\/BREG.post-op.lite_.jpg","datePublished":"2020-02-14T13:55:24+00:00","dateModified":"2021-02-10T17:08:51+00:00","breadcrumb":{"@id":"https:\/\/embreis.com\/no\/produkt\/post-op-lite-knaortos\/#breadcrumb"},"inLanguage":"sv-SE","potentialAction":[{"@type":"ReadAction","target":["https:\/\/embreis.com\/no\/produkt\/post-op-lite-knaortos\/"]}]},{"@type":"ImageObject","inLanguage":"sv-SE","@id":"https:\/\/embreis.com\/no\/produkt\/post-op-lite-knaortos\/#primaryimage","url":"https:\/\/embreis.com\/no\/wp-content\/uploads\/sites\/9\/2020\/02\/BREG.post-op.lite_.jpg","contentUrl":"https:\/\/embreis.com\/no\/wp-content\/uploads\/sites\/9\/2020\/02\/BREG.post-op.lite_.jpg","width":567,"height":567},{"@type":"BreadcrumbList","@id":"https:\/\/embreis.com\/no\/produkt\/post-op-lite-knaortos\/#breadcrumb","itemListElement":[{"@type":"ListItem","position":1,"name":"Hem","item":"https:\/\/embreis.com\/no\/"},{"@type":"ListItem","position":2,"name":"Sortiment","item":"https:\/\/embreis.com\/no\/sortiment\/"},{"@type":"ListItem","position":3,"name":"Ortos","item":"https:\/\/embreis.com\/no\/produktkategori\/ortos\/"},{"@type":"ListItem","position":4,"name":"Knä","item":"https:\/\/embreis.com\/no\/produktkategori\/ortos\/kna\/"},{"@type":"ListItem","position":5,"name":"PostOp Trauma","item":"https:\/\/embreis.com\/no\/produktkategori\/ortos\/kna\/postop-trauma\/"},{"@type":"ListItem","position":6,"name":"Post-op Lite Knäortos"}]},{"@type":"WebSite","@id":"https:\/\/embreis.com\/no\/#website","url":"https:\/\/embreis.com\/no\/","name":"Embreis NO","description":"Ortoser, proteser och material","potentialAction":[{"@type":"SearchAction","target":{"@type":"EntryPoint","urlTemplate":"https:\/\/embreis.com\/no\/?s={search_term_string}"},"query-input":{"@type":"PropertyValueSpecification","valueRequired":true,"valueName":"search_term_string"}}],"inLanguage":"sv-SE"}]}</script>
<!-- / Yoast SEO Premium plugin. -->

Post-op Lite Knäortos - Embreis NO

Komplett ledinställning  Enkel att justera  Snabblåsfunktion  Öppen och luftig

Knä
