{"id":13757,"date":"2026-09-01T17:18:33","date_gmt":"2026-09-01T15:18:33","guid":{"rendered":"https:\/\/embreis.com\/no\/?post_type=product&#038;p=13757"},"modified":"2026-09-02T16:21:25","modified_gmt":"2026-09-02T14:21:25","slug":"adm-afo-storleksmallar","status":"publish","type":"product","link":"https:\/\/embreis.com\/no\/produkt\/adm-afo-storleksmallar\/","title":{"rendered":"ADM AFO storleksmallar"},"content":{"rendered":"<p><strong>C-Pro ADM Sizing Liners er et praktisk hjelpemiddel for raskt og n\u00f8yaktig \u00e5 bestemme riktig st\u00f8rrelse p\u00e5 C-Pro ADM AFO.<\/strong><\/p>\n<p>Etter korrigering av PEVA kan barnets fot v\u00e6re liten og vanskelig \u00e5 st\u00f8rrelsesbestemme kun ved m\u00e5ling. Sizing Liners er utformet med samme form som ADM AFO liners og gj\u00f8r det mulig \u00e5 pr\u00f8ve ulike st\u00f8rrelser direkte p\u00e5 barnets fot f\u00f8r riktig AFO bestilles.<\/p>\n<p>Hvert st\u00f8rrelsessett inneholder venstre- og h\u00f8yreliners som er merket med respektive st\u00f8rrelse og holdt sammen i ett sett. En \u00e5pning ved h\u00e6len gj\u00f8r det mulig \u00e5 kontrollere h\u00e6lens posisjon i lineren.<\/p>\n<p>Sizing Liners finnes i to st\u00f8rrelsessett: Small (0000\u20135) og Large (6\u201312).<\/p>\n","protected":false},"excerpt":{"rendered":"<p>C-Pro ADM Sizing Liners er et praktisk hjelpemiddel for raskt og n\u00f8yaktig \u00e5 bestemme riktig st\u00f8rrelse p\u00e5 C-Pro ADM AFO. [&hellip;]<\/p>\n","protected":false},"featured_media":13746,"template":"","meta":[],"product_brand":[],"product_cat":[1362,217,220],"product_tag":[],"class_list":{"0":"post-13757","1":"product","2":"type-product","3":"status-publish","4":"has-post-thumbnail","6":"product_cat-peva-klumpfot","7":"product_cat-ortos","8":"product_cat-fot","9":"pa_varumarke-c-pro","11":"first","12":"instock","13":"shipping-taxable","14":"product-type-simple"},"acf":[],"yoast_head":"<!-- This site is optimized with the Yoast SEO Premium plugin v27.3 (Yoast SEO v27.3) - https:\/\/yoast.com\/product\/yoast-seo-premium-wordpress\/ -->\n<title>ADM AFO storleksmallar - Embreis NO<\/title>\n<meta name=\"robots\" content=\"index, follow, max-snippet:-1, max-image-preview:large, max-video-preview:-1\" \/>\n<link rel=\"canonical\" href=\"https:\/\/embreis.com\/no\/produkt\/adm-afo-storleksmallar\/\" \/>\n<meta property=\"og:locale\" content=\"sv_SE\" \/>\n<meta property=\"og:type\" content=\"article\" \/>\n<meta property=\"og:title\" content=\"ADM AFO storleksmallar\" \/>\n<meta property=\"og:description\" content=\"C-Pro ADM Sizing Liners er et praktisk hjelpemiddel for raskt og n\u00f8yaktig \u00e5 bestemme riktig st\u00f8rrelse p\u00e5 C-Pro ADM AFO. [&hellip;]\" \/>\n<meta property=\"og:url\" content=\"https:\/\/embreis.com\/no\/produkt\/adm-afo-storleksmallar\/\" \/>\n<meta property=\"og:site_name\" content=\"Embreis NO\" \/>\n<meta property=\"article:modified_time\" content=\"2026-09-02T14:21:25+00:00\" \/>\n<meta property=\"og:image\" content=\"https:\/\/embreis.com\/no\/wp-content\/uploads\/sites\/9\/2026\/09\/Storleksmall_1.png\" \/>\n\t<meta property=\"og:image:width\" content=\"800\" \/>\n\t<meta property=\"og:image:height\" content=\"800\" \/>\n\t<meta property=\"og:image:type\" content=\"image\/png\" \/>\n<meta name=\"twitter:card\" content=\"summary_large_image\" \/>\n<meta name=\"twitter:label1\" content=\"Ber\u00e4knad l\u00e4stid\" \/>\n\t<meta name=\"twitter:data1\" content=\"1 minut\" \/>\n<script type=\"application\/ld+json\" class=\"yoast-schema-graph\">{\"@context\":\"https:\\\/\\\/schema.org\",\"@graph\":[{\"@type\":\"WebPage\",\"@id\":\"https:\\\/\\\/embreis.com\\\/no\\\/produkt\\\/adm-afo-storleksmallar\\\/\",\"url\":\"https:\\\/\\\/embreis.com\\\/no\\\/produkt\\\/adm-afo-storleksmallar\\\/\",\"name\":\"ADM AFO storleksmallar - Embreis NO\",\"isPartOf\":{\"@id\":\"https:\\\/\\\/embreis.com\\\/no\\\/#website\"},\"primaryImageOfPage\":{\"@id\":\"https:\\\/\\\/embreis.com\\\/no\\\/produkt\\\/adm-afo-storleksmallar\\\/#primaryimage\"},\"image\":{\"@id\":\"https:\\\/\\\/embreis.com\\\/no\\\/produkt\\\/adm-afo-storleksmallar\\\/#primaryimage\"},\"thumbnailUrl\":\"https:\\\/\\\/embreis.com\\\/no\\\/wp-content\\\/uploads\\\/sites\\\/9\\\/2026\\\/09\\\/Storleksmall_1.png\",\"datePublished\":\"2026-09-01T15:18:33+00:00\",\"dateModified\":\"2026-09-02T14:21:25+00:00\",\"breadcrumb\":{\"@id\":\"https:\\\/\\\/embreis.com\\\/no\\\/produkt\\\/adm-afo-storleksmallar\\\/#breadcrumb\"},\"inLanguage\":\"sv-SE\",\"potentialAction\":[{\"@type\":\"ReadAction\",\"target\":[\"https:\\\/\\\/embreis.com\\\/no\\\/produkt\\\/adm-afo-storleksmallar\\\/\"]}]},{\"@type\":\"ImageObject\",\"inLanguage\":\"sv-SE\",\"@id\":\"https:\\\/\\\/embreis.com\\\/no\\\/produkt\\\/adm-afo-storleksmallar\\\/#primaryimage\",\"url\":\"https:\\\/\\\/embreis.com\\\/no\\\/wp-content\\\/uploads\\\/sites\\\/9\\\/2026\\\/09\\\/Storleksmall_1.png\",\"contentUrl\":\"https:\\\/\\\/embreis.com\\\/no\\\/wp-content\\\/uploads\\\/sites\\\/9\\\/2026\\\/09\\\/Storleksmall_1.png\",\"width\":800,\"height\":800},{\"@type\":\"BreadcrumbList\",\"@id\":\"https:\\\/\\\/embreis.com\\\/no\\\/produkt\\\/adm-afo-storleksmallar\\\/#breadcrumb\",\"itemListElement\":[{\"@type\":\"ListItem\",\"position\":1,\"name\":\"Hem\",\"item\":\"https:\\\/\\\/embreis.com\\\/no\\\/\"},{\"@type\":\"ListItem\",\"position\":2,\"name\":\"Sortiment\",\"item\":\"https:\\\/\\\/embreis.com\\\/no\\\/sortiment\\\/\"},{\"@type\":\"ListItem\",\"position\":3,\"name\":\"Ortos\",\"item\":\"https:\\\/\\\/embreis.com\\\/no\\\/produktkategori\\\/ortos\\\/\"},{\"@type\":\"ListItem\",\"position\":4,\"name\":\"Fot\",\"item\":\"https:\\\/\\\/embreis.com\\\/no\\\/produktkategori\\\/ortos\\\/fot\\\/\"},{\"@type\":\"ListItem\",\"position\":5,\"name\":\"PEVA - Klumpfot\",\"item\":\"https:\\\/\\\/embreis.com\\\/no\\\/produktkategori\\\/ortos\\\/fot\\\/peva-klumpfot\\\/\"},{\"@type\":\"ListItem\",\"position\":6,\"name\":\"ADM AFO storleksmallar\"}]},{\"@type\":\"WebSite\",\"@id\":\"https:\\\/\\\/embreis.com\\\/no\\\/#website\",\"url\":\"https:\\\/\\\/embreis.com\\\/no\\\/\",\"name\":\"Embreis NO\",\"description\":\"Ortoser, proteser och material\",\"potentialAction\":[{\"@type\":\"SearchAction\",\"target\":{\"@type\":\"EntryPoint\",\"urlTemplate\":\"https:\\\/\\\/embreis.com\\\/no\\\/?s={search_term_string}\"},\"query-input\":{\"@type\":\"PropertyValueSpecification\",\"valueRequired\":true,\"valueName\":\"search_term_string\"}}],\"inLanguage\":\"sv-SE\"}]}<\/script>\n<!-- \/ Yoast SEO Premium plugin. -->","yoast_head_json":{"title":"ADM AFO storleksmallar - Embreis NO","robots":{"index":"index","follow":"follow","max-snippet":"max-snippet:-1","max-image-preview":"max-image-preview:large","max-video-preview":"max-video-preview:-1"},"canonical":"https:\/\/embreis.com\/no\/produkt\/adm-afo-storleksmallar\/","og_locale":"sv_SE","og_type":"article","og_title":"ADM AFO storleksmallar","og_description":"C-Pro ADM Sizing Liners er et praktisk hjelpemiddel for raskt og n\u00f8yaktig \u00e5 bestemme riktig st\u00f8rrelse p\u00e5 C-Pro ADM AFO. [&hellip;]","og_url":"https:\/\/embreis.com\/no\/produkt\/adm-afo-storleksmallar\/","og_site_name":"Embreis NO","article_modified_time":"2026-09-02T14:21:25+00:00","og_image":[{"width":800,"height":800,"url":"https:\/\/embreis.com\/no\/wp-content\/uploads\/sites\/9\/2026\/09\/Storleksmall_1.png","type":"image\/png"}],"twitter_card":"summary_large_image","twitter_misc":{"Ber\u00e4knad l\u00e4stid":"1 minut"},"schema":{"@context":"https:\/\/schema.org","@graph":[{"@type":"WebPage","@id":"https:\/\/embreis.com\/no\/produkt\/adm-afo-storleksmallar\/","url":"https:\/\/embreis.com\/no\/produkt\/adm-afo-storleksmallar\/","name":"ADM AFO storleksmallar - Embreis NO","isPartOf":{"@id":"https:\/\/embreis.com\/no\/#website"},"primaryImageOfPage":{"@id":"https:\/\/embreis.com\/no\/produkt\/adm-afo-storleksmallar\/#primaryimage"},"image":{"@id":"https:\/\/embreis.com\/no\/produkt\/adm-afo-storleksmallar\/#primaryimage"},"thumbnailUrl":"https:\/\/embreis.com\/no\/wp-content\/uploads\/sites\/9\/2026\/09\/Storleksmall_1.png","datePublished":"2026-09-01T15:18:33+00:00","dateModified":"2026-09-02T14:21:25+00:00","breadcrumb":{"@id":"https:\/\/embreis.com\/no\/produkt\/adm-afo-storleksmallar\/#breadcrumb"},"inLanguage":"sv-SE","potentialAction":[{"@type":"ReadAction","target":["https:\/\/embreis.com\/no\/produkt\/adm-afo-storleksmallar\/"]}]},{"@type":"ImageObject","inLanguage":"sv-SE","@id":"https:\/\/embreis.com\/no\/produkt\/adm-afo-storleksmallar\/#primaryimage","url":"https:\/\/embreis.com\/no\/wp-content\/uploads\/sites\/9\/2026\/09\/Storleksmall_1.png","contentUrl":"https:\/\/embreis.com\/no\/wp-content\/uploads\/sites\/9\/2026\/09\/Storleksmall_1.png","width":800,"height":800},{"@type":"BreadcrumbList","@id":"https:\/\/embreis.com\/no\/produkt\/adm-afo-storleksmallar\/#breadcrumb","itemListElement":[{"@type":"ListItem","position":1,"name":"Hem","item":"https:\/\/embreis.com\/no\/"},{"@type":"ListItem","position":2,"name":"Sortiment","item":"https:\/\/embreis.com\/no\/sortiment\/"},{"@type":"ListItem","position":3,"name":"Ortos","item":"https:\/\/embreis.com\/no\/produktkategori\/ortos\/"},{"@type":"ListItem","position":4,"name":"Fot","item":"https:\/\/embreis.com\/no\/produktkategori\/ortos\/fot\/"},{"@type":"ListItem","position":5,"name":"PEVA - Klumpfot","item":"https:\/\/embreis.com\/no\/produktkategori\/ortos\/fot\/peva-klumpfot\/"},{"@type":"ListItem","position":6,"name":"ADM AFO storleksmallar"}]},{"@type":"WebSite","@id":"https:\/\/embreis.com\/no\/#website","url":"https:\/\/embreis.com\/no\/","name":"Embreis NO","description":"Ortoser, proteser och material","potentialAction":[{"@type":"SearchAction","target":{"@type":"EntryPoint","urlTemplate":"https:\/\/embreis.com\/no\/?s={search_term_string}"},"query-input":{"@type":"PropertyValueSpecification","valueRequired":true,"valueName":"search_term_string"}}],"inLanguage":"sv-SE"}]}},"_links":{"self":[{"href":"https:\/\/embreis.com\/no\/wp-json\/wp\/v2\/product\/13757","targetHints":{"allow":["GET"]}}],"collection":[{"href":"https:\/\/embreis.com\/no\/wp-json\/wp\/v2\/product"}],"about":[{"href":"https:\/\/embreis.com\/no\/wp-json\/wp\/v2\/types\/product"}],"wp:featuredmedia":[{"embeddable":true,"href":"https:\/\/embreis.com\/no\/wp-json\/wp\/v2\/media\/13746"}],"wp:attachment":[{"href":"https:\/\/embreis.com\/no\/wp-json\/wp\/v2\/media?parent=13757"}],"wp:term":[{"taxonomy":"product_brand","embeddable":true,"href":"https:\/\/embreis.com\/no\/wp-json\/wp\/v2\/product_brand?post=13757"},{"taxonomy":"product_cat","embeddable":true,"href":"https:\/\/embreis.com\/no\/wp-json\/wp\/v2\/product_cat?post=13757"},{"taxonomy":"product_tag","embeddable":true,"href":"https:\/\/embreis.com\/no\/wp-json\/wp\/v2\/product_tag?post=13757"}],"curies":[{"name":"wp","href":"https:\/\/api.w.org\/{rel}","templated":true}]}}

<p><strong>C-Pro ADM Sizing Liners er et praktisk hjelpemiddel for raskt og nøyaktig å bestemme riktig størrelse på C-Pro ADM AFO.</strong></p>
<p>Etter korrigering av PEVA kan barnets fot være liten og vanskelig å størrelsesbestemme kun ved måling. Sizing Liners er utformet med samme form som ADM AFO liners og gjør det mulig å prøve ulike størrelser direkte på barnets fot før riktig AFO bestilles.</p>
<p>Hvert størrelsessett inneholder venstre- og høyreliners som er merket med respektive størrelse og holdt sammen i ett sett. En åpning ved hælen gjør det mulig å kontrollere hælens posisjon i lineren.</p>
<p>Sizing Liners finnes i to størrelsessett: Small (0000–5) og Large (6–12).</p>

<p>C-Pro ADM Sizing Liners er et praktisk hjelpemiddel for raskt og nøyaktig å bestemme riktig størrelse på C-Pro ADM AFO. [&hellip;]</p>

<!-- This site is optimized with the Yoast SEO Premium plugin v27.3 (Yoast SEO v27.3) - https://yoast.com/product/yoast-seo-premium-wordpress/ -->
<title>ADM AFO storleksmallar - Embreis NO</title>
<meta name="robots" content="index, follow, max-snippet:-1, max-image-preview:large, max-video-preview:-1" />
<link rel="canonical" href="https://embreis.com/no/produkt/adm-afo-storleksmallar/" />
<meta property="og:locale" content="sv_SE" />
<meta property="og:type" content="article" />
<meta property="og:title" content="ADM AFO storleksmallar" />
<meta property="og:description" content="C-Pro ADM Sizing Liners er et praktisk hjelpemiddel for raskt og nøyaktig å bestemme riktig størrelse på C-Pro ADM AFO. [&hellip;]" />
<meta property="og:url" content="https://embreis.com/no/produkt/adm-afo-storleksmallar/" />
<meta property="og:site_name" content="Embreis NO" />
<meta property="article:modified_time" content="2026-09-02T14:21:25+00:00" />
<meta property="og:image" content="https://embreis.com/no/wp-content/uploads/sites/9/2026/09/Storleksmall_1.png" />
	<meta property="og:image:width" content="800" />
	<meta property="og:image:height" content="800" />
	<meta property="og:image:type" content="image/png" />
<meta name="twitter:card" content="summary_large_image" />
<meta name="twitter:label1" content="Beräknad lästid" />
	<meta name="twitter:data1" content="1 minut" />
<script type="application/ld+json" class="yoast-schema-graph">{"@context":"https:\/\/schema.org","@graph":[{"@type":"WebPage","@id":"https:\/\/embreis.com\/no\/produkt\/adm-afo-storleksmallar\/","url":"https:\/\/embreis.com\/no\/produkt\/adm-afo-storleksmallar\/","name":"ADM AFO storleksmallar - Embreis NO","isPartOf":{"@id":"https:\/\/embreis.com\/no\/#website"},"primaryImageOfPage":{"@id":"https:\/\/embreis.com\/no\/produkt\/adm-afo-storleksmallar\/#primaryimage"},"image":{"@id":"https:\/\/embreis.com\/no\/produkt\/adm-afo-storleksmallar\/#primaryimage"},"thumbnailUrl":"https:\/\/embreis.com\/no\/wp-content\/uploads\/sites\/9\/2026\/09\/Storleksmall_1.png","datePublished":"2026-09-01T15:18:33+00:00","dateModified":"2026-09-02T14:21:25+00:00","breadcrumb":{"@id":"https:\/\/embreis.com\/no\/produkt\/adm-afo-storleksmallar\/#breadcrumb"},"inLanguage":"sv-SE","potentialAction":[{"@type":"ReadAction","target":["https:\/\/embreis.com\/no\/produkt\/adm-afo-storleksmallar\/"]}]},{"@type":"ImageObject","inLanguage":"sv-SE","@id":"https:\/\/embreis.com\/no\/produkt\/adm-afo-storleksmallar\/#primaryimage","url":"https:\/\/embreis.com\/no\/wp-content\/uploads\/sites\/9\/2026\/09\/Storleksmall_1.png","contentUrl":"https:\/\/embreis.com\/no\/wp-content\/uploads\/sites\/9\/2026\/09\/Storleksmall_1.png","width":800,"height":800},{"@type":"BreadcrumbList","@id":"https:\/\/embreis.com\/no\/produkt\/adm-afo-storleksmallar\/#breadcrumb","itemListElement":[{"@type":"ListItem","position":1,"name":"Hem","item":"https:\/\/embreis.com\/no\/"},{"@type":"ListItem","position":2,"name":"Sortiment","item":"https:\/\/embreis.com\/no\/sortiment\/"},{"@type":"ListItem","position":3,"name":"Ortos","item":"https:\/\/embreis.com\/no\/produktkategori\/ortos\/"},{"@type":"ListItem","position":4,"name":"Fot","item":"https:\/\/embreis.com\/no\/produktkategori\/ortos\/fot\/"},{"@type":"ListItem","position":5,"name":"PEVA - Klumpfot","item":"https:\/\/embreis.com\/no\/produktkategori\/ortos\/fot\/peva-klumpfot\/"},{"@type":"ListItem","position":6,"name":"ADM AFO storleksmallar"}]},{"@type":"WebSite","@id":"https:\/\/embreis.com\/no\/#website","url":"https:\/\/embreis.com\/no\/","name":"Embreis NO","description":"Ortoser, proteser och material","potentialAction":[{"@type":"SearchAction","target":{"@type":"EntryPoint","urlTemplate":"https:\/\/embreis.com\/no\/?s={search_term_string}"},"query-input":{"@type":"PropertyValueSpecification","valueRequired":true,"valueName":"search_term_string"}}],"inLanguage":"sv-SE"}]}</script>
<!-- / Yoast SEO Premium plugin. -->

C-Pro ADM Sizing Liners er et praktisk hjelpemiddel for raskt og nøyaktig å bestemme riktig størrelse på C-Pro ADM AFO. [&hellip;]
