{"id":13730,"date":"2026-09-01T16:55:23","date_gmt":"2026-09-01T14:55:23","guid":{"rendered":"https:\/\/embreis.com\/no\/?post_type=product&#038;p=13730"},"modified":"2026-09-02T16:12:43","modified_gmt":"2026-09-02T14:12:43","slug":"c-pro-adm-bars-skenor-for-adm-systemet","status":"publish","type":"product","link":"https:\/\/embreis.com\/no\/produkt\/c-pro-adm-bars-skenor-for-adm-systemet\/","title":{"rendered":"C-Pro ADM Bars \u2013 skenor f\u00f6r ADM-systemet"},"content":{"rendered":"<p><strong>C-Pro ADM Bar Kit best\u00e5r av abduksjonsskinner med faste lengder for bruk sammen med C-Pro ADM AFO og ADM-klips. Skinnene utgj\u00f8r den sentrale koblingen mellom ortosene og kan brukes med b\u00e5de faste og artikulerende klips.<\/strong><\/p>\n<p>Skinnene finnes i ulike lengder og kan bestilles individuelt eller som komplette kit. Small Bar Kit 1 inneholder fem skinner og er beregnet for ADM AFO i st\u00f8rrelse 0000\u20135, mens Large Bar Kit 1 inneholder fire skinner for AFO i st\u00f8rrelse 6\u201312. Ved behov finnes ogs\u00e5 lengre skinner i Small Bar Kit 2 og Large Bar Kit 2.<\/p>\n<p>Skinnens oppgitte lengde refererer til avstanden mellom h\u00e6lene p\u00e5 de to AFO-ortosene, ikke skinnens faktiske fysiske lengde. I henhold til Ponseti-prinsippene tilpasses avstanden mellom AFO-ortosene vanligvis til barnets skulderbredde.<\/p>\n<p><em>C-Pro ADM Bar Kit er en del av det modul\u00e6re ADM-systemet og gir behandleren mulighet til \u00e5 tilpasse ortosel\u00f8sningen etter barnets individuelle behov.<\/em><\/p>\n","protected":false},"excerpt":{"rendered":"<p>C-Pro ADM Bar Kit best\u00e5r av abduksjonsskinner med faste lengder for bruk sammen med C-Pro ADM AFO og ADM-klips. Skinnene [&hellip;]<\/p>\n","protected":false},"featured_media":13729,"template":"","meta":[],"product_brand":[],"product_cat":[1362,217,220],"product_tag":[],"class_list":{"0":"post-13730","1":"product","2":"type-product","3":"status-publish","4":"has-post-thumbnail","6":"product_cat-peva-klumpfot","7":"product_cat-ortos","8":"product_cat-fot","9":"pa_varumarke-c-pro","11":"first","12":"instock","13":"shipping-taxable","14":"product-type-simple"},"acf":[],"yoast_head":"<!-- This site is optimized with the Yoast SEO Premium plugin v27.3 (Yoast SEO v27.3) - https:\/\/yoast.com\/product\/yoast-seo-premium-wordpress\/ -->\n<title>C-Pro ADM Bars \u2013 skenor f\u00f6r ADM-systemet - Embreis NO<\/title>\n<meta name=\"robots\" content=\"index, follow, max-snippet:-1, max-image-preview:large, max-video-preview:-1\" \/>\n<link rel=\"canonical\" href=\"https:\/\/embreis.com\/no\/produkt\/c-pro-adm-bars-skenor-for-adm-systemet\/\" \/>\n<meta property=\"og:locale\" content=\"sv_SE\" \/>\n<meta property=\"og:type\" content=\"article\" \/>\n<meta property=\"og:title\" content=\"C-Pro ADM Bars \u2013 skenor f\u00f6r ADM-systemet\" \/>\n<meta property=\"og:description\" content=\"C-Pro ADM Bar Kit best\u00e5r av abduksjonsskinner med faste lengder for bruk sammen med C-Pro ADM AFO og ADM-klips. Skinnene [&hellip;]\" \/>\n<meta property=\"og:url\" content=\"https:\/\/embreis.com\/no\/produkt\/c-pro-adm-bars-skenor-for-adm-systemet\/\" \/>\n<meta property=\"og:site_name\" content=\"Embreis NO\" \/>\n<meta property=\"article:modified_time\" content=\"2026-09-02T14:12:43+00:00\" \/>\n<meta property=\"og:image\" content=\"https:\/\/embreis.com\/no\/wp-content\/uploads\/sites\/9\/2026\/09\/ADM_bars_1.png\" \/>\n\t<meta property=\"og:image:width\" content=\"800\" \/>\n\t<meta property=\"og:image:height\" content=\"800\" \/>\n\t<meta property=\"og:image:type\" content=\"image\/png\" \/>\n<meta name=\"twitter:card\" content=\"summary_large_image\" \/>\n<meta name=\"twitter:label1\" content=\"Ber\u00e4knad l\u00e4stid\" \/>\n\t<meta name=\"twitter:data1\" content=\"1 minut\" \/>\n<script type=\"application\/ld+json\" class=\"yoast-schema-graph\">{\"@context\":\"https:\\\/\\\/schema.org\",\"@graph\":[{\"@type\":\"WebPage\",\"@id\":\"https:\\\/\\\/embreis.com\\\/no\\\/produkt\\\/c-pro-adm-bars-skenor-for-adm-systemet\\\/\",\"url\":\"https:\\\/\\\/embreis.com\\\/no\\\/produkt\\\/c-pro-adm-bars-skenor-for-adm-systemet\\\/\",\"name\":\"C-Pro ADM Bars \u2013 skenor f\u00f6r ADM-systemet - Embreis NO\",\"isPartOf\":{\"@id\":\"https:\\\/\\\/embreis.com\\\/no\\\/#website\"},\"primaryImageOfPage\":{\"@id\":\"https:\\\/\\\/embreis.com\\\/no\\\/produkt\\\/c-pro-adm-bars-skenor-for-adm-systemet\\\/#primaryimage\"},\"image\":{\"@id\":\"https:\\\/\\\/embreis.com\\\/no\\\/produkt\\\/c-pro-adm-bars-skenor-for-adm-systemet\\\/#primaryimage\"},\"thumbnailUrl\":\"https:\\\/\\\/embreis.com\\\/no\\\/wp-content\\\/uploads\\\/sites\\\/9\\\/2026\\\/09\\\/ADM_bars_1.png\",\"datePublished\":\"2026-09-01T14:55:23+00:00\",\"dateModified\":\"2026-09-02T14:12:43+00:00\",\"breadcrumb\":{\"@id\":\"https:\\\/\\\/embreis.com\\\/no\\\/produkt\\\/c-pro-adm-bars-skenor-for-adm-systemet\\\/#breadcrumb\"},\"inLanguage\":\"sv-SE\",\"potentialAction\":[{\"@type\":\"ReadAction\",\"target\":[\"https:\\\/\\\/embreis.com\\\/no\\\/produkt\\\/c-pro-adm-bars-skenor-for-adm-systemet\\\/\"]}]},{\"@type\":\"ImageObject\",\"inLanguage\":\"sv-SE\",\"@id\":\"https:\\\/\\\/embreis.com\\\/no\\\/produkt\\\/c-pro-adm-bars-skenor-for-adm-systemet\\\/#primaryimage\",\"url\":\"https:\\\/\\\/embreis.com\\\/no\\\/wp-content\\\/uploads\\\/sites\\\/9\\\/2026\\\/09\\\/ADM_bars_1.png\",\"contentUrl\":\"https:\\\/\\\/embreis.com\\\/no\\\/wp-content\\\/uploads\\\/sites\\\/9\\\/2026\\\/09\\\/ADM_bars_1.png\",\"width\":800,\"height\":800},{\"@type\":\"BreadcrumbList\",\"@id\":\"https:\\\/\\\/embreis.com\\\/no\\\/produkt\\\/c-pro-adm-bars-skenor-for-adm-systemet\\\/#breadcrumb\",\"itemListElement\":[{\"@type\":\"ListItem\",\"position\":1,\"name\":\"Hem\",\"item\":\"https:\\\/\\\/embreis.com\\\/no\\\/\"},{\"@type\":\"ListItem\",\"position\":2,\"name\":\"Sortiment\",\"item\":\"https:\\\/\\\/embreis.com\\\/no\\\/sortiment\\\/\"},{\"@type\":\"ListItem\",\"position\":3,\"name\":\"Ortos\",\"item\":\"https:\\\/\\\/embreis.com\\\/no\\\/produktkategori\\\/ortos\\\/\"},{\"@type\":\"ListItem\",\"position\":4,\"name\":\"Fot\",\"item\":\"https:\\\/\\\/embreis.com\\\/no\\\/produktkategori\\\/ortos\\\/fot\\\/\"},{\"@type\":\"ListItem\",\"position\":5,\"name\":\"PEVA - Klumpfot\",\"item\":\"https:\\\/\\\/embreis.com\\\/no\\\/produktkategori\\\/ortos\\\/fot\\\/peva-klumpfot\\\/\"},{\"@type\":\"ListItem\",\"position\":6,\"name\":\"C-Pro ADM Bars \u2013 skenor f\u00f6r ADM-systemet\"}]},{\"@type\":\"WebSite\",\"@id\":\"https:\\\/\\\/embreis.com\\\/no\\\/#website\",\"url\":\"https:\\\/\\\/embreis.com\\\/no\\\/\",\"name\":\"Embreis NO\",\"description\":\"Ortoser, proteser och material\",\"potentialAction\":[{\"@type\":\"SearchAction\",\"target\":{\"@type\":\"EntryPoint\",\"urlTemplate\":\"https:\\\/\\\/embreis.com\\\/no\\\/?s={search_term_string}\"},\"query-input\":{\"@type\":\"PropertyValueSpecification\",\"valueRequired\":true,\"valueName\":\"search_term_string\"}}],\"inLanguage\":\"sv-SE\"}]}<\/script>\n<!-- \/ Yoast SEO Premium plugin. -->","yoast_head_json":{"title":"C-Pro ADM Bars \u2013 skenor f\u00f6r ADM-systemet - Embreis NO","robots":{"index":"index","follow":"follow","max-snippet":"max-snippet:-1","max-image-preview":"max-image-preview:large","max-video-preview":"max-video-preview:-1"},"canonical":"https:\/\/embreis.com\/no\/produkt\/c-pro-adm-bars-skenor-for-adm-systemet\/","og_locale":"sv_SE","og_type":"article","og_title":"C-Pro ADM Bars \u2013 skenor f\u00f6r ADM-systemet","og_description":"C-Pro ADM Bar Kit best\u00e5r av abduksjonsskinner med faste lengder for bruk sammen med C-Pro ADM AFO og ADM-klips. Skinnene [&hellip;]","og_url":"https:\/\/embreis.com\/no\/produkt\/c-pro-adm-bars-skenor-for-adm-systemet\/","og_site_name":"Embreis NO","article_modified_time":"2026-09-02T14:12:43+00:00","og_image":[{"width":800,"height":800,"url":"https:\/\/embreis.com\/no\/wp-content\/uploads\/sites\/9\/2026\/09\/ADM_bars_1.png","type":"image\/png"}],"twitter_card":"summary_large_image","twitter_misc":{"Ber\u00e4knad l\u00e4stid":"1 minut"},"schema":{"@context":"https:\/\/schema.org","@graph":[{"@type":"WebPage","@id":"https:\/\/embreis.com\/no\/produkt\/c-pro-adm-bars-skenor-for-adm-systemet\/","url":"https:\/\/embreis.com\/no\/produkt\/c-pro-adm-bars-skenor-for-adm-systemet\/","name":"C-Pro ADM Bars \u2013 skenor f\u00f6r ADM-systemet - Embreis NO","isPartOf":{"@id":"https:\/\/embreis.com\/no\/#website"},"primaryImageOfPage":{"@id":"https:\/\/embreis.com\/no\/produkt\/c-pro-adm-bars-skenor-for-adm-systemet\/#primaryimage"},"image":{"@id":"https:\/\/embreis.com\/no\/produkt\/c-pro-adm-bars-skenor-for-adm-systemet\/#primaryimage"},"thumbnailUrl":"https:\/\/embreis.com\/no\/wp-content\/uploads\/sites\/9\/2026\/09\/ADM_bars_1.png","datePublished":"2026-09-01T14:55:23+00:00","dateModified":"2026-09-02T14:12:43+00:00","breadcrumb":{"@id":"https:\/\/embreis.com\/no\/produkt\/c-pro-adm-bars-skenor-for-adm-systemet\/#breadcrumb"},"inLanguage":"sv-SE","potentialAction":[{"@type":"ReadAction","target":["https:\/\/embreis.com\/no\/produkt\/c-pro-adm-bars-skenor-for-adm-systemet\/"]}]},{"@type":"ImageObject","inLanguage":"sv-SE","@id":"https:\/\/embreis.com\/no\/produkt\/c-pro-adm-bars-skenor-for-adm-systemet\/#primaryimage","url":"https:\/\/embreis.com\/no\/wp-content\/uploads\/sites\/9\/2026\/09\/ADM_bars_1.png","contentUrl":"https:\/\/embreis.com\/no\/wp-content\/uploads\/sites\/9\/2026\/09\/ADM_bars_1.png","width":800,"height":800},{"@type":"BreadcrumbList","@id":"https:\/\/embreis.com\/no\/produkt\/c-pro-adm-bars-skenor-for-adm-systemet\/#breadcrumb","itemListElement":[{"@type":"ListItem","position":1,"name":"Hem","item":"https:\/\/embreis.com\/no\/"},{"@type":"ListItem","position":2,"name":"Sortiment","item":"https:\/\/embreis.com\/no\/sortiment\/"},{"@type":"ListItem","position":3,"name":"Ortos","item":"https:\/\/embreis.com\/no\/produktkategori\/ortos\/"},{"@type":"ListItem","position":4,"name":"Fot","item":"https:\/\/embreis.com\/no\/produktkategori\/ortos\/fot\/"},{"@type":"ListItem","position":5,"name":"PEVA - Klumpfot","item":"https:\/\/embreis.com\/no\/produktkategori\/ortos\/fot\/peva-klumpfot\/"},{"@type":"ListItem","position":6,"name":"C-Pro ADM Bars \u2013 skenor f\u00f6r ADM-systemet"}]},{"@type":"WebSite","@id":"https:\/\/embreis.com\/no\/#website","url":"https:\/\/embreis.com\/no\/","name":"Embreis NO","description":"Ortoser, proteser och material","potentialAction":[{"@type":"SearchAction","target":{"@type":"EntryPoint","urlTemplate":"https:\/\/embreis.com\/no\/?s={search_term_string}"},"query-input":{"@type":"PropertyValueSpecification","valueRequired":true,"valueName":"search_term_string"}}],"inLanguage":"sv-SE"}]}},"_links":{"self":[{"href":"https:\/\/embreis.com\/no\/wp-json\/wp\/v2\/product\/13730","targetHints":{"allow":["GET"]}}],"collection":[{"href":"https:\/\/embreis.com\/no\/wp-json\/wp\/v2\/product"}],"about":[{"href":"https:\/\/embreis.com\/no\/wp-json\/wp\/v2\/types\/product"}],"wp:featuredmedia":[{"embeddable":true,"href":"https:\/\/embreis.com\/no\/wp-json\/wp\/v2\/media\/13729"}],"wp:attachment":[{"href":"https:\/\/embreis.com\/no\/wp-json\/wp\/v2\/media?parent=13730"}],"wp:term":[{"taxonomy":"product_brand","embeddable":true,"href":"https:\/\/embreis.com\/no\/wp-json\/wp\/v2\/product_brand?post=13730"},{"taxonomy":"product_cat","embeddable":true,"href":"https:\/\/embreis.com\/no\/wp-json\/wp\/v2\/product_cat?post=13730"},{"taxonomy":"product_tag","embeddable":true,"href":"https:\/\/embreis.com\/no\/wp-json\/wp\/v2\/product_tag?post=13730"}],"curies":[{"name":"wp","href":"https:\/\/api.w.org\/{rel}","templated":true}]}}

C-Pro ADM Bars – skenor för ADM-systemet

<p><strong>C-Pro ADM Bar Kit består av abduksjonsskinner med faste lengder for bruk sammen med C-Pro ADM AFO og ADM-klips. Skinnene utgjør den sentrale koblingen mellom ortosene og kan brukes med både faste og artikulerende klips.</strong></p>
<p>Skinnene finnes i ulike lengder og kan bestilles individuelt eller som komplette kit. Small Bar Kit 1 inneholder fem skinner og er beregnet for ADM AFO i størrelse 0000–5, mens Large Bar Kit 1 inneholder fire skinner for AFO i størrelse 6–12. Ved behov finnes også lengre skinner i Small Bar Kit 2 og Large Bar Kit 2.</p>
<p>Skinnens oppgitte lengde refererer til avstanden mellom hælene på de to AFO-ortosene, ikke skinnens faktiske fysiske lengde. I henhold til Ponseti-prinsippene tilpasses avstanden mellom AFO-ortosene vanligvis til barnets skulderbredde.</p>
<p><em>C-Pro ADM Bar Kit er en del av det modulære ADM-systemet og gir behandleren mulighet til å tilpasse ortoseløsningen etter barnets individuelle behov.</em></p>

<p>C-Pro ADM Bar Kit består av abduksjonsskinner med faste lengder for bruk sammen med C-Pro ADM AFO og ADM-klips. Skinnene [&hellip;]</p>

<!-- This site is optimized with the Yoast SEO Premium plugin v27.3 (Yoast SEO v27.3) - https://yoast.com/product/yoast-seo-premium-wordpress/ -->
<title>C-Pro ADM Bars – skenor för ADM-systemet - Embreis NO</title>
<meta name="robots" content="index, follow, max-snippet:-1, max-image-preview:large, max-video-preview:-1" />
<link rel="canonical" href="https://embreis.com/no/produkt/c-pro-adm-bars-skenor-for-adm-systemet/" />
<meta property="og:locale" content="sv_SE" />
<meta property="og:type" content="article" />
<meta property="og:title" content="C-Pro ADM Bars – skenor för ADM-systemet" />
<meta property="og:description" content="C-Pro ADM Bar Kit består av abduksjonsskinner med faste lengder for bruk sammen med C-Pro ADM AFO og ADM-klips. Skinnene [&hellip;]" />
<meta property="og:url" content="https://embreis.com/no/produkt/c-pro-adm-bars-skenor-for-adm-systemet/" />
<meta property="og:site_name" content="Embreis NO" />
<meta property="article:modified_time" content="2026-09-02T14:12:43+00:00" />
<meta property="og:image" content="https://embreis.com/no/wp-content/uploads/sites/9/2026/09/ADM_bars_1.png" />
	<meta property="og:image:width" content="800" />
	<meta property="og:image:height" content="800" />
	<meta property="og:image:type" content="image/png" />
<meta name="twitter:card" content="summary_large_image" />
<meta name="twitter:label1" content="Beräknad lästid" />
	<meta name="twitter:data1" content="1 minut" />
<script type="application/ld+json" class="yoast-schema-graph">{"@context":"https:\/\/schema.org","@graph":[{"@type":"WebPage","@id":"https:\/\/embreis.com\/no\/produkt\/c-pro-adm-bars-skenor-for-adm-systemet\/","url":"https:\/\/embreis.com\/no\/produkt\/c-pro-adm-bars-skenor-for-adm-systemet\/","name":"C-Pro ADM Bars – skenor för ADM-systemet - Embreis NO","isPartOf":{"@id":"https:\/\/embreis.com\/no\/#website"},"primaryImageOfPage":{"@id":"https:\/\/embreis.com\/no\/produkt\/c-pro-adm-bars-skenor-for-adm-systemet\/#primaryimage"},"image":{"@id":"https:\/\/embreis.com\/no\/produkt\/c-pro-adm-bars-skenor-for-adm-systemet\/#primaryimage"},"thumbnailUrl":"https:\/\/embreis.com\/no\/wp-content\/uploads\/sites\/9\/2026\/09\/ADM_bars_1.png","datePublished":"2026-09-01T14:55:23+00:00","dateModified":"2026-09-02T14:12:43+00:00","breadcrumb":{"@id":"https:\/\/embreis.com\/no\/produkt\/c-pro-adm-bars-skenor-for-adm-systemet\/#breadcrumb"},"inLanguage":"sv-SE","potentialAction":[{"@type":"ReadAction","target":["https:\/\/embreis.com\/no\/produkt\/c-pro-adm-bars-skenor-for-adm-systemet\/"]}]},{"@type":"ImageObject","inLanguage":"sv-SE","@id":"https:\/\/embreis.com\/no\/produkt\/c-pro-adm-bars-skenor-for-adm-systemet\/#primaryimage","url":"https:\/\/embreis.com\/no\/wp-content\/uploads\/sites\/9\/2026\/09\/ADM_bars_1.png","contentUrl":"https:\/\/embreis.com\/no\/wp-content\/uploads\/sites\/9\/2026\/09\/ADM_bars_1.png","width":800,"height":800},{"@type":"BreadcrumbList","@id":"https:\/\/embreis.com\/no\/produkt\/c-pro-adm-bars-skenor-for-adm-systemet\/#breadcrumb","itemListElement":[{"@type":"ListItem","position":1,"name":"Hem","item":"https:\/\/embreis.com\/no\/"},{"@type":"ListItem","position":2,"name":"Sortiment","item":"https:\/\/embreis.com\/no\/sortiment\/"},{"@type":"ListItem","position":3,"name":"Ortos","item":"https:\/\/embreis.com\/no\/produktkategori\/ortos\/"},{"@type":"ListItem","position":4,"name":"Fot","item":"https:\/\/embreis.com\/no\/produktkategori\/ortos\/fot\/"},{"@type":"ListItem","position":5,"name":"PEVA - Klumpfot","item":"https:\/\/embreis.com\/no\/produktkategori\/ortos\/fot\/peva-klumpfot\/"},{"@type":"ListItem","position":6,"name":"C-Pro ADM Bars – skenor för ADM-systemet"}]},{"@type":"WebSite","@id":"https:\/\/embreis.com\/no\/#website","url":"https:\/\/embreis.com\/no\/","name":"Embreis NO","description":"Ortoser, proteser och material","potentialAction":[{"@type":"SearchAction","target":{"@type":"EntryPoint","urlTemplate":"https:\/\/embreis.com\/no\/?s={search_term_string}"},"query-input":{"@type":"PropertyValueSpecification","valueRequired":true,"valueName":"search_term_string"}}],"inLanguage":"sv-SE"}]}</script>
<!-- / Yoast SEO Premium plugin. -->

C-Pro ADM Bars – skenor för ADM-systemet - Embreis NO

C-Pro ADM Bar Kit består av abduksjonsskinner med faste lengder for bruk sammen med C-Pro ADM AFO og ADM-klips. Skinnene [&hellip;]
