{"id":13728,"date":"2026-09-01T16:53:47","date_gmt":"2026-09-01T14:53:47","guid":{"rendered":"https:\/\/embreis.com\/no\/?post_type=product&#038;p=13728"},"modified":"2026-09-02T16:19:37","modified_gmt":"2026-09-02T14:19:37","slug":"c-pro-adm-afo-sandal","status":"publish","type":"product","link":"https:\/\/embreis.com\/no\/produkt\/c-pro-adm-afo-sandal\/","title":{"rendered":"C-Pro ADM AFO-sandal"},"content":{"rendered":"<p><strong>ADM AFO (ankel-fot-ortose) er en sandal som opprettholder korrigeringen av PEVA om natten og reduserer risikoen for tilbakefall. Sandalen brukes i kombinasjon med en ADM-skinne.<\/strong><\/p>\n<p>ADM AFO-sandalen er utformet med fokus p\u00e5 b\u00e5de funksjon og komfort, to viktige faktorer for et vellykket behandlingsresultat. Ortosen er anatomisk utformet for h\u00f8yre og venstre fot og har sv\u00e6rt lav vekt, noe som bidrar til en behagelig og sikker passform. Den unike utformingen bidrar til \u00e5 optimalisere stort\u00e5ens posisjon, motvirke h\u00f8y fotbue og st\u00f8tte utviklingen av en mer normal fotform.<\/p>\n<p>Innsiden og melloms\u00e5len er laget av formbar EVA som forbedrer passformen og bidrar til \u00e5 redusere risikoen for hudirritasjon og trykks\u00e5r. Myke neoprenpolstrede stropper med lycraforing gj\u00f8r ortosen enkel \u00e5 ta p\u00e5 og justere, samtidig som de bidrar til h\u00f8y komfort ved lengre bruk.<\/p>\n","protected":false},"excerpt":{"rendered":"<p>ADM AFO (ankel-fot-ortose) er en sandal som opprettholder korrigeringen av PEVA om natten og reduserer risikoen for tilbakefall. Sandalen brukes [&hellip;]<\/p>\n","protected":false},"featured_media":13725,"template":"","meta":[],"product_brand":[],"product_cat":[1380,1362,217,220],"product_tag":[],"class_list":{"0":"post-13728","1":"product","2":"type-product","3":"status-publish","4":"has-post-thumbnail","6":"product_cat-nyheter","7":"product_cat-peva-klumpfot","8":"product_cat-ortos","9":"product_cat-fot","10":"pa_varumarke-c-pro","12":"first","13":"instock","14":"shipping-taxable","15":"product-type-simple"},"acf":[],"yoast_head":"<!-- This site is optimized with the Yoast SEO Premium plugin v27.3 (Yoast SEO v27.3) - https:\/\/yoast.com\/product\/yoast-seo-premium-wordpress\/ -->\n<title>C-Pro ADM AFO-sandal - Embreis NO<\/title>\n<meta name=\"robots\" content=\"index, follow, max-snippet:-1, max-image-preview:large, max-video-preview:-1\" \/>\n<link rel=\"canonical\" href=\"https:\/\/embreis.com\/no\/produkt\/c-pro-adm-afo-sandal\/\" \/>\n<meta property=\"og:locale\" content=\"sv_SE\" \/>\n<meta property=\"og:type\" content=\"article\" \/>\n<meta property=\"og:title\" content=\"C-Pro ADM AFO-sandal\" \/>\n<meta property=\"og:description\" content=\"ADM AFO (ankel-fot-ortose) er en sandal som opprettholder korrigeringen av PEVA om natten og reduserer risikoen for tilbakefall. Sandalen brukes [&hellip;]\" \/>\n<meta property=\"og:url\" content=\"https:\/\/embreis.com\/no\/produkt\/c-pro-adm-afo-sandal\/\" \/>\n<meta property=\"og:site_name\" content=\"Embreis NO\" \/>\n<meta property=\"article:modified_time\" content=\"2026-09-02T14:19:37+00:00\" \/>\n<meta property=\"og:image\" content=\"https:\/\/embreis.com\/no\/wp-content\/uploads\/sites\/9\/2026\/09\/C-Pro_ADM_AFO-sandal_natt_1.png\" \/>\n\t<meta property=\"og:image:width\" content=\"800\" \/>\n\t<meta property=\"og:image:height\" content=\"800\" \/>\n\t<meta property=\"og:image:type\" content=\"image\/png\" \/>\n<meta name=\"twitter:card\" content=\"summary_large_image\" \/>\n<meta name=\"twitter:label1\" content=\"Ber\u00e4knad l\u00e4stid\" \/>\n\t<meta name=\"twitter:data1\" content=\"1 minut\" \/>\n<script type=\"application\/ld+json\" class=\"yoast-schema-graph\">{\"@context\":\"https:\\\/\\\/schema.org\",\"@graph\":[{\"@type\":\"WebPage\",\"@id\":\"https:\\\/\\\/embreis.com\\\/no\\\/produkt\\\/c-pro-adm-afo-sandal\\\/\",\"url\":\"https:\\\/\\\/embreis.com\\\/no\\\/produkt\\\/c-pro-adm-afo-sandal\\\/\",\"name\":\"C-Pro ADM AFO-sandal - Embreis NO\",\"isPartOf\":{\"@id\":\"https:\\\/\\\/embreis.com\\\/no\\\/#website\"},\"primaryImageOfPage\":{\"@id\":\"https:\\\/\\\/embreis.com\\\/no\\\/produkt\\\/c-pro-adm-afo-sandal\\\/#primaryimage\"},\"image\":{\"@id\":\"https:\\\/\\\/embreis.com\\\/no\\\/produkt\\\/c-pro-adm-afo-sandal\\\/#primaryimage\"},\"thumbnailUrl\":\"https:\\\/\\\/embreis.com\\\/no\\\/wp-content\\\/uploads\\\/sites\\\/9\\\/2026\\\/09\\\/C-Pro_ADM_AFO-sandal_natt_1.png\",\"datePublished\":\"2026-09-01T14:53:47+00:00\",\"dateModified\":\"2026-09-02T14:19:37+00:00\",\"breadcrumb\":{\"@id\":\"https:\\\/\\\/embreis.com\\\/no\\\/produkt\\\/c-pro-adm-afo-sandal\\\/#breadcrumb\"},\"inLanguage\":\"sv-SE\",\"potentialAction\":[{\"@type\":\"ReadAction\",\"target\":[\"https:\\\/\\\/embreis.com\\\/no\\\/produkt\\\/c-pro-adm-afo-sandal\\\/\"]}]},{\"@type\":\"ImageObject\",\"inLanguage\":\"sv-SE\",\"@id\":\"https:\\\/\\\/embreis.com\\\/no\\\/produkt\\\/c-pro-adm-afo-sandal\\\/#primaryimage\",\"url\":\"https:\\\/\\\/embreis.com\\\/no\\\/wp-content\\\/uploads\\\/sites\\\/9\\\/2026\\\/09\\\/C-Pro_ADM_AFO-sandal_natt_1.png\",\"contentUrl\":\"https:\\\/\\\/embreis.com\\\/no\\\/wp-content\\\/uploads\\\/sites\\\/9\\\/2026\\\/09\\\/C-Pro_ADM_AFO-sandal_natt_1.png\",\"width\":800,\"height\":800},{\"@type\":\"BreadcrumbList\",\"@id\":\"https:\\\/\\\/embreis.com\\\/no\\\/produkt\\\/c-pro-adm-afo-sandal\\\/#breadcrumb\",\"itemListElement\":[{\"@type\":\"ListItem\",\"position\":1,\"name\":\"Hem\",\"item\":\"https:\\\/\\\/embreis.com\\\/no\\\/\"},{\"@type\":\"ListItem\",\"position\":2,\"name\":\"Sortiment\",\"item\":\"https:\\\/\\\/embreis.com\\\/no\\\/sortiment\\\/\"},{\"@type\":\"ListItem\",\"position\":3,\"name\":\"Ortos\",\"item\":\"https:\\\/\\\/embreis.com\\\/no\\\/produktkategori\\\/ortos\\\/\"},{\"@type\":\"ListItem\",\"position\":4,\"name\":\"Fot\",\"item\":\"https:\\\/\\\/embreis.com\\\/no\\\/produktkategori\\\/ortos\\\/fot\\\/\"},{\"@type\":\"ListItem\",\"position\":5,\"name\":\"PEVA - Klumpfot\",\"item\":\"https:\\\/\\\/embreis.com\\\/no\\\/produktkategori\\\/ortos\\\/fot\\\/peva-klumpfot\\\/\"},{\"@type\":\"ListItem\",\"position\":6,\"name\":\"C-Pro ADM AFO-sandal\"}]},{\"@type\":\"WebSite\",\"@id\":\"https:\\\/\\\/embreis.com\\\/no\\\/#website\",\"url\":\"https:\\\/\\\/embreis.com\\\/no\\\/\",\"name\":\"Embreis NO\",\"description\":\"Ortoser, proteser och material\",\"potentialAction\":[{\"@type\":\"SearchAction\",\"target\":{\"@type\":\"EntryPoint\",\"urlTemplate\":\"https:\\\/\\\/embreis.com\\\/no\\\/?s={search_term_string}\"},\"query-input\":{\"@type\":\"PropertyValueSpecification\",\"valueRequired\":true,\"valueName\":\"search_term_string\"}}],\"inLanguage\":\"sv-SE\"}]}<\/script>\n<!-- \/ Yoast SEO Premium plugin. -->","yoast_head_json":{"title":"C-Pro ADM AFO-sandal - Embreis NO","robots":{"index":"index","follow":"follow","max-snippet":"max-snippet:-1","max-image-preview":"max-image-preview:large","max-video-preview":"max-video-preview:-1"},"canonical":"https:\/\/embreis.com\/no\/produkt\/c-pro-adm-afo-sandal\/","og_locale":"sv_SE","og_type":"article","og_title":"C-Pro ADM AFO-sandal","og_description":"ADM AFO (ankel-fot-ortose) er en sandal som opprettholder korrigeringen av PEVA om natten og reduserer risikoen for tilbakefall. Sandalen brukes [&hellip;]","og_url":"https:\/\/embreis.com\/no\/produkt\/c-pro-adm-afo-sandal\/","og_site_name":"Embreis NO","article_modified_time":"2026-09-02T14:19:37+00:00","og_image":[{"width":800,"height":800,"url":"https:\/\/embreis.com\/no\/wp-content\/uploads\/sites\/9\/2026\/09\/C-Pro_ADM_AFO-sandal_natt_1.png","type":"image\/png"}],"twitter_card":"summary_large_image","twitter_misc":{"Ber\u00e4knad l\u00e4stid":"1 minut"},"schema":{"@context":"https:\/\/schema.org","@graph":[{"@type":"WebPage","@id":"https:\/\/embreis.com\/no\/produkt\/c-pro-adm-afo-sandal\/","url":"https:\/\/embreis.com\/no\/produkt\/c-pro-adm-afo-sandal\/","name":"C-Pro ADM AFO-sandal - Embreis NO","isPartOf":{"@id":"https:\/\/embreis.com\/no\/#website"},"primaryImageOfPage":{"@id":"https:\/\/embreis.com\/no\/produkt\/c-pro-adm-afo-sandal\/#primaryimage"},"image":{"@id":"https:\/\/embreis.com\/no\/produkt\/c-pro-adm-afo-sandal\/#primaryimage"},"thumbnailUrl":"https:\/\/embreis.com\/no\/wp-content\/uploads\/sites\/9\/2026\/09\/C-Pro_ADM_AFO-sandal_natt_1.png","datePublished":"2026-09-01T14:53:47+00:00","dateModified":"2026-09-02T14:19:37+00:00","breadcrumb":{"@id":"https:\/\/embreis.com\/no\/produkt\/c-pro-adm-afo-sandal\/#breadcrumb"},"inLanguage":"sv-SE","potentialAction":[{"@type":"ReadAction","target":["https:\/\/embreis.com\/no\/produkt\/c-pro-adm-afo-sandal\/"]}]},{"@type":"ImageObject","inLanguage":"sv-SE","@id":"https:\/\/embreis.com\/no\/produkt\/c-pro-adm-afo-sandal\/#primaryimage","url":"https:\/\/embreis.com\/no\/wp-content\/uploads\/sites\/9\/2026\/09\/C-Pro_ADM_AFO-sandal_natt_1.png","contentUrl":"https:\/\/embreis.com\/no\/wp-content\/uploads\/sites\/9\/2026\/09\/C-Pro_ADM_AFO-sandal_natt_1.png","width":800,"height":800},{"@type":"BreadcrumbList","@id":"https:\/\/embreis.com\/no\/produkt\/c-pro-adm-afo-sandal\/#breadcrumb","itemListElement":[{"@type":"ListItem","position":1,"name":"Hem","item":"https:\/\/embreis.com\/no\/"},{"@type":"ListItem","position":2,"name":"Sortiment","item":"https:\/\/embreis.com\/no\/sortiment\/"},{"@type":"ListItem","position":3,"name":"Ortos","item":"https:\/\/embreis.com\/no\/produktkategori\/ortos\/"},{"@type":"ListItem","position":4,"name":"Fot","item":"https:\/\/embreis.com\/no\/produktkategori\/ortos\/fot\/"},{"@type":"ListItem","position":5,"name":"PEVA - Klumpfot","item":"https:\/\/embreis.com\/no\/produktkategori\/ortos\/fot\/peva-klumpfot\/"},{"@type":"ListItem","position":6,"name":"C-Pro ADM AFO-sandal"}]},{"@type":"WebSite","@id":"https:\/\/embreis.com\/no\/#website","url":"https:\/\/embreis.com\/no\/","name":"Embreis NO","description":"Ortoser, proteser och material","potentialAction":[{"@type":"SearchAction","target":{"@type":"EntryPoint","urlTemplate":"https:\/\/embreis.com\/no\/?s={search_term_string}"},"query-input":{"@type":"PropertyValueSpecification","valueRequired":true,"valueName":"search_term_string"}}],"inLanguage":"sv-SE"}]}},"_links":{"self":[{"href":"https:\/\/embreis.com\/no\/wp-json\/wp\/v2\/product\/13728","targetHints":{"allow":["GET"]}}],"collection":[{"href":"https:\/\/embreis.com\/no\/wp-json\/wp\/v2\/product"}],"about":[{"href":"https:\/\/embreis.com\/no\/wp-json\/wp\/v2\/types\/product"}],"wp:featuredmedia":[{"embeddable":true,"href":"https:\/\/embreis.com\/no\/wp-json\/wp\/v2\/media\/13725"}],"wp:attachment":[{"href":"https:\/\/embreis.com\/no\/wp-json\/wp\/v2\/media?parent=13728"}],"wp:term":[{"taxonomy":"product_brand","embeddable":true,"href":"https:\/\/embreis.com\/no\/wp-json\/wp\/v2\/product_brand?post=13728"},{"taxonomy":"product_cat","embeddable":true,"href":"https:\/\/embreis.com\/no\/wp-json\/wp\/v2\/product_cat?post=13728"},{"taxonomy":"product_tag","embeddable":true,"href":"https:\/\/embreis.com\/no\/wp-json\/wp\/v2\/product_tag?post=13728"}],"curies":[{"name":"wp","href":"https:\/\/api.w.org\/{rel}","templated":true}]}}

<p><strong>ADM AFO (ankel-fot-ortose) er en sandal som opprettholder korrigeringen av PEVA om natten og reduserer risikoen for tilbakefall. Sandalen brukes i kombinasjon med en ADM-skinne.</strong></p>
<p>ADM AFO-sandalen er utformet med fokus på både funksjon og komfort, to viktige faktorer for et vellykket behandlingsresultat. Ortosen er anatomisk utformet for høyre og venstre fot og har svært lav vekt, noe som bidrar til en behagelig og sikker passform. Den unike utformingen bidrar til å optimalisere stortåens posisjon, motvirke høy fotbue og støtte utviklingen av en mer normal fotform.</p>
<p>Innsiden og mellomsålen er laget av formbar EVA som forbedrer passformen og bidrar til å redusere risikoen for hudirritasjon og trykksår. Myke neoprenpolstrede stropper med lycraforing gjør ortosen enkel å ta på og justere, samtidig som de bidrar til høy komfort ved lengre bruk.</p>

<!-- This site is optimized with the Yoast SEO Premium plugin v27.3 (Yoast SEO v27.3) - https://yoast.com/product/yoast-seo-premium-wordpress/ -->
<title>C-Pro ADM AFO-sandal - Embreis NO</title>
<meta name="robots" content="index, follow, max-snippet:-1, max-image-preview:large, max-video-preview:-1" />
<link rel="canonical" href="https://embreis.com/no/produkt/c-pro-adm-afo-sandal/" />
<meta property="og:locale" content="sv_SE" />
<meta property="og:type" content="article" />
<meta property="og:title" content="C-Pro ADM AFO-sandal" />
<meta property="og:description" content="ADM AFO (ankel-fot-ortose) er en sandal som opprettholder korrigeringen av PEVA om natten og reduserer risikoen for tilbakefall. Sandalen brukes [&hellip;]" />
<meta property="og:url" content="https://embreis.com/no/produkt/c-pro-adm-afo-sandal/" />
<meta property="og:site_name" content="Embreis NO" />
<meta property="article:modified_time" content="2026-09-02T14:19:37+00:00" />
<meta property="og:image" content="https://embreis.com/no/wp-content/uploads/sites/9/2026/09/C-Pro_ADM_AFO-sandal_natt_1.png" />
	<meta property="og:image:width" content="800" />
	<meta property="og:image:height" content="800" />
	<meta property="og:image:type" content="image/png" />
<meta name="twitter:card" content="summary_large_image" />
<meta name="twitter:label1" content="Beräknad lästid" />
	<meta name="twitter:data1" content="1 minut" />
<script type="application/ld+json" class="yoast-schema-graph">{"@context":"https:\/\/schema.org","@graph":[{"@type":"WebPage","@id":"https:\/\/embreis.com\/no\/produkt\/c-pro-adm-afo-sandal\/","url":"https:\/\/embreis.com\/no\/produkt\/c-pro-adm-afo-sandal\/","name":"C-Pro ADM AFO-sandal - Embreis NO","isPartOf":{"@id":"https:\/\/embreis.com\/no\/#website"},"primaryImageOfPage":{"@id":"https:\/\/embreis.com\/no\/produkt\/c-pro-adm-afo-sandal\/#primaryimage"},"image":{"@id":"https:\/\/embreis.com\/no\/produkt\/c-pro-adm-afo-sandal\/#primaryimage"},"thumbnailUrl":"https:\/\/embreis.com\/no\/wp-content\/uploads\/sites\/9\/2026\/09\/C-Pro_ADM_AFO-sandal_natt_1.png","datePublished":"2026-09-01T14:53:47+00:00","dateModified":"2026-09-02T14:19:37+00:00","breadcrumb":{"@id":"https:\/\/embreis.com\/no\/produkt\/c-pro-adm-afo-sandal\/#breadcrumb"},"inLanguage":"sv-SE","potentialAction":[{"@type":"ReadAction","target":["https:\/\/embreis.com\/no\/produkt\/c-pro-adm-afo-sandal\/"]}]},{"@type":"ImageObject","inLanguage":"sv-SE","@id":"https:\/\/embreis.com\/no\/produkt\/c-pro-adm-afo-sandal\/#primaryimage","url":"https:\/\/embreis.com\/no\/wp-content\/uploads\/sites\/9\/2026\/09\/C-Pro_ADM_AFO-sandal_natt_1.png","contentUrl":"https:\/\/embreis.com\/no\/wp-content\/uploads\/sites\/9\/2026\/09\/C-Pro_ADM_AFO-sandal_natt_1.png","width":800,"height":800},{"@type":"BreadcrumbList","@id":"https:\/\/embreis.com\/no\/produkt\/c-pro-adm-afo-sandal\/#breadcrumb","itemListElement":[{"@type":"ListItem","position":1,"name":"Hem","item":"https:\/\/embreis.com\/no\/"},{"@type":"ListItem","position":2,"name":"Sortiment","item":"https:\/\/embreis.com\/no\/sortiment\/"},{"@type":"ListItem","position":3,"name":"Ortos","item":"https:\/\/embreis.com\/no\/produktkategori\/ortos\/"},{"@type":"ListItem","position":4,"name":"Fot","item":"https:\/\/embreis.com\/no\/produktkategori\/ortos\/fot\/"},{"@type":"ListItem","position":5,"name":"PEVA - Klumpfot","item":"https:\/\/embreis.com\/no\/produktkategori\/ortos\/fot\/peva-klumpfot\/"},{"@type":"ListItem","position":6,"name":"C-Pro ADM AFO-sandal"}]},{"@type":"WebSite","@id":"https:\/\/embreis.com\/no\/#website","url":"https:\/\/embreis.com\/no\/","name":"Embreis NO","description":"Ortoser, proteser och material","potentialAction":[{"@type":"SearchAction","target":{"@type":"EntryPoint","urlTemplate":"https:\/\/embreis.com\/no\/?s={search_term_string}"},"query-input":{"@type":"PropertyValueSpecification","valueRequired":true,"valueName":"search_term_string"}}],"inLanguage":"sv-SE"}]}</script>
<!-- / Yoast SEO Premium plugin. -->
