{"id":2006,"date":"2020-02-14T15:55:23","date_gmt":"2020-02-14T13:55:23","guid":{"rendered":"http:\/\/embreiscom.wpengine.com\/product\/elux-patella\/"},"modified":"2021-02-21T13:01:03","modified_gmt":"2021-02-21T11:01:03","slug":"elux-patella","status":"publish","type":"product","link":"https:\/\/embreis.com\/dk\/produkt\/elux-patella\/","title":{"rendered":"eLux Patella"},"content":{"rendered":"<p>eLux Patella \u00e4r en stabiliserande ortos f\u00f6r kn\u00e4sk\u00e5len. Den anv\u00e4nds som st\u00f6d vid patellaluxation, patellofemorala sm\u00e4rtor samt postoperativ stabilisering av kn\u00e4sk\u00e5len. Den laterala\/distala pelotten med s\u00e5 kallad \u201dJ-form\u201d ger tillsammans med dragbanden st\u00f6d och korrigering av kn\u00e4sk\u00e5len. Ortosen dras \u00f6ver kn\u00e4t, sitter bra p\u00e5 plats och \u00e4r smidig att anv\u00e4nda. Materialet \u00e4r en kombination av neoprene och lycra f\u00f6r optimal f\u00f6ljsamhet, kompression och komfor<\/p>\n","protected":false},"excerpt":{"rendered":"<ul>\n<li>Stabilisering av patella<\/li>\n<li>Lateral pelott<\/li>\n<li>Laterala dragband<\/li>\n<li>Bilaterala spiralfj\u00e4drar<\/li>\n<\/ul>\n","protected":false},"featured_media":11686,"template":"","meta":[],"product_brand":[],"product_cat":[217,222,1228],"product_tag":[],"class_list":{"0":"post-2006","1":"product","2":"type-product","3":"status-publish","4":"has-post-thumbnail","6":"product_cat-ortos","7":"product_cat-kna","8":"product_cat-patellaortos","9":"pa_varumarke-embreis","11":"first","12":"outofstock","13":"featured","14":"shipping-taxable","15":"product-type-variable"},"acf":[],"yoast_head":"<!-- This site is optimized with the Yoast SEO Premium plugin v27.3 (Yoast SEO v27.3) - https:\/\/yoast.com\/product\/yoast-seo-premium-wordpress\/ -->\n<title>eLux Patella - Embreis DK<\/title>\n<meta name=\"robots\" content=\"index, follow, max-snippet:-1, max-image-preview:large, max-video-preview:-1\" \/>\n<link rel=\"canonical\" href=\"https:\/\/embreis.com\/dk\/produkt\/elux-patella\/\" \/>\n<meta property=\"og:locale\" content=\"sv_SE\" \/>\n<meta property=\"og:type\" content=\"article\" \/>\n<meta property=\"og:title\" content=\"eLux Patella\" \/>\n<meta property=\"og:description\" content=\"Stabilisering av patella  Lateral pelott  Laterala dragband  Bilaterala spiralfj\u00e4drar\" \/>\n<meta property=\"og:url\" content=\"https:\/\/embreis.com\/dk\/produkt\/elux-patella\/\" \/>\n<meta property=\"og:site_name\" content=\"Embreis DK\" \/>\n<meta property=\"article:modified_time\" content=\"2021-02-21T11:01:03+00:00\" \/>\n<meta property=\"og:image\" content=\"https:\/\/embreis.com\/dk\/wp-content\/uploads\/sites\/8\/2020\/12\/embreis.elux_.patella.wa_.1.jpg\" \/>\n\t<meta property=\"og:image:width\" content=\"1000\" \/>\n\t<meta property=\"og:image:height\" content=\"1000\" \/>\n\t<meta property=\"og:image:type\" content=\"image\/jpeg\" \/>\n<meta name=\"twitter:card\" content=\"summary_large_image\" \/>\n<script type=\"application\/ld+json\" class=\"yoast-schema-graph\">{\"@context\":\"https:\\\/\\\/schema.org\",\"@graph\":[{\"@type\":\"WebPage\",\"@id\":\"https:\\\/\\\/embreis.com\\\/dk\\\/produkt\\\/elux-patella\\\/\",\"url\":\"https:\\\/\\\/embreis.com\\\/dk\\\/produkt\\\/elux-patella\\\/\",\"name\":\"eLux Patella - Embreis DK\",\"isPartOf\":{\"@id\":\"https:\\\/\\\/embreis.com\\\/dk\\\/#website\"},\"primaryImageOfPage\":{\"@id\":\"https:\\\/\\\/embreis.com\\\/dk\\\/produkt\\\/elux-patella\\\/#primaryimage\"},\"image\":{\"@id\":\"https:\\\/\\\/embreis.com\\\/dk\\\/produkt\\\/elux-patella\\\/#primaryimage\"},\"thumbnailUrl\":\"https:\\\/\\\/embreis.com\\\/dk\\\/wp-content\\\/uploads\\\/sites\\\/8\\\/2020\\\/12\\\/embreis.elux_.patella.wa_.1.jpg\",\"datePublished\":\"2020-02-14T13:55:23+00:00\",\"dateModified\":\"2021-02-21T11:01:03+00:00\",\"breadcrumb\":{\"@id\":\"https:\\\/\\\/embreis.com\\\/dk\\\/produkt\\\/elux-patella\\\/#breadcrumb\"},\"inLanguage\":\"sv-SE\",\"potentialAction\":[{\"@type\":\"ReadAction\",\"target\":[\"https:\\\/\\\/embreis.com\\\/dk\\\/produkt\\\/elux-patella\\\/\"]}]},{\"@type\":\"ImageObject\",\"inLanguage\":\"sv-SE\",\"@id\":\"https:\\\/\\\/embreis.com\\\/dk\\\/produkt\\\/elux-patella\\\/#primaryimage\",\"url\":\"https:\\\/\\\/embreis.com\\\/dk\\\/wp-content\\\/uploads\\\/sites\\\/8\\\/2020\\\/12\\\/embreis.elux_.patella.wa_.1.jpg\",\"contentUrl\":\"https:\\\/\\\/embreis.com\\\/dk\\\/wp-content\\\/uploads\\\/sites\\\/8\\\/2020\\\/12\\\/embreis.elux_.patella.wa_.1.jpg\",\"width\":1000,\"height\":1000},{\"@type\":\"BreadcrumbList\",\"@id\":\"https:\\\/\\\/embreis.com\\\/dk\\\/produkt\\\/elux-patella\\\/#breadcrumb\",\"itemListElement\":[{\"@type\":\"ListItem\",\"position\":1,\"name\":\"Hem\",\"item\":\"https:\\\/\\\/embreis.com\\\/dk\\\/\"},{\"@type\":\"ListItem\",\"position\":2,\"name\":\"Sortiment\",\"item\":\"https:\\\/\\\/embreis.com\\\/dk\\\/sortiment\\\/\"},{\"@type\":\"ListItem\",\"position\":3,\"name\":\"Ortos\",\"item\":\"https:\\\/\\\/embreis.com\\\/dk\\\/produktkategori\\\/ortos\\\/\"},{\"@type\":\"ListItem\",\"position\":4,\"name\":\"Kn\u00e4\",\"item\":\"https:\\\/\\\/embreis.com\\\/dk\\\/produktkategori\\\/ortos\\\/kna\\\/\"},{\"@type\":\"ListItem\",\"position\":5,\"name\":\"Patellaortos\",\"item\":\"https:\\\/\\\/embreis.com\\\/dk\\\/produktkategori\\\/ortos\\\/kna\\\/patellaortos\\\/\"},{\"@type\":\"ListItem\",\"position\":6,\"name\":\"eLux Patella\"}]},{\"@type\":\"WebSite\",\"@id\":\"https:\\\/\\\/embreis.com\\\/dk\\\/#website\",\"url\":\"https:\\\/\\\/embreis.com\\\/dk\\\/\",\"name\":\"Embreis DK\",\"description\":\"Ortoser, proteser och material\",\"potentialAction\":[{\"@type\":\"SearchAction\",\"target\":{\"@type\":\"EntryPoint\",\"urlTemplate\":\"https:\\\/\\\/embreis.com\\\/dk\\\/?s={search_term_string}\"},\"query-input\":{\"@type\":\"PropertyValueSpecification\",\"valueRequired\":true,\"valueName\":\"search_term_string\"}}],\"inLanguage\":\"sv-SE\"}]}<\/script>\n<!-- \/ Yoast SEO Premium plugin. -->","yoast_head_json":{"title":"eLux Patella - Embreis DK","robots":{"index":"index","follow":"follow","max-snippet":"max-snippet:-1","max-image-preview":"max-image-preview:large","max-video-preview":"max-video-preview:-1"},"canonical":"https:\/\/embreis.com\/dk\/produkt\/elux-patella\/","og_locale":"sv_SE","og_type":"article","og_title":"eLux Patella","og_description":"Stabilisering av patella  Lateral pelott  Laterala dragband  Bilaterala spiralfj\u00e4drar","og_url":"https:\/\/embreis.com\/dk\/produkt\/elux-patella\/","og_site_name":"Embreis DK","article_modified_time":"2021-02-21T11:01:03+00:00","og_image":[{"width":1000,"height":1000,"url":"https:\/\/embreis.com\/dk\/wp-content\/uploads\/sites\/8\/2020\/12\/embreis.elux_.patella.wa_.1.jpg","type":"image\/jpeg"}],"twitter_card":"summary_large_image","schema":{"@context":"https:\/\/schema.org","@graph":[{"@type":"WebPage","@id":"https:\/\/embreis.com\/dk\/produkt\/elux-patella\/","url":"https:\/\/embreis.com\/dk\/produkt\/elux-patella\/","name":"eLux Patella - Embreis DK","isPartOf":{"@id":"https:\/\/embreis.com\/dk\/#website"},"primaryImageOfPage":{"@id":"https:\/\/embreis.com\/dk\/produkt\/elux-patella\/#primaryimage"},"image":{"@id":"https:\/\/embreis.com\/dk\/produkt\/elux-patella\/#primaryimage"},"thumbnailUrl":"https:\/\/embreis.com\/dk\/wp-content\/uploads\/sites\/8\/2020\/12\/embreis.elux_.patella.wa_.1.jpg","datePublished":"2020-02-14T13:55:23+00:00","dateModified":"2021-02-21T11:01:03+00:00","breadcrumb":{"@id":"https:\/\/embreis.com\/dk\/produkt\/elux-patella\/#breadcrumb"},"inLanguage":"sv-SE","potentialAction":[{"@type":"ReadAction","target":["https:\/\/embreis.com\/dk\/produkt\/elux-patella\/"]}]},{"@type":"ImageObject","inLanguage":"sv-SE","@id":"https:\/\/embreis.com\/dk\/produkt\/elux-patella\/#primaryimage","url":"https:\/\/embreis.com\/dk\/wp-content\/uploads\/sites\/8\/2020\/12\/embreis.elux_.patella.wa_.1.jpg","contentUrl":"https:\/\/embreis.com\/dk\/wp-content\/uploads\/sites\/8\/2020\/12\/embreis.elux_.patella.wa_.1.jpg","width":1000,"height":1000},{"@type":"BreadcrumbList","@id":"https:\/\/embreis.com\/dk\/produkt\/elux-patella\/#breadcrumb","itemListElement":[{"@type":"ListItem","position":1,"name":"Hem","item":"https:\/\/embreis.com\/dk\/"},{"@type":"ListItem","position":2,"name":"Sortiment","item":"https:\/\/embreis.com\/dk\/sortiment\/"},{"@type":"ListItem","position":3,"name":"Ortos","item":"https:\/\/embreis.com\/dk\/produktkategori\/ortos\/"},{"@type":"ListItem","position":4,"name":"Kn\u00e4","item":"https:\/\/embreis.com\/dk\/produktkategori\/ortos\/kna\/"},{"@type":"ListItem","position":5,"name":"Patellaortos","item":"https:\/\/embreis.com\/dk\/produktkategori\/ortos\/kna\/patellaortos\/"},{"@type":"ListItem","position":6,"name":"eLux Patella"}]},{"@type":"WebSite","@id":"https:\/\/embreis.com\/dk\/#website","url":"https:\/\/embreis.com\/dk\/","name":"Embreis DK","description":"Ortoser, proteser och material","potentialAction":[{"@type":"SearchAction","target":{"@type":"EntryPoint","urlTemplate":"https:\/\/embreis.com\/dk\/?s={search_term_string}"},"query-input":{"@type":"PropertyValueSpecification","valueRequired":true,"valueName":"search_term_string"}}],"inLanguage":"sv-SE"}]}},"_links":{"self":[{"href":"https:\/\/embreis.com\/dk\/wp-json\/wp\/v2\/product\/2006","targetHints":{"allow":["GET"]}}],"collection":[{"href":"https:\/\/embreis.com\/dk\/wp-json\/wp\/v2\/product"}],"about":[{"href":"https:\/\/embreis.com\/dk\/wp-json\/wp\/v2\/types\/product"}],"wp:featuredmedia":[{"embeddable":true,"href":"https:\/\/embreis.com\/dk\/wp-json\/wp\/v2\/media\/11686"}],"wp:attachment":[{"href":"https:\/\/embreis.com\/dk\/wp-json\/wp\/v2\/media?parent=2006"}],"wp:term":[{"taxonomy":"product_brand","embeddable":true,"href":"https:\/\/embreis.com\/dk\/wp-json\/wp\/v2\/product_brand?post=2006"},{"taxonomy":"product_cat","embeddable":true,"href":"https:\/\/embreis.com\/dk\/wp-json\/wp\/v2\/product_cat?post=2006"},{"taxonomy":"product_tag","embeddable":true,"href":"https:\/\/embreis.com\/dk\/wp-json\/wp\/v2\/product_tag?post=2006"}],"curies":[{"name":"wp","href":"https:\/\/api.w.org\/{rel}","templated":true}]}}

<p>eLux Patella är en stabiliserande ortos för knäskålen. Den används som stöd vid patellaluxation, patellofemorala smärtor samt postoperativ stabilisering av knäskålen. Den laterala/distala pelotten med så kallad ”J-form” ger tillsammans med dragbanden stöd och korrigering av knäskålen. Ortosen dras över knät, sitter bra på plats och är smidig att använda. Materialet är en kombination av neoprene och lycra för optimal följsamhet, kompression och komfor</p>

<ul>
<li>Stabilisering av patella</li>
<li>Lateral pelott</li>
<li>Laterala dragband</li>
<li>Bilaterala spiralfjädrar</li>
</ul>

<!-- This site is optimized with the Yoast SEO Premium plugin v27.3 (Yoast SEO v27.3) - https://yoast.com/product/yoast-seo-premium-wordpress/ -->
<title>eLux Patella - Embreis DK</title>
<meta name="robots" content="index, follow, max-snippet:-1, max-image-preview:large, max-video-preview:-1" />
<link rel="canonical" href="https://embreis.com/dk/produkt/elux-patella/" />
<meta property="og:locale" content="sv_SE" />
<meta property="og:type" content="article" />
<meta property="og:title" content="eLux Patella" />
<meta property="og:description" content="Stabilisering av patella  Lateral pelott  Laterala dragband  Bilaterala spiralfjädrar" />
<meta property="og:url" content="https://embreis.com/dk/produkt/elux-patella/" />
<meta property="og:site_name" content="Embreis DK" />
<meta property="article:modified_time" content="2021-02-21T11:01:03+00:00" />
<meta property="og:image" content="https://embreis.com/dk/wp-content/uploads/sites/8/2020/12/embreis.elux_.patella.wa_.1.jpg" />
	<meta property="og:image:width" content="1000" />
	<meta property="og:image:height" content="1000" />
	<meta property="og:image:type" content="image/jpeg" />
<meta name="twitter:card" content="summary_large_image" />
<script type="application/ld+json" class="yoast-schema-graph">{"@context":"https:\/\/schema.org","@graph":[{"@type":"WebPage","@id":"https:\/\/embreis.com\/dk\/produkt\/elux-patella\/","url":"https:\/\/embreis.com\/dk\/produkt\/elux-patella\/","name":"eLux Patella - Embreis DK","isPartOf":{"@id":"https:\/\/embreis.com\/dk\/#website"},"primaryImageOfPage":{"@id":"https:\/\/embreis.com\/dk\/produkt\/elux-patella\/#primaryimage"},"image":{"@id":"https:\/\/embreis.com\/dk\/produkt\/elux-patella\/#primaryimage"},"thumbnailUrl":"https:\/\/embreis.com\/dk\/wp-content\/uploads\/sites\/8\/2020\/12\/embreis.elux_.patella.wa_.1.jpg","datePublished":"2020-02-14T13:55:23+00:00","dateModified":"2021-02-21T11:01:03+00:00","breadcrumb":{"@id":"https:\/\/embreis.com\/dk\/produkt\/elux-patella\/#breadcrumb"},"inLanguage":"sv-SE","potentialAction":[{"@type":"ReadAction","target":["https:\/\/embreis.com\/dk\/produkt\/elux-patella\/"]}]},{"@type":"ImageObject","inLanguage":"sv-SE","@id":"https:\/\/embreis.com\/dk\/produkt\/elux-patella\/#primaryimage","url":"https:\/\/embreis.com\/dk\/wp-content\/uploads\/sites\/8\/2020\/12\/embreis.elux_.patella.wa_.1.jpg","contentUrl":"https:\/\/embreis.com\/dk\/wp-content\/uploads\/sites\/8\/2020\/12\/embreis.elux_.patella.wa_.1.jpg","width":1000,"height":1000},{"@type":"BreadcrumbList","@id":"https:\/\/embreis.com\/dk\/produkt\/elux-patella\/#breadcrumb","itemListElement":[{"@type":"ListItem","position":1,"name":"Hem","item":"https:\/\/embreis.com\/dk\/"},{"@type":"ListItem","position":2,"name":"Sortiment","item":"https:\/\/embreis.com\/dk\/sortiment\/"},{"@type":"ListItem","position":3,"name":"Ortos","item":"https:\/\/embreis.com\/dk\/produktkategori\/ortos\/"},{"@type":"ListItem","position":4,"name":"Knä","item":"https:\/\/embreis.com\/dk\/produktkategori\/ortos\/kna\/"},{"@type":"ListItem","position":5,"name":"Patellaortos","item":"https:\/\/embreis.com\/dk\/produktkategori\/ortos\/kna\/patellaortos\/"},{"@type":"ListItem","position":6,"name":"eLux Patella"}]},{"@type":"WebSite","@id":"https:\/\/embreis.com\/dk\/#website","url":"https:\/\/embreis.com\/dk\/","name":"Embreis DK","description":"Ortoser, proteser och material","potentialAction":[{"@type":"SearchAction","target":{"@type":"EntryPoint","urlTemplate":"https:\/\/embreis.com\/dk\/?s={search_term_string}"},"query-input":{"@type":"PropertyValueSpecification","valueRequired":true,"valueName":"search_term_string"}}],"inLanguage":"sv-SE"}]}</script>
<!-- / Yoast SEO Premium plugin. -->

Stabilisering av patella  Lateral pelott  Laterala dragband  Bilaterala spiralfjädrar

Knä
