{"id":13457,"date":"2026-09-01T17:18:34","date_gmt":"2026-09-01T15:18:34","guid":{"rendered":"https:\/\/embreis.com\/dk\/?post_type=product&#038;p=13457"},"modified":"2026-09-02T16:21:47","modified_gmt":"2026-09-02T14:21:47","slug":"adm-afo-storleksmallar","status":"publish","type":"product","link":"https:\/\/embreis.com\/dk\/produkt\/adm-afo-storleksmallar\/","title":{"rendered":"ADM AFO storleksmallar"},"content":{"rendered":"<p><strong>C-Pro ADM Sizing Liners er et praktisk hj\u00e6lpemiddel til hurtigt og pr\u00e6cist at bestemme den rette st\u00f8rrelse p\u00e5 C-Pro ADM AFO.<\/strong><\/p>\n<p>Efter korrektion af PEVA kan barnets fod v\u00e6re lille og sv\u00e6r at st\u00f8rrelsesbestemme alene ved m\u00e5ling. Sizing Liners er udformet med samme facon som ADM AFO liners og g\u00f8r det muligt at pr\u00f8ve forskellige st\u00f8rrelser direkte p\u00e5 barnets fod, inden den rette AFO bestilles.<\/p>\n<p>Hvert st\u00f8rrelsess\u00e6t indeholder venstre- og h\u00f8jreliners, der er m\u00e6rket med den p\u00e5g\u00e6ldende st\u00f8rrelse og holdt sammen i et s\u00e6t. En \u00e5bning ved h\u00e6len g\u00f8r det muligt at kontrollere h\u00e6lens position i lineren.<\/p>\n<p>Sizing Liners f\u00e5s i to st\u00f8rrelsess\u00e6t: Small (0000\u20135) og Large (6\u201312).<\/p>\n","protected":false},"excerpt":{"rendered":"<p>C-Pro ADM Sizing Liners er et praktisk hj\u00e6lpemiddel til hurtigt og pr\u00e6cist at bestemme den rette st\u00f8rrelse p\u00e5 C-Pro ADM [&hellip;]<\/p>\n","protected":false},"featured_media":13446,"template":"","meta":[],"product_brand":[],"product_cat":[217,220,1362],"product_tag":[],"class_list":{"0":"post-13457","1":"product","2":"type-product","3":"status-publish","4":"has-post-thumbnail","6":"product_cat-ortos","7":"product_cat-fot","8":"product_cat-peva-klumpfot","9":"pa_varumarke-c-pro","11":"first","12":"instock","13":"shipping-taxable","14":"product-type-simple"},"acf":[],"yoast_head":"<!-- This site is optimized with the Yoast SEO Premium plugin v27.3 (Yoast SEO v27.3) - https:\/\/yoast.com\/product\/yoast-seo-premium-wordpress\/ -->\n<title>ADM AFO storleksmallar - Embreis DK<\/title>\n<meta name=\"robots\" content=\"index, follow, max-snippet:-1, max-image-preview:large, max-video-preview:-1\" \/>\n<link rel=\"canonical\" href=\"https:\/\/embreis.com\/dk\/produkt\/adm-afo-storleksmallar\/\" \/>\n<meta property=\"og:locale\" content=\"sv_SE\" \/>\n<meta property=\"og:type\" content=\"article\" \/>\n<meta property=\"og:title\" content=\"ADM AFO storleksmallar\" \/>\n<meta property=\"og:description\" content=\"C-Pro ADM Sizing Liners er et praktisk hj\u00e6lpemiddel til hurtigt og pr\u00e6cist at bestemme den rette st\u00f8rrelse p\u00e5 C-Pro ADM [&hellip;]\" \/>\n<meta property=\"og:url\" content=\"https:\/\/embreis.com\/dk\/produkt\/adm-afo-storleksmallar\/\" \/>\n<meta property=\"og:site_name\" content=\"Embreis DK\" \/>\n<meta property=\"article:modified_time\" content=\"2026-09-02T14:21:47+00:00\" \/>\n<meta property=\"og:image\" content=\"https:\/\/embreis.com\/dk\/wp-content\/uploads\/sites\/8\/2026\/09\/Storleksmall_1.png\" \/>\n\t<meta property=\"og:image:width\" content=\"800\" \/>\n\t<meta property=\"og:image:height\" content=\"800\" \/>\n\t<meta property=\"og:image:type\" content=\"image\/png\" \/>\n<meta name=\"twitter:card\" content=\"summary_large_image\" \/>\n<meta name=\"twitter:label1\" content=\"Ber\u00e4knad l\u00e4stid\" \/>\n\t<meta name=\"twitter:data1\" content=\"1 minut\" \/>\n<script type=\"application\/ld+json\" class=\"yoast-schema-graph\">{\"@context\":\"https:\\\/\\\/schema.org\",\"@graph\":[{\"@type\":\"WebPage\",\"@id\":\"https:\\\/\\\/embreis.com\\\/dk\\\/produkt\\\/adm-afo-storleksmallar\\\/\",\"url\":\"https:\\\/\\\/embreis.com\\\/dk\\\/produkt\\\/adm-afo-storleksmallar\\\/\",\"name\":\"ADM AFO storleksmallar - Embreis DK\",\"isPartOf\":{\"@id\":\"https:\\\/\\\/embreis.com\\\/dk\\\/#website\"},\"primaryImageOfPage\":{\"@id\":\"https:\\\/\\\/embreis.com\\\/dk\\\/produkt\\\/adm-afo-storleksmallar\\\/#primaryimage\"},\"image\":{\"@id\":\"https:\\\/\\\/embreis.com\\\/dk\\\/produkt\\\/adm-afo-storleksmallar\\\/#primaryimage\"},\"thumbnailUrl\":\"https:\\\/\\\/embreis.com\\\/dk\\\/wp-content\\\/uploads\\\/sites\\\/8\\\/2026\\\/09\\\/Storleksmall_1.png\",\"datePublished\":\"2026-09-01T15:18:34+00:00\",\"dateModified\":\"2026-09-02T14:21:47+00:00\",\"breadcrumb\":{\"@id\":\"https:\\\/\\\/embreis.com\\\/dk\\\/produkt\\\/adm-afo-storleksmallar\\\/#breadcrumb\"},\"inLanguage\":\"sv-SE\",\"potentialAction\":[{\"@type\":\"ReadAction\",\"target\":[\"https:\\\/\\\/embreis.com\\\/dk\\\/produkt\\\/adm-afo-storleksmallar\\\/\"]}]},{\"@type\":\"ImageObject\",\"inLanguage\":\"sv-SE\",\"@id\":\"https:\\\/\\\/embreis.com\\\/dk\\\/produkt\\\/adm-afo-storleksmallar\\\/#primaryimage\",\"url\":\"https:\\\/\\\/embreis.com\\\/dk\\\/wp-content\\\/uploads\\\/sites\\\/8\\\/2026\\\/09\\\/Storleksmall_1.png\",\"contentUrl\":\"https:\\\/\\\/embreis.com\\\/dk\\\/wp-content\\\/uploads\\\/sites\\\/8\\\/2026\\\/09\\\/Storleksmall_1.png\",\"width\":800,\"height\":800},{\"@type\":\"BreadcrumbList\",\"@id\":\"https:\\\/\\\/embreis.com\\\/dk\\\/produkt\\\/adm-afo-storleksmallar\\\/#breadcrumb\",\"itemListElement\":[{\"@type\":\"ListItem\",\"position\":1,\"name\":\"Hem\",\"item\":\"https:\\\/\\\/embreis.com\\\/dk\\\/\"},{\"@type\":\"ListItem\",\"position\":2,\"name\":\"Sortiment\",\"item\":\"https:\\\/\\\/embreis.com\\\/dk\\\/sortiment\\\/\"},{\"@type\":\"ListItem\",\"position\":3,\"name\":\"Ortos\",\"item\":\"https:\\\/\\\/embreis.com\\\/dk\\\/produktkategori\\\/ortos\\\/\"},{\"@type\":\"ListItem\",\"position\":4,\"name\":\"Fot\",\"item\":\"https:\\\/\\\/embreis.com\\\/dk\\\/produktkategori\\\/ortos\\\/fot\\\/\"},{\"@type\":\"ListItem\",\"position\":5,\"name\":\"PEVA - Klumpfot\",\"item\":\"https:\\\/\\\/embreis.com\\\/dk\\\/produktkategori\\\/ortos\\\/fot\\\/peva-klumpfot\\\/\"},{\"@type\":\"ListItem\",\"position\":6,\"name\":\"ADM AFO storleksmallar\"}]},{\"@type\":\"WebSite\",\"@id\":\"https:\\\/\\\/embreis.com\\\/dk\\\/#website\",\"url\":\"https:\\\/\\\/embreis.com\\\/dk\\\/\",\"name\":\"Embreis DK\",\"description\":\"Ortoser, proteser och material\",\"potentialAction\":[{\"@type\":\"SearchAction\",\"target\":{\"@type\":\"EntryPoint\",\"urlTemplate\":\"https:\\\/\\\/embreis.com\\\/dk\\\/?s={search_term_string}\"},\"query-input\":{\"@type\":\"PropertyValueSpecification\",\"valueRequired\":true,\"valueName\":\"search_term_string\"}}],\"inLanguage\":\"sv-SE\"}]}<\/script>\n<!-- \/ Yoast SEO Premium plugin. -->","yoast_head_json":{"title":"ADM AFO storleksmallar - Embreis DK","robots":{"index":"index","follow":"follow","max-snippet":"max-snippet:-1","max-image-preview":"max-image-preview:large","max-video-preview":"max-video-preview:-1"},"canonical":"https:\/\/embreis.com\/dk\/produkt\/adm-afo-storleksmallar\/","og_locale":"sv_SE","og_type":"article","og_title":"ADM AFO storleksmallar","og_description":"C-Pro ADM Sizing Liners er et praktisk hj\u00e6lpemiddel til hurtigt og pr\u00e6cist at bestemme den rette st\u00f8rrelse p\u00e5 C-Pro ADM [&hellip;]","og_url":"https:\/\/embreis.com\/dk\/produkt\/adm-afo-storleksmallar\/","og_site_name":"Embreis DK","article_modified_time":"2026-09-02T14:21:47+00:00","og_image":[{"width":800,"height":800,"url":"https:\/\/embreis.com\/dk\/wp-content\/uploads\/sites\/8\/2026\/09\/Storleksmall_1.png","type":"image\/png"}],"twitter_card":"summary_large_image","twitter_misc":{"Ber\u00e4knad l\u00e4stid":"1 minut"},"schema":{"@context":"https:\/\/schema.org","@graph":[{"@type":"WebPage","@id":"https:\/\/embreis.com\/dk\/produkt\/adm-afo-storleksmallar\/","url":"https:\/\/embreis.com\/dk\/produkt\/adm-afo-storleksmallar\/","name":"ADM AFO storleksmallar - Embreis DK","isPartOf":{"@id":"https:\/\/embreis.com\/dk\/#website"},"primaryImageOfPage":{"@id":"https:\/\/embreis.com\/dk\/produkt\/adm-afo-storleksmallar\/#primaryimage"},"image":{"@id":"https:\/\/embreis.com\/dk\/produkt\/adm-afo-storleksmallar\/#primaryimage"},"thumbnailUrl":"https:\/\/embreis.com\/dk\/wp-content\/uploads\/sites\/8\/2026\/09\/Storleksmall_1.png","datePublished":"2026-09-01T15:18:34+00:00","dateModified":"2026-09-02T14:21:47+00:00","breadcrumb":{"@id":"https:\/\/embreis.com\/dk\/produkt\/adm-afo-storleksmallar\/#breadcrumb"},"inLanguage":"sv-SE","potentialAction":[{"@type":"ReadAction","target":["https:\/\/embreis.com\/dk\/produkt\/adm-afo-storleksmallar\/"]}]},{"@type":"ImageObject","inLanguage":"sv-SE","@id":"https:\/\/embreis.com\/dk\/produkt\/adm-afo-storleksmallar\/#primaryimage","url":"https:\/\/embreis.com\/dk\/wp-content\/uploads\/sites\/8\/2026\/09\/Storleksmall_1.png","contentUrl":"https:\/\/embreis.com\/dk\/wp-content\/uploads\/sites\/8\/2026\/09\/Storleksmall_1.png","width":800,"height":800},{"@type":"BreadcrumbList","@id":"https:\/\/embreis.com\/dk\/produkt\/adm-afo-storleksmallar\/#breadcrumb","itemListElement":[{"@type":"ListItem","position":1,"name":"Hem","item":"https:\/\/embreis.com\/dk\/"},{"@type":"ListItem","position":2,"name":"Sortiment","item":"https:\/\/embreis.com\/dk\/sortiment\/"},{"@type":"ListItem","position":3,"name":"Ortos","item":"https:\/\/embreis.com\/dk\/produktkategori\/ortos\/"},{"@type":"ListItem","position":4,"name":"Fot","item":"https:\/\/embreis.com\/dk\/produktkategori\/ortos\/fot\/"},{"@type":"ListItem","position":5,"name":"PEVA - Klumpfot","item":"https:\/\/embreis.com\/dk\/produktkategori\/ortos\/fot\/peva-klumpfot\/"},{"@type":"ListItem","position":6,"name":"ADM AFO storleksmallar"}]},{"@type":"WebSite","@id":"https:\/\/embreis.com\/dk\/#website","url":"https:\/\/embreis.com\/dk\/","name":"Embreis DK","description":"Ortoser, proteser och material","potentialAction":[{"@type":"SearchAction","target":{"@type":"EntryPoint","urlTemplate":"https:\/\/embreis.com\/dk\/?s={search_term_string}"},"query-input":{"@type":"PropertyValueSpecification","valueRequired":true,"valueName":"search_term_string"}}],"inLanguage":"sv-SE"}]}},"_links":{"self":[{"href":"https:\/\/embreis.com\/dk\/wp-json\/wp\/v2\/product\/13457","targetHints":{"allow":["GET"]}}],"collection":[{"href":"https:\/\/embreis.com\/dk\/wp-json\/wp\/v2\/product"}],"about":[{"href":"https:\/\/embreis.com\/dk\/wp-json\/wp\/v2\/types\/product"}],"wp:featuredmedia":[{"embeddable":true,"href":"https:\/\/embreis.com\/dk\/wp-json\/wp\/v2\/media\/13446"}],"wp:attachment":[{"href":"https:\/\/embreis.com\/dk\/wp-json\/wp\/v2\/media?parent=13457"}],"wp:term":[{"taxonomy":"product_brand","embeddable":true,"href":"https:\/\/embreis.com\/dk\/wp-json\/wp\/v2\/product_brand?post=13457"},{"taxonomy":"product_cat","embeddable":true,"href":"https:\/\/embreis.com\/dk\/wp-json\/wp\/v2\/product_cat?post=13457"},{"taxonomy":"product_tag","embeddable":true,"href":"https:\/\/embreis.com\/dk\/wp-json\/wp\/v2\/product_tag?post=13457"}],"curies":[{"name":"wp","href":"https:\/\/api.w.org\/{rel}","templated":true}]}}

<p><strong>C-Pro ADM Sizing Liners er et praktisk hjælpemiddel til hurtigt og præcist at bestemme den rette størrelse på C-Pro ADM AFO.</strong></p>
<p>Efter korrektion af PEVA kan barnets fod være lille og svær at størrelsesbestemme alene ved måling. Sizing Liners er udformet med samme facon som ADM AFO liners og gør det muligt at prøve forskellige størrelser direkte på barnets fod, inden den rette AFO bestilles.</p>
<p>Hvert størrelsessæt indeholder venstre- og højreliners, der er mærket med den pågældende størrelse og holdt sammen i et sæt. En åbning ved hælen gør det muligt at kontrollere hælens position i lineren.</p>
<p>Sizing Liners fås i to størrelsessæt: Small (0000–5) og Large (6–12).</p>

<p>C-Pro ADM Sizing Liners er et praktisk hjælpemiddel til hurtigt og præcist at bestemme den rette størrelse på C-Pro ADM [&hellip;]</p>

<!-- This site is optimized with the Yoast SEO Premium plugin v27.3 (Yoast SEO v27.3) - https://yoast.com/product/yoast-seo-premium-wordpress/ -->
<title>ADM AFO storleksmallar - Embreis DK</title>
<meta name="robots" content="index, follow, max-snippet:-1, max-image-preview:large, max-video-preview:-1" />
<link rel="canonical" href="https://embreis.com/dk/produkt/adm-afo-storleksmallar/" />
<meta property="og:locale" content="sv_SE" />
<meta property="og:type" content="article" />
<meta property="og:title" content="ADM AFO storleksmallar" />
<meta property="og:description" content="C-Pro ADM Sizing Liners er et praktisk hjælpemiddel til hurtigt og præcist at bestemme den rette størrelse på C-Pro ADM [&hellip;]" />
<meta property="og:url" content="https://embreis.com/dk/produkt/adm-afo-storleksmallar/" />
<meta property="og:site_name" content="Embreis DK" />
<meta property="article:modified_time" content="2026-09-02T14:21:47+00:00" />
<meta property="og:image" content="https://embreis.com/dk/wp-content/uploads/sites/8/2026/09/Storleksmall_1.png" />
	<meta property="og:image:width" content="800" />
	<meta property="og:image:height" content="800" />
	<meta property="og:image:type" content="image/png" />
<meta name="twitter:card" content="summary_large_image" />
<meta name="twitter:label1" content="Beräknad lästid" />
	<meta name="twitter:data1" content="1 minut" />
<script type="application/ld+json" class="yoast-schema-graph">{"@context":"https:\/\/schema.org","@graph":[{"@type":"WebPage","@id":"https:\/\/embreis.com\/dk\/produkt\/adm-afo-storleksmallar\/","url":"https:\/\/embreis.com\/dk\/produkt\/adm-afo-storleksmallar\/","name":"ADM AFO storleksmallar - Embreis DK","isPartOf":{"@id":"https:\/\/embreis.com\/dk\/#website"},"primaryImageOfPage":{"@id":"https:\/\/embreis.com\/dk\/produkt\/adm-afo-storleksmallar\/#primaryimage"},"image":{"@id":"https:\/\/embreis.com\/dk\/produkt\/adm-afo-storleksmallar\/#primaryimage"},"thumbnailUrl":"https:\/\/embreis.com\/dk\/wp-content\/uploads\/sites\/8\/2026\/09\/Storleksmall_1.png","datePublished":"2026-09-01T15:18:34+00:00","dateModified":"2026-09-02T14:21:47+00:00","breadcrumb":{"@id":"https:\/\/embreis.com\/dk\/produkt\/adm-afo-storleksmallar\/#breadcrumb"},"inLanguage":"sv-SE","potentialAction":[{"@type":"ReadAction","target":["https:\/\/embreis.com\/dk\/produkt\/adm-afo-storleksmallar\/"]}]},{"@type":"ImageObject","inLanguage":"sv-SE","@id":"https:\/\/embreis.com\/dk\/produkt\/adm-afo-storleksmallar\/#primaryimage","url":"https:\/\/embreis.com\/dk\/wp-content\/uploads\/sites\/8\/2026\/09\/Storleksmall_1.png","contentUrl":"https:\/\/embreis.com\/dk\/wp-content\/uploads\/sites\/8\/2026\/09\/Storleksmall_1.png","width":800,"height":800},{"@type":"BreadcrumbList","@id":"https:\/\/embreis.com\/dk\/produkt\/adm-afo-storleksmallar\/#breadcrumb","itemListElement":[{"@type":"ListItem","position":1,"name":"Hem","item":"https:\/\/embreis.com\/dk\/"},{"@type":"ListItem","position":2,"name":"Sortiment","item":"https:\/\/embreis.com\/dk\/sortiment\/"},{"@type":"ListItem","position":3,"name":"Ortos","item":"https:\/\/embreis.com\/dk\/produktkategori\/ortos\/"},{"@type":"ListItem","position":4,"name":"Fot","item":"https:\/\/embreis.com\/dk\/produktkategori\/ortos\/fot\/"},{"@type":"ListItem","position":5,"name":"PEVA - Klumpfot","item":"https:\/\/embreis.com\/dk\/produktkategori\/ortos\/fot\/peva-klumpfot\/"},{"@type":"ListItem","position":6,"name":"ADM AFO storleksmallar"}]},{"@type":"WebSite","@id":"https:\/\/embreis.com\/dk\/#website","url":"https:\/\/embreis.com\/dk\/","name":"Embreis DK","description":"Ortoser, proteser och material","potentialAction":[{"@type":"SearchAction","target":{"@type":"EntryPoint","urlTemplate":"https:\/\/embreis.com\/dk\/?s={search_term_string}"},"query-input":{"@type":"PropertyValueSpecification","valueRequired":true,"valueName":"search_term_string"}}],"inLanguage":"sv-SE"}]}</script>
<!-- / Yoast SEO Premium plugin. -->

C-Pro ADM Sizing Liners er et praktisk hjælpemiddel til hurtigt og præcist at bestemme den rette størrelse på C-Pro ADM [&hellip;]
