{"id":13431,"date":"2026-09-01T16:53:48","date_gmt":"2026-09-01T14:53:48","guid":{"rendered":"https:\/\/embreis.com\/dk\/?post_type=product&#038;p=13431"},"modified":"2026-09-02T16:20:05","modified_gmt":"2026-09-02T14:20:05","slug":"c-pro-adm-afo-sandal","status":"publish","type":"product","link":"https:\/\/embreis.com\/dk\/produkt\/c-pro-adm-afo-sandal\/","title":{"rendered":"C-Pro ADM AFO-sandal"},"content":{"rendered":"<p><strong>ADM AFO (ankel-fod-ortose) er en sandal, der bevarer korrektionen af PEVA om natten og mindsker risikoen for tilbagefald. Sandalen bruges i kombination med en ADM-skinne.<\/strong><\/p>\n<p>ADM AFO-sandalen er designet med fokus p\u00e5 b\u00e5de funktion og komfort, to vigtige faktorer for et vellykket behandlingsresultat. Ortosen er anatomisk udformet til henholdsvis h\u00f8jre og venstre fod og har en meget lav v\u00e6gt, hvilket bidrager til en behagelig og sikker pasform. Dens unikke design hj\u00e6lper med at optimere storet\u00e5ens position, modvirke h\u00f8j fodbue og underst\u00f8tte udviklingen af en mere normal fodform.<\/p>\n<p>Indersiden og mellems\u00e5len er fremstillet af formbar EVA, som forbedrer pasformen og bidrager til at mindske risikoen for hudirritation og tryks\u00e5r. Bl\u00f8de neoprenpolstrede remme med lycrafor g\u00f8r ortosen let at tage p\u00e5 og justere, samtidig med at de bidrager til h\u00f8j komfort ved l\u00e6ngere brug.<\/p>\n","protected":false},"excerpt":{"rendered":"<p>ADM AFO (ankel-fod-ortose) er en sandal, der bevarer korrektionen af PEVA om natten og mindsker risikoen for tilbagefald. Sandalen bruges [&hellip;]<\/p>\n","protected":false},"featured_media":13428,"template":"","meta":[],"product_brand":[],"product_cat":[1380,217,220,1362],"product_tag":[],"class_list":{"0":"post-13431","1":"product","2":"type-product","3":"status-publish","4":"has-post-thumbnail","6":"product_cat-nyheter","7":"product_cat-ortos","8":"product_cat-fot","9":"product_cat-peva-klumpfot","10":"pa_varumarke-c-pro","12":"first","13":"instock","14":"shipping-taxable","15":"product-type-simple"},"acf":[],"yoast_head":"<!-- This site is optimized with the Yoast SEO Premium plugin v27.3 (Yoast SEO v27.3) - https:\/\/yoast.com\/product\/yoast-seo-premium-wordpress\/ -->\n<title>C-Pro ADM AFO-sandal - Embreis DK<\/title>\n<meta name=\"robots\" content=\"index, follow, max-snippet:-1, max-image-preview:large, max-video-preview:-1\" \/>\n<link rel=\"canonical\" href=\"https:\/\/embreis.com\/dk\/produkt\/c-pro-adm-afo-sandal\/\" \/>\n<meta property=\"og:locale\" content=\"sv_SE\" \/>\n<meta property=\"og:type\" content=\"article\" \/>\n<meta property=\"og:title\" content=\"C-Pro ADM AFO-sandal\" \/>\n<meta property=\"og:description\" content=\"ADM AFO (ankel-fod-ortose) er en sandal, der bevarer korrektionen af PEVA om natten og mindsker risikoen for tilbagefald. Sandalen bruges [&hellip;]\" \/>\n<meta property=\"og:url\" content=\"https:\/\/embreis.com\/dk\/produkt\/c-pro-adm-afo-sandal\/\" \/>\n<meta property=\"og:site_name\" content=\"Embreis DK\" \/>\n<meta property=\"article:modified_time\" content=\"2026-09-02T14:20:05+00:00\" \/>\n<meta property=\"og:image\" content=\"https:\/\/embreis.com\/dk\/wp-content\/uploads\/sites\/8\/2026\/09\/C-Pro_ADM_AFO-sandal_natt_1.png\" \/>\n\t<meta property=\"og:image:width\" content=\"800\" \/>\n\t<meta property=\"og:image:height\" content=\"800\" \/>\n\t<meta property=\"og:image:type\" content=\"image\/png\" \/>\n<meta name=\"twitter:card\" content=\"summary_large_image\" \/>\n<meta name=\"twitter:label1\" content=\"Ber\u00e4knad l\u00e4stid\" \/>\n\t<meta name=\"twitter:data1\" content=\"1 minut\" \/>\n<script type=\"application\/ld+json\" class=\"yoast-schema-graph\">{\"@context\":\"https:\\\/\\\/schema.org\",\"@graph\":[{\"@type\":\"WebPage\",\"@id\":\"https:\\\/\\\/embreis.com\\\/dk\\\/produkt\\\/c-pro-adm-afo-sandal\\\/\",\"url\":\"https:\\\/\\\/embreis.com\\\/dk\\\/produkt\\\/c-pro-adm-afo-sandal\\\/\",\"name\":\"C-Pro ADM AFO-sandal - Embreis DK\",\"isPartOf\":{\"@id\":\"https:\\\/\\\/embreis.com\\\/dk\\\/#website\"},\"primaryImageOfPage\":{\"@id\":\"https:\\\/\\\/embreis.com\\\/dk\\\/produkt\\\/c-pro-adm-afo-sandal\\\/#primaryimage\"},\"image\":{\"@id\":\"https:\\\/\\\/embreis.com\\\/dk\\\/produkt\\\/c-pro-adm-afo-sandal\\\/#primaryimage\"},\"thumbnailUrl\":\"https:\\\/\\\/embreis.com\\\/dk\\\/wp-content\\\/uploads\\\/sites\\\/8\\\/2026\\\/09\\\/C-Pro_ADM_AFO-sandal_natt_1.png\",\"datePublished\":\"2026-09-01T14:53:48+00:00\",\"dateModified\":\"2026-09-02T14:20:05+00:00\",\"breadcrumb\":{\"@id\":\"https:\\\/\\\/embreis.com\\\/dk\\\/produkt\\\/c-pro-adm-afo-sandal\\\/#breadcrumb\"},\"inLanguage\":\"sv-SE\",\"potentialAction\":[{\"@type\":\"ReadAction\",\"target\":[\"https:\\\/\\\/embreis.com\\\/dk\\\/produkt\\\/c-pro-adm-afo-sandal\\\/\"]}]},{\"@type\":\"ImageObject\",\"inLanguage\":\"sv-SE\",\"@id\":\"https:\\\/\\\/embreis.com\\\/dk\\\/produkt\\\/c-pro-adm-afo-sandal\\\/#primaryimage\",\"url\":\"https:\\\/\\\/embreis.com\\\/dk\\\/wp-content\\\/uploads\\\/sites\\\/8\\\/2026\\\/09\\\/C-Pro_ADM_AFO-sandal_natt_1.png\",\"contentUrl\":\"https:\\\/\\\/embreis.com\\\/dk\\\/wp-content\\\/uploads\\\/sites\\\/8\\\/2026\\\/09\\\/C-Pro_ADM_AFO-sandal_natt_1.png\",\"width\":800,\"height\":800},{\"@type\":\"BreadcrumbList\",\"@id\":\"https:\\\/\\\/embreis.com\\\/dk\\\/produkt\\\/c-pro-adm-afo-sandal\\\/#breadcrumb\",\"itemListElement\":[{\"@type\":\"ListItem\",\"position\":1,\"name\":\"Hem\",\"item\":\"https:\\\/\\\/embreis.com\\\/dk\\\/\"},{\"@type\":\"ListItem\",\"position\":2,\"name\":\"Sortiment\",\"item\":\"https:\\\/\\\/embreis.com\\\/dk\\\/sortiment\\\/\"},{\"@type\":\"ListItem\",\"position\":3,\"name\":\"Ortos\",\"item\":\"https:\\\/\\\/embreis.com\\\/dk\\\/produktkategori\\\/ortos\\\/\"},{\"@type\":\"ListItem\",\"position\":4,\"name\":\"Fot\",\"item\":\"https:\\\/\\\/embreis.com\\\/dk\\\/produktkategori\\\/ortos\\\/fot\\\/\"},{\"@type\":\"ListItem\",\"position\":5,\"name\":\"PEVA - Klumpfot\",\"item\":\"https:\\\/\\\/embreis.com\\\/dk\\\/produktkategori\\\/ortos\\\/fot\\\/peva-klumpfot\\\/\"},{\"@type\":\"ListItem\",\"position\":6,\"name\":\"C-Pro ADM AFO-sandal\"}]},{\"@type\":\"WebSite\",\"@id\":\"https:\\\/\\\/embreis.com\\\/dk\\\/#website\",\"url\":\"https:\\\/\\\/embreis.com\\\/dk\\\/\",\"name\":\"Embreis DK\",\"description\":\"Ortoser, proteser och material\",\"potentialAction\":[{\"@type\":\"SearchAction\",\"target\":{\"@type\":\"EntryPoint\",\"urlTemplate\":\"https:\\\/\\\/embreis.com\\\/dk\\\/?s={search_term_string}\"},\"query-input\":{\"@type\":\"PropertyValueSpecification\",\"valueRequired\":true,\"valueName\":\"search_term_string\"}}],\"inLanguage\":\"sv-SE\"}]}<\/script>\n<!-- \/ Yoast SEO Premium plugin. -->","yoast_head_json":{"title":"C-Pro ADM AFO-sandal - Embreis DK","robots":{"index":"index","follow":"follow","max-snippet":"max-snippet:-1","max-image-preview":"max-image-preview:large","max-video-preview":"max-video-preview:-1"},"canonical":"https:\/\/embreis.com\/dk\/produkt\/c-pro-adm-afo-sandal\/","og_locale":"sv_SE","og_type":"article","og_title":"C-Pro ADM AFO-sandal","og_description":"ADM AFO (ankel-fod-ortose) er en sandal, der bevarer korrektionen af PEVA om natten og mindsker risikoen for tilbagefald. Sandalen bruges [&hellip;]","og_url":"https:\/\/embreis.com\/dk\/produkt\/c-pro-adm-afo-sandal\/","og_site_name":"Embreis DK","article_modified_time":"2026-09-02T14:20:05+00:00","og_image":[{"width":800,"height":800,"url":"https:\/\/embreis.com\/dk\/wp-content\/uploads\/sites\/8\/2026\/09\/C-Pro_ADM_AFO-sandal_natt_1.png","type":"image\/png"}],"twitter_card":"summary_large_image","twitter_misc":{"Ber\u00e4knad l\u00e4stid":"1 minut"},"schema":{"@context":"https:\/\/schema.org","@graph":[{"@type":"WebPage","@id":"https:\/\/embreis.com\/dk\/produkt\/c-pro-adm-afo-sandal\/","url":"https:\/\/embreis.com\/dk\/produkt\/c-pro-adm-afo-sandal\/","name":"C-Pro ADM AFO-sandal - Embreis DK","isPartOf":{"@id":"https:\/\/embreis.com\/dk\/#website"},"primaryImageOfPage":{"@id":"https:\/\/embreis.com\/dk\/produkt\/c-pro-adm-afo-sandal\/#primaryimage"},"image":{"@id":"https:\/\/embreis.com\/dk\/produkt\/c-pro-adm-afo-sandal\/#primaryimage"},"thumbnailUrl":"https:\/\/embreis.com\/dk\/wp-content\/uploads\/sites\/8\/2026\/09\/C-Pro_ADM_AFO-sandal_natt_1.png","datePublished":"2026-09-01T14:53:48+00:00","dateModified":"2026-09-02T14:20:05+00:00","breadcrumb":{"@id":"https:\/\/embreis.com\/dk\/produkt\/c-pro-adm-afo-sandal\/#breadcrumb"},"inLanguage":"sv-SE","potentialAction":[{"@type":"ReadAction","target":["https:\/\/embreis.com\/dk\/produkt\/c-pro-adm-afo-sandal\/"]}]},{"@type":"ImageObject","inLanguage":"sv-SE","@id":"https:\/\/embreis.com\/dk\/produkt\/c-pro-adm-afo-sandal\/#primaryimage","url":"https:\/\/embreis.com\/dk\/wp-content\/uploads\/sites\/8\/2026\/09\/C-Pro_ADM_AFO-sandal_natt_1.png","contentUrl":"https:\/\/embreis.com\/dk\/wp-content\/uploads\/sites\/8\/2026\/09\/C-Pro_ADM_AFO-sandal_natt_1.png","width":800,"height":800},{"@type":"BreadcrumbList","@id":"https:\/\/embreis.com\/dk\/produkt\/c-pro-adm-afo-sandal\/#breadcrumb","itemListElement":[{"@type":"ListItem","position":1,"name":"Hem","item":"https:\/\/embreis.com\/dk\/"},{"@type":"ListItem","position":2,"name":"Sortiment","item":"https:\/\/embreis.com\/dk\/sortiment\/"},{"@type":"ListItem","position":3,"name":"Ortos","item":"https:\/\/embreis.com\/dk\/produktkategori\/ortos\/"},{"@type":"ListItem","position":4,"name":"Fot","item":"https:\/\/embreis.com\/dk\/produktkategori\/ortos\/fot\/"},{"@type":"ListItem","position":5,"name":"PEVA - Klumpfot","item":"https:\/\/embreis.com\/dk\/produktkategori\/ortos\/fot\/peva-klumpfot\/"},{"@type":"ListItem","position":6,"name":"C-Pro ADM AFO-sandal"}]},{"@type":"WebSite","@id":"https:\/\/embreis.com\/dk\/#website","url":"https:\/\/embreis.com\/dk\/","name":"Embreis DK","description":"Ortoser, proteser och material","potentialAction":[{"@type":"SearchAction","target":{"@type":"EntryPoint","urlTemplate":"https:\/\/embreis.com\/dk\/?s={search_term_string}"},"query-input":{"@type":"PropertyValueSpecification","valueRequired":true,"valueName":"search_term_string"}}],"inLanguage":"sv-SE"}]}},"_links":{"self":[{"href":"https:\/\/embreis.com\/dk\/wp-json\/wp\/v2\/product\/13431","targetHints":{"allow":["GET"]}}],"collection":[{"href":"https:\/\/embreis.com\/dk\/wp-json\/wp\/v2\/product"}],"about":[{"href":"https:\/\/embreis.com\/dk\/wp-json\/wp\/v2\/types\/product"}],"wp:featuredmedia":[{"embeddable":true,"href":"https:\/\/embreis.com\/dk\/wp-json\/wp\/v2\/media\/13428"}],"wp:attachment":[{"href":"https:\/\/embreis.com\/dk\/wp-json\/wp\/v2\/media?parent=13431"}],"wp:term":[{"taxonomy":"product_brand","embeddable":true,"href":"https:\/\/embreis.com\/dk\/wp-json\/wp\/v2\/product_brand?post=13431"},{"taxonomy":"product_cat","embeddable":true,"href":"https:\/\/embreis.com\/dk\/wp-json\/wp\/v2\/product_cat?post=13431"},{"taxonomy":"product_tag","embeddable":true,"href":"https:\/\/embreis.com\/dk\/wp-json\/wp\/v2\/product_tag?post=13431"}],"curies":[{"name":"wp","href":"https:\/\/api.w.org\/{rel}","templated":true}]}}

<p><strong>ADM AFO (ankel-fod-ortose) er en sandal, der bevarer korrektionen af PEVA om natten og mindsker risikoen for tilbagefald. Sandalen bruges i kombination med en ADM-skinne.</strong></p>
<p>ADM AFO-sandalen er designet med fokus på både funktion og komfort, to vigtige faktorer for et vellykket behandlingsresultat. Ortosen er anatomisk udformet til henholdsvis højre og venstre fod og har en meget lav vægt, hvilket bidrager til en behagelig og sikker pasform. Dens unikke design hjælper med at optimere storetåens position, modvirke høj fodbue og understøtte udviklingen af en mere normal fodform.</p>
<p>Indersiden og mellemsålen er fremstillet af formbar EVA, som forbedrer pasformen og bidrager til at mindske risikoen for hudirritation og tryksår. Bløde neoprenpolstrede remme med lycrafor gør ortosen let at tage på og justere, samtidig med at de bidrager til høj komfort ved længere brug.</p>

<!-- This site is optimized with the Yoast SEO Premium plugin v27.3 (Yoast SEO v27.3) - https://yoast.com/product/yoast-seo-premium-wordpress/ -->
<title>C-Pro ADM AFO-sandal - Embreis DK</title>
<meta name="robots" content="index, follow, max-snippet:-1, max-image-preview:large, max-video-preview:-1" />
<link rel="canonical" href="https://embreis.com/dk/produkt/c-pro-adm-afo-sandal/" />
<meta property="og:locale" content="sv_SE" />
<meta property="og:type" content="article" />
<meta property="og:title" content="C-Pro ADM AFO-sandal" />
<meta property="og:description" content="ADM AFO (ankel-fod-ortose) er en sandal, der bevarer korrektionen af PEVA om natten og mindsker risikoen for tilbagefald. Sandalen bruges [&hellip;]" />
<meta property="og:url" content="https://embreis.com/dk/produkt/c-pro-adm-afo-sandal/" />
<meta property="og:site_name" content="Embreis DK" />
<meta property="article:modified_time" content="2026-09-02T14:20:05+00:00" />
<meta property="og:image" content="https://embreis.com/dk/wp-content/uploads/sites/8/2026/09/C-Pro_ADM_AFO-sandal_natt_1.png" />
	<meta property="og:image:width" content="800" />
	<meta property="og:image:height" content="800" />
	<meta property="og:image:type" content="image/png" />
<meta name="twitter:card" content="summary_large_image" />
<meta name="twitter:label1" content="Beräknad lästid" />
	<meta name="twitter:data1" content="1 minut" />
<script type="application/ld+json" class="yoast-schema-graph">{"@context":"https:\/\/schema.org","@graph":[{"@type":"WebPage","@id":"https:\/\/embreis.com\/dk\/produkt\/c-pro-adm-afo-sandal\/","url":"https:\/\/embreis.com\/dk\/produkt\/c-pro-adm-afo-sandal\/","name":"C-Pro ADM AFO-sandal - Embreis DK","isPartOf":{"@id":"https:\/\/embreis.com\/dk\/#website"},"primaryImageOfPage":{"@id":"https:\/\/embreis.com\/dk\/produkt\/c-pro-adm-afo-sandal\/#primaryimage"},"image":{"@id":"https:\/\/embreis.com\/dk\/produkt\/c-pro-adm-afo-sandal\/#primaryimage"},"thumbnailUrl":"https:\/\/embreis.com\/dk\/wp-content\/uploads\/sites\/8\/2026\/09\/C-Pro_ADM_AFO-sandal_natt_1.png","datePublished":"2026-09-01T14:53:48+00:00","dateModified":"2026-09-02T14:20:05+00:00","breadcrumb":{"@id":"https:\/\/embreis.com\/dk\/produkt\/c-pro-adm-afo-sandal\/#breadcrumb"},"inLanguage":"sv-SE","potentialAction":[{"@type":"ReadAction","target":["https:\/\/embreis.com\/dk\/produkt\/c-pro-adm-afo-sandal\/"]}]},{"@type":"ImageObject","inLanguage":"sv-SE","@id":"https:\/\/embreis.com\/dk\/produkt\/c-pro-adm-afo-sandal\/#primaryimage","url":"https:\/\/embreis.com\/dk\/wp-content\/uploads\/sites\/8\/2026\/09\/C-Pro_ADM_AFO-sandal_natt_1.png","contentUrl":"https:\/\/embreis.com\/dk\/wp-content\/uploads\/sites\/8\/2026\/09\/C-Pro_ADM_AFO-sandal_natt_1.png","width":800,"height":800},{"@type":"BreadcrumbList","@id":"https:\/\/embreis.com\/dk\/produkt\/c-pro-adm-afo-sandal\/#breadcrumb","itemListElement":[{"@type":"ListItem","position":1,"name":"Hem","item":"https:\/\/embreis.com\/dk\/"},{"@type":"ListItem","position":2,"name":"Sortiment","item":"https:\/\/embreis.com\/dk\/sortiment\/"},{"@type":"ListItem","position":3,"name":"Ortos","item":"https:\/\/embreis.com\/dk\/produktkategori\/ortos\/"},{"@type":"ListItem","position":4,"name":"Fot","item":"https:\/\/embreis.com\/dk\/produktkategori\/ortos\/fot\/"},{"@type":"ListItem","position":5,"name":"PEVA - Klumpfot","item":"https:\/\/embreis.com\/dk\/produktkategori\/ortos\/fot\/peva-klumpfot\/"},{"@type":"ListItem","position":6,"name":"C-Pro ADM AFO-sandal"}]},{"@type":"WebSite","@id":"https:\/\/embreis.com\/dk\/#website","url":"https:\/\/embreis.com\/dk\/","name":"Embreis DK","description":"Ortoser, proteser och material","potentialAction":[{"@type":"SearchAction","target":{"@type":"EntryPoint","urlTemplate":"https:\/\/embreis.com\/dk\/?s={search_term_string}"},"query-input":{"@type":"PropertyValueSpecification","valueRequired":true,"valueName":"search_term_string"}}],"inLanguage":"sv-SE"}]}</script>
<!-- / Yoast SEO Premium plugin. -->
